{"id":591,"date":"2025-08-19T18:12:31","date_gmt":"2025-08-19T18:12:31","guid":{"rendered":"https:\/\/lera.lt\/ugdymo-filosofijos-ir-politikos-tinklas\/?page_id=591"},"modified":"2025-09-11T14:37:48","modified_gmt":"2025-09-11T14:37:48","slug":"tinklo-veiklos","status":"publish","type":"page","link":"https:\/\/lera.lt\/ugdymo-filosofijos-ir-politikos-tinklas\/tinklo-veiklos\/","title":{"rendered":"Tinklo veiklos"},"content":{"rendered":"\n\n\t\t\t\t\t<a href=\"#\"  id=\"fl-accordion--label-0\" tabindex=\"0\" aria-controls=\"fl-accordion--panel-0\">Tinklo veiklos 2024<\/a>\n\t\t\t\t\t\t\t\t\t\t\t<a href=\"#\" id=\"fl-accordion--icon-0\"  tabindex=\"0\"><i title=\"Collapse\">Collapse<\/i><\/a>\n\t\t\t\t\t1. 2024 m. baland\u017eio m\u0117n. vyko \u0161vietimo politikos seminaras mokini\u0173 emocin\u0117s sveikatos ir patiriamo streso tema.<br \/>\n2. 2024 m. liepos m\u0117n. numatomas prof. Tone Saevi (NLA University College Bergen) vizitas \u012f Vilniaus universitet\u0105.<br \/>\n3. 2024 m. bir\u017eelio m\u0117n. numatomas prof. Lina Markauskait\u0117s (Sidn\u0117jaus universitetas) vizitas. Tikimasi i\u0161girsti jos paskait\u0105 apie kiekybini\u0173 ir kokybini\u0173 prieig\u0173 derm\u0119 \u0161vietimo ateities tyrimuose. Kit\u0173 universitet\u0173 atstovai bus kvie\u010diami.<br \/>\n4. 2024 m. rugs\u0117jo m\u0117n. numatomas Arie Kizel (Haifos universitetas) vizitas. Tikimasi i\u0161girsti jo paskait\u0105 apie tyrim\u0173 bendruomen\u0117s k\u016brimo filosofij\u0105 ir kult\u016br\u0173 sugyvenim\u0105. Kit\u0173 universitet\u0173 atstovai bus kvie\u010diami.\n\t\t\t\t\t<a href=\"#\"  id=\"fl-accordion--label-1\" tabindex=\"0\" aria-controls=\"fl-accordion--panel-1\">Tinklo veiklos 2023<\/a>\n\t\t\t\t\t\t\t\t\t\t\t<a href=\"#\" id=\"fl-accordion--icon-1\"  tabindex=\"0\"><i title=\"Expand\">Expand<\/i><\/a>\n\t\t\t\t\t1. Dalyvavimas jubiliejin\u0117je LETA konferencijoje su prane\u0161imais.<br \/>\n2. Tinklo koncepcijos persvarstymas.<br \/>\n3. Med\u017eiagos patalpinimui parengimas ir patalpinimas vie\u0161ai per\u017ei\u016brai.<br \/>\n4. Diskusijos apie \u0161iandienos aktualijas ugdymo filosofijos ir \u0161vietimo politikos lauke organizavimas.\n\n","protected":false},"excerpt":{"rendered":"<p>Tinklo veiklos 2024 Collapse 1. 2024 m. baland\u017eio m\u0117n. vyko \u0161vietimo politikos seminaras mokini\u0173 emocin\u0117s sveikatos ir patiriamo streso tema. 2. 2024 m. liepos m\u0117n. numatomas prof. Tone Saevi (NLA University College Bergen) vizitas \u012f Vilniaus universitet\u0105. 3. 2024 m. bir\u017eelio m\u0117n. numatomas prof. Lina Markauskait\u0117s (Sidn\u0117jaus universitetas) vizitas. Tikimasi i\u0161girsti jos paskait\u0105 apie kiekybini\u0173&hellip;<\/p>\n","protected":false},"author":1,"featured_media":0,"parent":0,"menu_order":0,"comment_status":"closed","ping_status":"closed","template":"","meta":{"footnotes":""},"class_list":["post-591","page","type-page","status-publish","hentry"],"yoast_head":"<!-- This site is optimized with the Yoast SEO plugin v25.7 - https:\/\/yoast.com\/wordpress\/plugins\/seo\/ -->\n<title>Tinklo veiklos - Ugdymo filosofijos ir politikos tinklas<\/title>\n<meta name=\"robots\" content=\"index, follow, max-snippet:-1, max-image-preview:large, max-video-preview:-1\" \/>\n<link rel=\"canonical\" href=\"https:\/\/lera.lt\/ugdymo-filosofijos-ir-politikos-tinklas\/tinklo-veiklos\/\" \/>\n<meta property=\"og:locale\" content=\"lt_LT\" \/>\n<meta property=\"og:type\" content=\"article\" \/>\n<meta property=\"og:title\" content=\"Tinklo veiklos - Ugdymo filosofijos ir politikos tinklas\" \/>\n<meta property=\"og:description\" content=\"Tinklo veiklos 2024 Collapse 1. 2024 m. baland\u017eio m\u0117n. vyko \u0161vietimo politikos seminaras mokini\u0173 emocin\u0117s sveikatos ir patiriamo streso tema. 2. 2024 m. liepos m\u0117n. numatomas prof. Tone Saevi (NLA University College Bergen) vizitas \u012f Vilniaus universitet\u0105. 3. 2024 m. bir\u017eelio m\u0117n. numatomas prof. Lina Markauskait\u0117s (Sidn\u0117jaus universitetas) vizitas. Tikimasi i\u0161girsti jos paskait\u0105 apie kiekybini\u0173&hellip;\" \/>\n<meta property=\"og:url\" content=\"https:\/\/lera.lt\/ugdymo-filosofijos-ir-politikos-tinklas\/tinklo-veiklos\/\" \/>\n<meta property=\"og:site_name\" content=\"Ugdymo filosofijos ir politikos tinklas\" \/>\n<meta property=\"article:modified_time\" content=\"2025-09-11T14:37:48+00:00\" \/>\n<meta name=\"twitter:card\" content=\"summary_large_image\" \/>\n<script type=\"application\/ld+json\" class=\"yoast-schema-graph\">{\"@context\":\"https:\/\/schema.org\",\"@graph\":[{\"@type\":\"WebPage\",\"@id\":\"https:\/\/lera.lt\/ugdymo-filosofijos-ir-politikos-tinklas\/tinklo-veiklos\/\",\"url\":\"https:\/\/lera.lt\/ugdymo-filosofijos-ir-politikos-tinklas\/tinklo-veiklos\/\",\"name\":\"Tinklo veiklos - Ugdymo filosofijos ir politikos tinklas\",\"isPartOf\":{\"@id\":\"https:\/\/lera.lt\/ugdymo-filosofijos-ir-politikos-tinklas\/#website\"},\"datePublished\":\"2025-08-19T18:12:31+00:00\",\"dateModified\":\"2025-09-11T14:37:48+00:00\",\"breadcrumb\":{\"@id\":\"https:\/\/lera.lt\/ugdymo-filosofijos-ir-politikos-tinklas\/tinklo-veiklos\/#breadcrumb\"},\"inLanguage\":\"lt-LT\",\"potentialAction\":[{\"@type\":\"ReadAction\",\"target\":[\"https:\/\/lera.lt\/ugdymo-filosofijos-ir-politikos-tinklas\/tinklo-veiklos\/\"]}]},{\"@type\":\"BreadcrumbList\",\"@id\":\"https:\/\/lera.lt\/ugdymo-filosofijos-ir-politikos-tinklas\/tinklo-veiklos\/#breadcrumb\",\"itemListElement\":[{\"@type\":\"ListItem\",\"position\":1,\"name\":\"Home\",\"item\":\"https:\/\/lera.lt\/ugdymo-filosofijos-ir-politikos-tinklas\/\"},{\"@type\":\"ListItem\",\"position\":2,\"name\":\"Tinklo veiklos\"}]},{\"@type\":\"WebSite\",\"@id\":\"https:\/\/lera.lt\/ugdymo-filosofijos-ir-politikos-tinklas\/#website\",\"url\":\"https:\/\/lera.lt\/ugdymo-filosofijos-ir-politikos-tinklas\/\",\"name\":\"Ugdymo filosofijos ir politikos tinklas\",\"description\":\"\",\"potentialAction\":[{\"@type\":\"SearchAction\",\"target\":{\"@type\":\"EntryPoint\",\"urlTemplate\":\"https:\/\/lera.lt\/ugdymo-filosofijos-ir-politikos-tinklas\/?s={search_term_string}\"},\"query-input\":{\"@type\":\"PropertyValueSpecification\",\"valueRequired\":true,\"valueName\":\"search_term_string\"}}],\"inLanguage\":\"lt-LT\"}]}<\/script>\n<!-- \/ Yoast SEO plugin. -->","yoast_head_json":{"title":"Tinklo veiklos - Ugdymo filosofijos ir politikos tinklas","robots":{"index":"index","follow":"follow","max-snippet":"max-snippet:-1","max-image-preview":"max-image-preview:large","max-video-preview":"max-video-preview:-1"},"canonical":"https:\/\/lera.lt\/ugdymo-filosofijos-ir-politikos-tinklas\/tinklo-veiklos\/","og_locale":"lt_LT","og_type":"article","og_title":"Tinklo veiklos - Ugdymo filosofijos ir politikos tinklas","og_description":"Tinklo veiklos 2024 Collapse 1. 2024 m. baland\u017eio m\u0117n. vyko \u0161vietimo politikos seminaras mokini\u0173 emocin\u0117s sveikatos ir patiriamo streso tema. 2. 2024 m. liepos m\u0117n. numatomas prof. Tone Saevi (NLA University College Bergen) vizitas \u012f Vilniaus universitet\u0105. 3. 2024 m. bir\u017eelio m\u0117n. numatomas prof. Lina Markauskait\u0117s (Sidn\u0117jaus universitetas) vizitas. Tikimasi i\u0161girsti jos paskait\u0105 apie kiekybini\u0173&hellip;","og_url":"https:\/\/lera.lt\/ugdymo-filosofijos-ir-politikos-tinklas\/tinklo-veiklos\/","og_site_name":"Ugdymo filosofijos ir politikos tinklas","article_modified_time":"2025-09-11T14:37:48+00:00","twitter_card":"summary_large_image","schema":{"@context":"https:\/\/schema.org","@graph":[{"@type":"WebPage","@id":"https:\/\/lera.lt\/ugdymo-filosofijos-ir-politikos-tinklas\/tinklo-veiklos\/","url":"https:\/\/lera.lt\/ugdymo-filosofijos-ir-politikos-tinklas\/tinklo-veiklos\/","name":"Tinklo veiklos - Ugdymo filosofijos ir politikos tinklas","isPartOf":{"@id":"https:\/\/lera.lt\/ugdymo-filosofijos-ir-politikos-tinklas\/#website"},"datePublished":"2025-08-19T18:12:31+00:00","dateModified":"2025-09-11T14:37:48+00:00","breadcrumb":{"@id":"https:\/\/lera.lt\/ugdymo-filosofijos-ir-politikos-tinklas\/tinklo-veiklos\/#breadcrumb"},"inLanguage":"lt-LT","potentialAction":[{"@type":"ReadAction","target":["https:\/\/lera.lt\/ugdymo-filosofijos-ir-politikos-tinklas\/tinklo-veiklos\/"]}]},{"@type":"BreadcrumbList","@id":"https:\/\/lera.lt\/ugdymo-filosofijos-ir-politikos-tinklas\/tinklo-veiklos\/#breadcrumb","itemListElement":[{"@type":"ListItem","position":1,"name":"Home","item":"https:\/\/lera.lt\/ugdymo-filosofijos-ir-politikos-tinklas\/"},{"@type":"ListItem","position":2,"name":"Tinklo veiklos"}]},{"@type":"WebSite","@id":"https:\/\/lera.lt\/ugdymo-filosofijos-ir-politikos-tinklas\/#website","url":"https:\/\/lera.lt\/ugdymo-filosofijos-ir-politikos-tinklas\/","name":"Ugdymo filosofijos ir politikos tinklas","description":"","potentialAction":[{"@type":"SearchAction","target":{"@type":"EntryPoint","urlTemplate":"https:\/\/lera.lt\/ugdymo-filosofijos-ir-politikos-tinklas\/?s={search_term_string}"},"query-input":{"@type":"PropertyValueSpecification","valueRequired":true,"valueName":"search_term_string"}}],"inLanguage":"lt-LT"}]}},"_links":{"self":[{"href":"https:\/\/lera.lt\/ugdymo-filosofijos-ir-politikos-tinklas\/wp-json\/wp\/v2\/pages\/591","targetHints":{"allow":["GET"]}}],"collection":[{"href":"https:\/\/lera.lt\/ugdymo-filosofijos-ir-politikos-tinklas\/wp-json\/wp\/v2\/pages"}],"about":[{"href":"https:\/\/lera.lt\/ugdymo-filosofijos-ir-politikos-tinklas\/wp-json\/wp\/v2\/types\/page"}],"author":[{"embeddable":true,"href":"https:\/\/lera.lt\/ugdymo-filosofijos-ir-politikos-tinklas\/wp-json\/wp\/v2\/users\/1"}],"replies":[{"embeddable":true,"href":"https:\/\/lera.lt\/ugdymo-filosofijos-ir-politikos-tinklas\/wp-json\/wp\/v2\/comments?post=591"}],"version-history":[{"count":20,"href":"https:\/\/lera.lt\/ugdymo-filosofijos-ir-politikos-tinklas\/wp-json\/wp\/v2\/pages\/591\/revisions"}],"predecessor-version":[{"id":842,"href":"https:\/\/lera.lt\/ugdymo-filosofijos-ir-politikos-tinklas\/wp-json\/wp\/v2\/pages\/591\/revisions\/842"}],"wp:attachment":[{"href":"https:\/\/lera.lt\/ugdymo-filosofijos-ir-politikos-tinklas\/wp-json\/wp\/v2\/media?parent=591"}],"curies":[{"name":"wp","href":"https:\/\/api.w.org\/{rel}","templated":true}]}}