{"id":860,"date":"2025-09-11T12:15:08","date_gmt":"2025-09-11T12:15:08","guid":{"rendered":"https:\/\/lera.lt\/sporto-edukacijos-tinklas\/?page_id=860"},"modified":"2025-09-11T12:15:08","modified_gmt":"2025-09-11T12:15:08","slug":"vykdomi-projektai","status":"publish","type":"page","link":"https:\/\/lera.lt\/sporto-edukacijos-tinklas\/vykdomi-projektai\/","title":{"rendered":"Vykdomi projektai"},"content":{"rendered":"\n\n<article id=\"post-406\">\n<h3>Dr. Ilonos Tilindien\u0117s vykdomi projektai ir Sporto edukacijos veikl\u0173 sklaida<\/h3>\n<p>1. Mokslinis projektas <strong>\u201ePaty\u010dios ir priekab\u0117s sporte: nuo konservatyviosios tradicijos link saugios sporto aplinkos&#8221;:<\/strong><\/p>\n<p><u><a href=\"https:\/\/www.lsu.lt\/apie-lsu\/projektine-veikla\/informacija-apie-laimetus-projektus\/mokslinis-projektas-patycios-ir-priekabes-sporte-nuo-konservatyviosios-tradicijos-link-saugios-sporto-aplinkos\">https:\/\/www.lsu.lt\/apie-lsu\/projektine-veikla\/informacija-apie-laimetus-projektus\/mokslinis-projektas-patycios-ir-priekabes-sporte-nuo-konservatyviosios-tradicijos-link-saugios-sporto-aplinkos<\/a><\/u><\/p>\n<p>2. Projekto <strong>\u201eNacionalinio sportinink\u0173 dvikrypt\u0117s karjeros centro steigimas&#8221; \u012fgyvendinimas Lietuvoje: s\u0117km\u0117s istorija sportininkams&#8221;<\/strong>:<\/p>\n<p><u><a href=\"https:\/\/www.lsu.lt\/projekto-nacionalinio-sportininku-dvikryptes-karjeros-centro-steigimas-igyvendinimas-lietuvoje-sekmes-istorija-sportininkams\">https:\/\/www.lsu.lt\/projekto-nacionalinio-sportininku-dvikryptes-karjeros-centro-steigimas-igyvendinimas-lietuvoje-sekmes-istorija-sportininkams<\/a><\/u><\/p>\n<p>3. LSU dalyvauja tarptautiniame ly\u010di\u0173 lygyb\u0117s plano tobulinimo projekte:<\/p>\n<p><u><a href=\"https:\/\/www.lsu.lt\/lsu-dalyvauja-tarptautiniame-lyciu-lygybes-plano-tobulinimo-projekte\/\">https:\/\/www.lsu.lt\/lsu-dalyvauja-tarptautiniame-lyciu-lygybes-plano-tobulinimo-projekte\/<\/a><\/u><\/p>\n<p>4. LSU atstov\u0117s patirtimi dalijosi tarptautinio projekto dalyvi\u0173 susitikime Strasb\u016bre:<\/p>\n<p><a href=\"https:\/\/www.lsu.lt\/lsu-atstoves-patirtimi-dalijosi-tarptautinio-projekto-dalyviu-susitikime-strasbure\">https:\/\/www.lsu.lt\/lsu-atstoves-patirtimi-dalijosi-tarptautinio-projekto-dalyviu-susitikime-strasbure<\/a><\/p>\n<p>5. Apie mokykl\u0173 kiem\u0173 \u012fvairov\u0119 ir daugiafunkci\u0161kum\u0105 vaik\u0173 jud\u0117jimo galimyb\u0117ms skatinti &#8211; intensyvioje \u201eNordplus&#8221; programoje:<\/p>\n<p><u><a href=\"https:\/\/www.lsu.lt\/nordplus-intensyvioje-programoje-mokyklu-kiemu-ivairove-ir-daugiafunkciskumas-vaiku-judejimo-galimybems-skatinti\">https:\/\/www.lsu.lt\/nordplus-intensyvioje-programoje-mokyklu-kiemu-ivairove-ir-daugiafunkciskumas-vaiku-judejimo-galimybems-skati<\/a><\/u><\/p>\n<\/article>\n\n","protected":false},"excerpt":{"rendered":"<p>Dr. Ilonos Tilindien\u0117s vykdomi projektai ir Sporto edukacijos veikl\u0173 sklaida 1. Mokslinis projektas \u201ePaty\u010dios ir priekab\u0117s sporte: nuo konservatyviosios tradicijos link saugios sporto aplinkos&#8221;: https:\/\/www.lsu.lt\/apie-lsu\/projektine-veikla\/informacija-apie-laimetus-projektus\/mokslinis-projektas-patycios-ir-priekabes-sporte-nuo-konservatyviosios-tradicijos-link-saugios-sporto-aplinkos 2. Projekto \u201eNacionalinio sportinink\u0173 dvikrypt\u0117s karjeros centro steigimas&#8221; \u012fgyvendinimas Lietuvoje: s\u0117km\u0117s istorija sportininkams&#8221;: https:\/\/www.lsu.lt\/projekto-nacionalinio-sportininku-dvikryptes-karjeros-centro-steigimas-igyvendinimas-lietuvoje-sekmes-istorija-sportininkams 3. LSU dalyvauja tarptautiniame ly\u010di\u0173 lygyb\u0117s plano tobulinimo projekte: https:\/\/www.lsu.lt\/lsu-dalyvauja-tarptautiniame-lyciu-lygybes-plano-tobulinimo-projekte\/ 4. LSU atstov\u0117s patirtimi dalijosi tarptautinio&hellip;<\/p>\n","protected":false},"author":9,"featured_media":0,"parent":0,"menu_order":0,"comment_status":"closed","ping_status":"closed","template":"","meta":{"footnotes":""},"class_list":["post-860","page","type-page","status-publish","hentry"],"yoast_head":"<!-- This site is optimized with the Yoast SEO plugin v25.7 - https:\/\/yoast.com\/wordpress\/plugins\/seo\/ -->\n<title>Vykdomi projektai - Sporto edukacijos tinklas<\/title>\n<meta name=\"robots\" content=\"index, follow, max-snippet:-1, max-image-preview:large, max-video-preview:-1\" \/>\n<link rel=\"canonical\" href=\"https:\/\/lera.lt\/sporto-edukacijos-tinklas\/vykdomi-projektai\/\" \/>\n<meta property=\"og:locale\" content=\"lt_LT\" \/>\n<meta property=\"og:type\" content=\"article\" \/>\n<meta property=\"og:title\" content=\"Vykdomi projektai - Sporto edukacijos tinklas\" \/>\n<meta property=\"og:description\" content=\"Dr. Ilonos Tilindien\u0117s vykdomi projektai ir Sporto edukacijos veikl\u0173 sklaida 1. Mokslinis projektas \u201ePaty\u010dios ir priekab\u0117s sporte: nuo konservatyviosios tradicijos link saugios sporto aplinkos&#8221;: https:\/\/www.lsu.lt\/apie-lsu\/projektine-veikla\/informacija-apie-laimetus-projektus\/mokslinis-projektas-patycios-ir-priekabes-sporte-nuo-konservatyviosios-tradicijos-link-saugios-sporto-aplinkos 2. Projekto \u201eNacionalinio sportinink\u0173 dvikrypt\u0117s karjeros centro steigimas&#8221; \u012fgyvendinimas Lietuvoje: s\u0117km\u0117s istorija sportininkams&#8221;: https:\/\/www.lsu.lt\/projekto-nacionalinio-sportininku-dvikryptes-karjeros-centro-steigimas-igyvendinimas-lietuvoje-sekmes-istorija-sportininkams 3. LSU dalyvauja tarptautiniame ly\u010di\u0173 lygyb\u0117s plano tobulinimo projekte: https:\/\/www.lsu.lt\/lsu-dalyvauja-tarptautiniame-lyciu-lygybes-plano-tobulinimo-projekte\/ 4. LSU atstov\u0117s patirtimi dalijosi tarptautinio&hellip;\" \/>\n<meta property=\"og:url\" content=\"https:\/\/lera.lt\/sporto-edukacijos-tinklas\/vykdomi-projektai\/\" \/>\n<meta property=\"og:site_name\" content=\"Sporto edukacijos tinklas\" \/>\n<meta name=\"twitter:card\" content=\"summary_large_image\" \/>\n<script type=\"application\/ld+json\" class=\"yoast-schema-graph\">{\"@context\":\"https:\/\/schema.org\",\"@graph\":[{\"@type\":\"WebPage\",\"@id\":\"https:\/\/lera.lt\/sporto-edukacijos-tinklas\/vykdomi-projektai\/\",\"url\":\"https:\/\/lera.lt\/sporto-edukacijos-tinklas\/vykdomi-projektai\/\",\"name\":\"Vykdomi projektai - Sporto edukacijos tinklas\",\"isPartOf\":{\"@id\":\"https:\/\/lera.lt\/sporto-edukacijos-tinklas\/#website\"},\"datePublished\":\"2025-09-11T12:15:08+00:00\",\"breadcrumb\":{\"@id\":\"https:\/\/lera.lt\/sporto-edukacijos-tinklas\/vykdomi-projektai\/#breadcrumb\"},\"inLanguage\":\"lt-LT\",\"potentialAction\":[{\"@type\":\"ReadAction\",\"target\":[\"https:\/\/lera.lt\/sporto-edukacijos-tinklas\/vykdomi-projektai\/\"]}]},{\"@type\":\"BreadcrumbList\",\"@id\":\"https:\/\/lera.lt\/sporto-edukacijos-tinklas\/vykdomi-projektai\/#breadcrumb\",\"itemListElement\":[{\"@type\":\"ListItem\",\"position\":1,\"name\":\"Home\",\"item\":\"https:\/\/lera.lt\/sporto-edukacijos-tinklas\/\"},{\"@type\":\"ListItem\",\"position\":2,\"name\":\"Vykdomi projektai\"}]},{\"@type\":\"WebSite\",\"@id\":\"https:\/\/lera.lt\/sporto-edukacijos-tinklas\/#website\",\"url\":\"https:\/\/lera.lt\/sporto-edukacijos-tinklas\/\",\"name\":\"Sporto edukacijos tinklas\",\"description\":\"\",\"potentialAction\":[{\"@type\":\"SearchAction\",\"target\":{\"@type\":\"EntryPoint\",\"urlTemplate\":\"https:\/\/lera.lt\/sporto-edukacijos-tinklas\/?s={search_term_string}\"},\"query-input\":{\"@type\":\"PropertyValueSpecification\",\"valueRequired\":true,\"valueName\":\"search_term_string\"}}],\"inLanguage\":\"lt-LT\"}]}<\/script>\n<!-- \/ Yoast SEO plugin. -->","yoast_head_json":{"title":"Vykdomi projektai - Sporto edukacijos tinklas","robots":{"index":"index","follow":"follow","max-snippet":"max-snippet:-1","max-image-preview":"max-image-preview:large","max-video-preview":"max-video-preview:-1"},"canonical":"https:\/\/lera.lt\/sporto-edukacijos-tinklas\/vykdomi-projektai\/","og_locale":"lt_LT","og_type":"article","og_title":"Vykdomi projektai - Sporto edukacijos tinklas","og_description":"Dr. Ilonos Tilindien\u0117s vykdomi projektai ir Sporto edukacijos veikl\u0173 sklaida 1. Mokslinis projektas \u201ePaty\u010dios ir priekab\u0117s sporte: nuo konservatyviosios tradicijos link saugios sporto aplinkos&#8221;: https:\/\/www.lsu.lt\/apie-lsu\/projektine-veikla\/informacija-apie-laimetus-projektus\/mokslinis-projektas-patycios-ir-priekabes-sporte-nuo-konservatyviosios-tradicijos-link-saugios-sporto-aplinkos 2. Projekto \u201eNacionalinio sportinink\u0173 dvikrypt\u0117s karjeros centro steigimas&#8221; \u012fgyvendinimas Lietuvoje: s\u0117km\u0117s istorija sportininkams&#8221;: https:\/\/www.lsu.lt\/projekto-nacionalinio-sportininku-dvikryptes-karjeros-centro-steigimas-igyvendinimas-lietuvoje-sekmes-istorija-sportininkams 3. LSU dalyvauja tarptautiniame ly\u010di\u0173 lygyb\u0117s plano tobulinimo projekte: https:\/\/www.lsu.lt\/lsu-dalyvauja-tarptautiniame-lyciu-lygybes-plano-tobulinimo-projekte\/ 4. LSU atstov\u0117s patirtimi dalijosi tarptautinio&hellip;","og_url":"https:\/\/lera.lt\/sporto-edukacijos-tinklas\/vykdomi-projektai\/","og_site_name":"Sporto edukacijos tinklas","twitter_card":"summary_large_image","schema":{"@context":"https:\/\/schema.org","@graph":[{"@type":"WebPage","@id":"https:\/\/lera.lt\/sporto-edukacijos-tinklas\/vykdomi-projektai\/","url":"https:\/\/lera.lt\/sporto-edukacijos-tinklas\/vykdomi-projektai\/","name":"Vykdomi projektai - Sporto edukacijos tinklas","isPartOf":{"@id":"https:\/\/lera.lt\/sporto-edukacijos-tinklas\/#website"},"datePublished":"2025-09-11T12:15:08+00:00","breadcrumb":{"@id":"https:\/\/lera.lt\/sporto-edukacijos-tinklas\/vykdomi-projektai\/#breadcrumb"},"inLanguage":"lt-LT","potentialAction":[{"@type":"ReadAction","target":["https:\/\/lera.lt\/sporto-edukacijos-tinklas\/vykdomi-projektai\/"]}]},{"@type":"BreadcrumbList","@id":"https:\/\/lera.lt\/sporto-edukacijos-tinklas\/vykdomi-projektai\/#breadcrumb","itemListElement":[{"@type":"ListItem","position":1,"name":"Home","item":"https:\/\/lera.lt\/sporto-edukacijos-tinklas\/"},{"@type":"ListItem","position":2,"name":"Vykdomi projektai"}]},{"@type":"WebSite","@id":"https:\/\/lera.lt\/sporto-edukacijos-tinklas\/#website","url":"https:\/\/lera.lt\/sporto-edukacijos-tinklas\/","name":"Sporto edukacijos tinklas","description":"","potentialAction":[{"@type":"SearchAction","target":{"@type":"EntryPoint","urlTemplate":"https:\/\/lera.lt\/sporto-edukacijos-tinklas\/?s={search_term_string}"},"query-input":{"@type":"PropertyValueSpecification","valueRequired":true,"valueName":"search_term_string"}}],"inLanguage":"lt-LT"}]}},"_links":{"self":[{"href":"https:\/\/lera.lt\/sporto-edukacijos-tinklas\/wp-json\/wp\/v2\/pages\/860","targetHints":{"allow":["GET"]}}],"collection":[{"href":"https:\/\/lera.lt\/sporto-edukacijos-tinklas\/wp-json\/wp\/v2\/pages"}],"about":[{"href":"https:\/\/lera.lt\/sporto-edukacijos-tinklas\/wp-json\/wp\/v2\/types\/page"}],"author":[{"embeddable":true,"href":"https:\/\/lera.lt\/sporto-edukacijos-tinklas\/wp-json\/wp\/v2\/users\/9"}],"replies":[{"embeddable":true,"href":"https:\/\/lera.lt\/sporto-edukacijos-tinklas\/wp-json\/wp\/v2\/comments?post=860"}],"version-history":[{"count":2,"href":"https:\/\/lera.lt\/sporto-edukacijos-tinklas\/wp-json\/wp\/v2\/pages\/860\/revisions"}],"predecessor-version":[{"id":863,"href":"https:\/\/lera.lt\/sporto-edukacijos-tinklas\/wp-json\/wp\/v2\/pages\/860\/revisions\/863"}],"wp:attachment":[{"href":"https:\/\/lera.lt\/sporto-edukacijos-tinklas\/wp-json\/wp\/v2\/media?parent=860"}],"curies":[{"name":"wp","href":"https:\/\/api.w.org\/{rel}","templated":true}]}}