{"id":854,"date":"2025-09-11T12:12:28","date_gmt":"2025-09-11T12:12:28","guid":{"rendered":"https:\/\/lera.lt\/sporto-edukacijos-tinklas\/?page_id=854"},"modified":"2025-09-11T12:13:07","modified_gmt":"2025-09-11T12:13:07","slug":"conferences-and-meetings","status":"publish","type":"page","link":"https:\/\/lera.lt\/sporto-edukacijos-tinklas\/en\/conferences-and-meetings\/","title":{"rendered":"Conferences and Meetings"},"content":{"rendered":"\n\n<h3><strong>CEREPS Council Meeting in Spain<\/strong><\/h3>\n<p><img loading=\"lazy\" decoding=\"async\" src=\"https:\/\/lera.lt\/se\/wp-content\/uploads\/sites\/16\/2024\/07\/CEREPS-300x300.jpg\" alt=\"\" width=\"300\" height=\"300\" \/><\/p>\n<p>The meeting of the members of the International Council of Research in Physical Education and Sport &#8211; CEREPS (Conseil Europ\u00e9en de la Recherche en \u00c9ducation Physique et Sportive\/The European Council of Research in Physical Education and School Sport) took place at the Faculty of Educational Sciences of the University of Sevilla, Spain, on 24-26 June 2024. prof. dr. Ar\u016bnas Emeljanovas, a member of the LERA Sport Education Network, LSU Prof., participated in the meeting and shared his insights into Lithuanian sport science. The CEREPS organisation regularly cooperates with national physical education and sport institutions and European physical education and youth organisations, and carries out research development at regional, national and European level. This year&#8217;s CEREPS Council meeting focused on the impact of physical activity on mental health.<\/p>\n<p>It also discussed how to ensure emotional, psychological and social well-being during childhood, adolescence and into adulthood. The programme presented the vision and mission of CEREPS, and guest speakers (keynotes) gave presentations on these topics:<\/p>\n<p>&#8222;What Works? Evidence-based physical activity guidelines and research on adolescent mental health&#8221;, based on data from Youth for Youth: Mental Health through Physical Activity (What works? Evidencebased guidance regarding physical activity and mental health in adolescents&#8221; &#8211; a study developed underpinned by Youth for Youth&#8217;s Mental Health through Physical Activity, Nadica Jovanovik, ENGSO Youth)<\/p>\n<p>Meaningful Physical Education: Connections with students&#8217; mental health, Javier Fern\u00e1ndez-Rio, University of Oviedo<\/p>\n<p>Growing up healthy: Exploring motor development, physical activity, and well-being in early childhood, Kathrin Bretz, PHZH Zurich<\/p>\n<p>The CEREPS Council meeting also included three workshops on the following topics, which generated more in-depth discussions:<\/p>\n<p>Concepts and Research Insights from Studies on Physical Activity and Sport for Adolescents in Europe;<\/p>\n<p>Early Childhood Research in Physical Activity, Movement and Games in Europe;<\/p>\n<p>Concepts and research Insights from Studies on Daily Physical Activity for Children in Europe<\/p>\n<p>For mo information : <a href=\"https:\/\/www.cereps.eu\/cereps-summit-2024\">https:\/\/www.cereps.eu\/cereps-summit-2024<\/a><\/p>\n\n<h3><strong>Conference &#8222;Opportunities and Innovations in Physical Education Classes&#8221;<\/strong><\/h3>\n<h3><strong><img loading=\"lazy\" decoding=\"async\" src=\"https:\/\/lera.lt\/se\/wp-content\/uploads\/sites\/16\/2024\/06\/Traku-Vokes-konferencija-2024_1_1_6x4-300x200.jpg\" sizes=\"auto, (max-width: 300px) 100vw, 300px\" srcset=\"https:\/\/lera.lt\/se\/wp-content\/uploads\/sites\/16\/2024\/06\/Traku-Vokes-konferencija-2024_1_1_6x4-300x200.jpg 300w, https:\/\/lera.lt\/se\/wp-content\/uploads\/sites\/16\/2024\/06\/Traku-Vokes-konferencija-2024_1_1_6x4.jpg 416w\" alt=\"\" width=\"300\" height=\"200\" \/><\/strong><\/h3>\n<p>4 June 2024 The Vilnius City Physical Education Teachers&#8217; Methodological Group Council, together with Edu Vilnius, organised a conference &#8222;Opportunities and innovations in physical education lessons&#8221; at Trakai Voke Manor. More than 60 physical education teachers working in general education schools, (pro)gymnasiums and pre-schools attended the conference.<\/p>\n<p><img loading=\"lazy\" decoding=\"async\" src=\"https:\/\/lera.lt\/se\/wp-content\/uploads\/sites\/16\/2024\/06\/Traku-voke-2024_4_6x4-300x200.jpg\" alt=\"\" width=\"300\" height=\"200\" \/><\/p>\n<p>Teachers observed and analysed an open lesson by K\u0119stutis Ba\u010dkis, a physical education teacher at Vilnius Trak\u0173 Vok\u0117 Gymnasium, on &#8222;Applying Physical Activity in Outdoor Conditions&#8221;, during which the importance of developing speed and coordination was emphasised by applying the elements of discus throwing. Later, K\u0119stutis Ba\u010dkis (chairman of the Vilnius City Physical Education Teachers&#8217; Methodological Group) shared his experience of using the assessment system in a lesson. The lecture &#8222;Physical capacity &#8211; the result of physical activity: recent results of Lithuanian schoolchildren&#8221; by Prof. Dr. Ar\u016bnas Emeljanovas from the Department of Physical and Social Education of the Lithuanian University of Sport was very popular.<\/p>\n<p><img loading=\"lazy\" decoding=\"async\" src=\"https:\/\/lera.lt\/se\/wp-content\/uploads\/sites\/16\/2024\/06\/Traku-Voke-5_6x4-300x200.jpg\" alt=\"\" width=\"300\" height=\"200\" \/><\/p>\n<p>Irut\u0117 Jur\u0161\u0117nait\u0117, Chairperson of the Lithuanian Association of Teachers of Physical Education and Vice President of the Lithuanian Association of Teachers of Physical Education, presented the innovations in the subject of physical education for the period 2024-2025. The results of the Vilnius Gymnasium Games and the significant contribution of the teachers who prepared the teams were also welcomed at the conference. The teachers&#8217; guided tour of Trakai Voke Manor and Park to close the conference broadened the teachers&#8217; general competences and encouraged them to expand their cooperation for further implementation of significant ideas in the community of physical education teachers. Vilija Gerasimovi\u010dien\u0117, PhD student, member of the Sports Education Network Committee, member of the Methodological Council of Preschool Physical Education Teachers of Vilnius City, also participated in the conference and provided insights and feedback.<\/p>\n<p><img loading=\"lazy\" decoding=\"async\" src=\"https:\/\/lera.lt\/se\/wp-content\/uploads\/sites\/16\/2024\/06\/Traku-Voke_8-300x300.jpg\" alt=\"\" width=\"300\" height=\"300\" \/><img loading=\"lazy\" decoding=\"async\" src=\"https:\/\/lera.lt\/se\/wp-content\/uploads\/sites\/16\/2024\/06\/Traku-Vokes-konferencija-2024_6-300x143.jpg\" sizes=\"auto, (min-width: 0px) and (max-width: 480px) 480px, (min-width: 481px) 611px, 100vw\" srcset=\"https:\/\/lera.lt\/se\/wp-content\/uploads\/sites\/16\/2024\/06\/Traku-Vokes-konferencija-2024_6-300x143.jpg 611w, https:\/\/lera.lt\/se\/wp-content\/uploads\/sites\/16\/2024\/06\/Traku-Vokes-konferencija-2024_6-480x228.jpg 480w\" alt=\"\" width=\"611\" height=\"291\" \/><\/p>\n<h3><strong>Scientific-Practical Conference &#8222;100 Years of the Olympic Movement&#8221;<\/strong><\/h3>\n<p><img loading=\"lazy\" decoding=\"async\" src=\"https:\/\/lera.lt\/se\/wp-content\/uploads\/sites\/16\/2024\/04\/LOA-210x300.jpg\" alt=\"\" width=\"210\" height=\"300\" \/><\/p>\n<p>The Lithuanian Olympic Academy and Klaip\u0117da University organised a scientific-practical conference <strong>&#8222;100 Years of the Olympic Movement&#8221;<\/strong> in Vilnius. 19 April. The conference was held in Klaip\u0117da (KU Aula Magna &#8222;Studlendas&#8221;, H. Manto g. 90-2) on 19 April 2018. Start at 11.00 a.m.<\/p>\n\n","protected":false},"excerpt":{"rendered":"<p>CEREPS Council Meeting in Spain The meeting of the members of the International Council of Research in Physical Education and Sport &#8211; CEREPS (Conseil Europ\u00e9en de la Recherche en \u00c9ducation Physique et Sportive\/The European Council of Research in Physical Education and School Sport) took place at the Faculty of Educational Sciences of the University of&hellip;<\/p>\n","protected":false},"author":9,"featured_media":0,"parent":0,"menu_order":0,"comment_status":"closed","ping_status":"closed","template":"","meta":{"footnotes":""},"class_list":["post-854","page","type-page","status-publish","hentry"],"yoast_head":"<!-- This site is optimized with the Yoast SEO plugin v25.7 - https:\/\/yoast.com\/wordpress\/plugins\/seo\/ -->\n<title>Conferences and Meetings - Sporto edukacijos tinklas<\/title>\n<meta name=\"robots\" content=\"index, follow, max-snippet:-1, max-image-preview:large, max-video-preview:-1\" \/>\n<link rel=\"canonical\" href=\"https:\/\/lera.lt\/sporto-edukacijos-tinklas\/en\/conferences-and-meetings\/\" \/>\n<meta property=\"og:locale\" content=\"lt_LT\" \/>\n<meta property=\"og:type\" content=\"article\" \/>\n<meta property=\"og:title\" content=\"Conferences and Meetings - Sporto edukacijos tinklas\" \/>\n<meta property=\"og:description\" content=\"CEREPS Council Meeting in Spain The meeting of the members of the International Council of Research in Physical Education and Sport &#8211; CEREPS (Conseil Europ\u00e9en de la Recherche en \u00c9ducation Physique et Sportive\/The European Council of Research in Physical Education and School Sport) took place at the Faculty of Educational Sciences of the University of&hellip;\" \/>\n<meta property=\"og:url\" content=\"https:\/\/lera.lt\/sporto-edukacijos-tinklas\/en\/conferences-and-meetings\/\" \/>\n<meta property=\"og:site_name\" content=\"Sporto edukacijos tinklas\" \/>\n<meta property=\"article:modified_time\" content=\"2025-09-11T12:13:07+00:00\" \/>\n<meta property=\"og:image\" content=\"https:\/\/lera.lt\/se\/wp-content\/uploads\/sites\/16\/2024\/07\/CEREPS-300x300.jpg\" \/>\n<meta name=\"twitter:card\" content=\"summary_large_image\" \/>\n<script type=\"application\/ld+json\" class=\"yoast-schema-graph\">{\"@context\":\"https:\/\/schema.org\",\"@graph\":[{\"@type\":\"WebPage\",\"@id\":\"https:\/\/lera.lt\/sporto-edukacijos-tinklas\/en\/conferences-and-meetings\/\",\"url\":\"https:\/\/lera.lt\/sporto-edukacijos-tinklas\/en\/conferences-and-meetings\/\",\"name\":\"Conferences and Meetings - Sporto edukacijos tinklas\",\"isPartOf\":{\"@id\":\"https:\/\/lera.lt\/sporto-edukacijos-tinklas\/#website\"},\"primaryImageOfPage\":{\"@id\":\"https:\/\/lera.lt\/sporto-edukacijos-tinklas\/en\/conferences-and-meetings\/#primaryimage\"},\"image\":{\"@id\":\"https:\/\/lera.lt\/sporto-edukacijos-tinklas\/en\/conferences-and-meetings\/#primaryimage\"},\"thumbnailUrl\":\"https:\/\/lera.lt\/se\/wp-content\/uploads\/sites\/16\/2024\/07\/CEREPS-300x300.jpg\",\"datePublished\":\"2025-09-11T12:12:28+00:00\",\"dateModified\":\"2025-09-11T12:13:07+00:00\",\"breadcrumb\":{\"@id\":\"https:\/\/lera.lt\/sporto-edukacijos-tinklas\/en\/conferences-and-meetings\/#breadcrumb\"},\"inLanguage\":\"lt-LT\",\"potentialAction\":[{\"@type\":\"ReadAction\",\"target\":[\"https:\/\/lera.lt\/sporto-edukacijos-tinklas\/en\/conferences-and-meetings\/\"]}]},{\"@type\":\"ImageObject\",\"inLanguage\":\"lt-LT\",\"@id\":\"https:\/\/lera.lt\/sporto-edukacijos-tinklas\/en\/conferences-and-meetings\/#primaryimage\",\"url\":\"https:\/\/lera.lt\/se\/wp-content\/uploads\/sites\/16\/2024\/07\/CEREPS-300x300.jpg\",\"contentUrl\":\"https:\/\/lera.lt\/se\/wp-content\/uploads\/sites\/16\/2024\/07\/CEREPS-300x300.jpg\"},{\"@type\":\"BreadcrumbList\",\"@id\":\"https:\/\/lera.lt\/sporto-edukacijos-tinklas\/en\/conferences-and-meetings\/#breadcrumb\",\"itemListElement\":[{\"@type\":\"ListItem\",\"position\":1,\"name\":\"Home\",\"item\":\"https:\/\/lera.lt\/sporto-edukacijos-tinklas\/\"},{\"@type\":\"ListItem\",\"position\":2,\"name\":\"Conferences and Meetings\"}]},{\"@type\":\"WebSite\",\"@id\":\"https:\/\/lera.lt\/sporto-edukacijos-tinklas\/#website\",\"url\":\"https:\/\/lera.lt\/sporto-edukacijos-tinklas\/\",\"name\":\"Sporto edukacijos tinklas\",\"description\":\"\",\"potentialAction\":[{\"@type\":\"SearchAction\",\"target\":{\"@type\":\"EntryPoint\",\"urlTemplate\":\"https:\/\/lera.lt\/sporto-edukacijos-tinklas\/?s={search_term_string}\"},\"query-input\":{\"@type\":\"PropertyValueSpecification\",\"valueRequired\":true,\"valueName\":\"search_term_string\"}}],\"inLanguage\":\"lt-LT\"}]}<\/script>\n<!-- \/ Yoast SEO plugin. -->","yoast_head_json":{"title":"Conferences and Meetings - Sporto edukacijos tinklas","robots":{"index":"index","follow":"follow","max-snippet":"max-snippet:-1","max-image-preview":"max-image-preview:large","max-video-preview":"max-video-preview:-1"},"canonical":"https:\/\/lera.lt\/sporto-edukacijos-tinklas\/en\/conferences-and-meetings\/","og_locale":"lt_LT","og_type":"article","og_title":"Conferences and Meetings - Sporto edukacijos tinklas","og_description":"CEREPS Council Meeting in Spain The meeting of the members of the International Council of Research in Physical Education and Sport &#8211; CEREPS (Conseil Europ\u00e9en de la Recherche en \u00c9ducation Physique et Sportive\/The European Council of Research in Physical Education and School Sport) took place at the Faculty of Educational Sciences of the University of&hellip;","og_url":"https:\/\/lera.lt\/sporto-edukacijos-tinklas\/en\/conferences-and-meetings\/","og_site_name":"Sporto edukacijos tinklas","article_modified_time":"2025-09-11T12:13:07+00:00","og_image":[{"url":"https:\/\/lera.lt\/se\/wp-content\/uploads\/sites\/16\/2024\/07\/CEREPS-300x300.jpg","type":"","width":"","height":""}],"twitter_card":"summary_large_image","schema":{"@context":"https:\/\/schema.org","@graph":[{"@type":"WebPage","@id":"https:\/\/lera.lt\/sporto-edukacijos-tinklas\/en\/conferences-and-meetings\/","url":"https:\/\/lera.lt\/sporto-edukacijos-tinklas\/en\/conferences-and-meetings\/","name":"Conferences and Meetings - Sporto edukacijos tinklas","isPartOf":{"@id":"https:\/\/lera.lt\/sporto-edukacijos-tinklas\/#website"},"primaryImageOfPage":{"@id":"https:\/\/lera.lt\/sporto-edukacijos-tinklas\/en\/conferences-and-meetings\/#primaryimage"},"image":{"@id":"https:\/\/lera.lt\/sporto-edukacijos-tinklas\/en\/conferences-and-meetings\/#primaryimage"},"thumbnailUrl":"https:\/\/lera.lt\/se\/wp-content\/uploads\/sites\/16\/2024\/07\/CEREPS-300x300.jpg","datePublished":"2025-09-11T12:12:28+00:00","dateModified":"2025-09-11T12:13:07+00:00","breadcrumb":{"@id":"https:\/\/lera.lt\/sporto-edukacijos-tinklas\/en\/conferences-and-meetings\/#breadcrumb"},"inLanguage":"lt-LT","potentialAction":[{"@type":"ReadAction","target":["https:\/\/lera.lt\/sporto-edukacijos-tinklas\/en\/conferences-and-meetings\/"]}]},{"@type":"ImageObject","inLanguage":"lt-LT","@id":"https:\/\/lera.lt\/sporto-edukacijos-tinklas\/en\/conferences-and-meetings\/#primaryimage","url":"https:\/\/lera.lt\/se\/wp-content\/uploads\/sites\/16\/2024\/07\/CEREPS-300x300.jpg","contentUrl":"https:\/\/lera.lt\/se\/wp-content\/uploads\/sites\/16\/2024\/07\/CEREPS-300x300.jpg"},{"@type":"BreadcrumbList","@id":"https:\/\/lera.lt\/sporto-edukacijos-tinklas\/en\/conferences-and-meetings\/#breadcrumb","itemListElement":[{"@type":"ListItem","position":1,"name":"Home","item":"https:\/\/lera.lt\/sporto-edukacijos-tinklas\/"},{"@type":"ListItem","position":2,"name":"Conferences and Meetings"}]},{"@type":"WebSite","@id":"https:\/\/lera.lt\/sporto-edukacijos-tinklas\/#website","url":"https:\/\/lera.lt\/sporto-edukacijos-tinklas\/","name":"Sporto edukacijos tinklas","description":"","potentialAction":[{"@type":"SearchAction","target":{"@type":"EntryPoint","urlTemplate":"https:\/\/lera.lt\/sporto-edukacijos-tinklas\/?s={search_term_string}"},"query-input":{"@type":"PropertyValueSpecification","valueRequired":true,"valueName":"search_term_string"}}],"inLanguage":"lt-LT"}]}},"_links":{"self":[{"href":"https:\/\/lera.lt\/sporto-edukacijos-tinklas\/wp-json\/wp\/v2\/pages\/854","targetHints":{"allow":["GET"]}}],"collection":[{"href":"https:\/\/lera.lt\/sporto-edukacijos-tinklas\/wp-json\/wp\/v2\/pages"}],"about":[{"href":"https:\/\/lera.lt\/sporto-edukacijos-tinklas\/wp-json\/wp\/v2\/types\/page"}],"author":[{"embeddable":true,"href":"https:\/\/lera.lt\/sporto-edukacijos-tinklas\/wp-json\/wp\/v2\/users\/9"}],"replies":[{"embeddable":true,"href":"https:\/\/lera.lt\/sporto-edukacijos-tinklas\/wp-json\/wp\/v2\/comments?post=854"}],"version-history":[{"count":2,"href":"https:\/\/lera.lt\/sporto-edukacijos-tinklas\/wp-json\/wp\/v2\/pages\/854\/revisions"}],"predecessor-version":[{"id":857,"href":"https:\/\/lera.lt\/sporto-edukacijos-tinklas\/wp-json\/wp\/v2\/pages\/854\/revisions\/857"}],"wp:attachment":[{"href":"https:\/\/lera.lt\/sporto-edukacijos-tinklas\/wp-json\/wp\/v2\/media?parent=854"}],"curies":[{"name":"wp","href":"https:\/\/api.w.org\/{rel}","templated":true}]}}