{"id":841,"date":"2025-09-11T12:07:35","date_gmt":"2025-09-11T12:07:35","guid":{"rendered":"https:\/\/lera.lt\/sporto-edukacijos-tinklas\/?page_id=841"},"modified":"2025-09-11T12:08:27","modified_gmt":"2025-09-11T12:08:27","slug":"konferencijos-ir-susitikimai","status":"publish","type":"page","link":"https:\/\/lera.lt\/sporto-edukacijos-tinklas\/konferencijos-ir-susitikimai\/","title":{"rendered":"Konferencijos ir susitikimai"},"content":{"rendered":"\n\n<p><strong>Tarptautin\u0117 Jaun\u0173j\u0173 tyr\u0117j\u0173 tinklo EARLI konferencija Ispanijoje<\/strong><\/p>\n<p><img loading=\"lazy\" decoding=\"async\" src=\"https:\/\/lera.lt\/se\/wp-content\/uploads\/sites\/16\/2024\/09\/1725295059148-225x300.jpg\" alt=\"\" width=\"225\" height=\"300\" \/>2024 m. bir\u017eelio 24-28 dienomis Sevilijos (Ispanija) universitete (Psichologijos fakultetas) vyko <em>Europos mokymo(si) tyrim\u0173 asociacijos<\/em>\u00a0&#8211;\u00a0<strong>EARLI<\/strong>\u00a0(The European Association for Research on Learning and Instruction),\u00a0jaun\u0173j\u0173 tyr\u0117j\u0173 tinklo<strong><em>\u00a0<\/em>the JURE<\/strong>\u00a0(the network of Junior Researchers of EARLI) 28-oji konferencija. \u0160ioje konferencijoje dalyvavo daugiau nei 330 jaun\u0173j\u0173 tyr\u0117j\u0173 i\u0161 viso pasaulio. \u0160i\u0173 met\u0173 konferencijos tema: \u201e<em>\u0160vietimas ir dinami\u0161k\u0173 sprendim\u0173 poreikis, kuriant \u0161ios srities ateit\u012f&#8221;<\/em>\u00a0(\u201eEducation and the Need for Dynamic Solutions: Shaping the Future of the Field&#8221;).<\/p>\n<p><img loading=\"lazy\" decoding=\"async\" src=\"https:\/\/lera.lt\/se\/wp-content\/uploads\/sites\/16\/2024\/09\/1725295059076-225x300.jpg\" alt=\"\" width=\"225\" height=\"300\" \/><\/p>\n<p>Tarp 80-ties stendini\u0173 prane\u0161\u0117j\u0173 ikimokyklinio ugdymo mokytoj\u0173 profesinio tobul\u0117jimo sesijoje, dalyvavo ir Mykolo Romerio doktorant\u0117, Sporto edukacijos tinklo nar\u0117 Vilija Gerasimovi\u010dien\u0117, pristatydama stendin\u012f prane\u0161im\u0105 rengiamos disertacijos tema: \u201eTeachers&#8217; new approach to Physical Literacy in Early Childhood Education&#8221;. Prane\u0161ime analizuotas Vilniaus m. ikimokyklinio ugdymo \u012fstaigose dirban\u010di\u0173 fizinio ugdymo mokytoj\u0173 po\u017ei\u016bris \u012f skaitmenini\u0173 priemoni\u0173 taikym\u0105 fizinio ugdymo u\u017esi\u0117mimuose. Taip pat pateikta informacija, kaip nuo 2021 m. bendradarbiaujant su Lietuvos tautiniu olimpiniu komitetu (LTOK), kuris \u0117m\u0117si did\u017eiausios iniciatyvos \u012fgyvendinti fizinio ra\u0161tingumo modelio gaires Lietuvoje, numatyta taikyti fizinio ra\u0161tingumo koncept\u0105 fizinio ra\u0161tingumo gairi\u0173 modelio rengimui Lietuvoje.<\/p>\n<p><img loading=\"lazy\" decoding=\"async\" src=\"https:\/\/lera.lt\/se\/wp-content\/uploads\/sites\/16\/2024\/09\/1725295059127-225x300.jpg\" alt=\"\" width=\"225\" height=\"300\" \/><\/p>\n<p>Konferencija truko 5 dienas, j\u0173 metu jaunieji tyr\u0117jai skait\u0117 229 \u017eodinius prane\u0161imus, diskutavo 27 apskrito stalo diskusijose apie \u012fvairi\u0173 \u0161ali\u0173 \u0161vietimo sri\u010di\u0173 mokslinius tyrimus. Taip pat dalyviai \u012fsitrauk\u0117 \u012f 15 praktini\u0173 seminar\u0173, 6 speciali\u0173 interes\u0173 grupi\u0173 simpoziumus, klaus\u0117si trij\u0173 kviestini\u0173 profesori\u0173 prane\u0161im\u0173 \u0161iomis temomis:<\/p>\n<ul>\n<li>\u201eReading on Screens: Insights from the Lab, the Schools and Beyond&#8221;, Ladislao Salmer\u00f3n, University of Valencia, Spain <em>(\u201eSkaitymas ekranuose: \u012e\u017evalgos i\u0161 laboratorijos, mokykl\u0173 ir kitur&#8221;)\u00a0<\/em><\/li>\n<li>\u201eLearning from Multiple Information Sources: Challenges and Potential Advantages&#8221;, Helge Ivar Str\u00f8ms\u00f8, University of Oslo, Norway <em>(\u201eMokymasis i\u0161 keli\u0173 informacijos \u0161altini\u0173: I\u0161\u0161\u016bkiai ir galimi privalumai&#8221;)<\/em><\/li>\n<li>\u201eWhat does AI in Education Research Tell Us About the Role of AI in Supporting Human Learning?&#8221;, Ka\u015bka Porayska-Pomsta, University College London, UK (<em>\u201eK\u0105 apie dirbtinio intelekto vaidmen\u012f remiant \u017emogaus mokym\u0105si pasako dirbtinio intelekto tyrimai \u0161vietimo srityje?&#8221;)<\/em><\/li>\n<\/ul>\n<p><img loading=\"lazy\" decoding=\"async\" src=\"https:\/\/lera.lt\/se\/wp-content\/uploads\/sites\/16\/2024\/09\/1725295058933-300x157.jpg\" alt=\"\" width=\"300\" height=\"157\" \/> <img loading=\"lazy\" decoding=\"async\" src=\"https:\/\/lera.lt\/se\/wp-content\/uploads\/sites\/16\/2024\/09\/1725295059103-225x300.jpg\" alt=\"\" width=\"225\" height=\"300\" \/> <img loading=\"lazy\" decoding=\"async\" src=\"https:\/\/lera.lt\/se\/wp-content\/uploads\/sites\/16\/2024\/09\/1725295059170-300x225.jpg\" alt=\"\" width=\"300\" height=\"225\" \/><\/p>\n<p><strong>Daugiau informacijos:<\/strong><\/p>\n<ol>\n<li><a href=\"https:\/\/www.earli.org\/\">https:\/\/www.earli.org<\/a><\/li>\n<li><a href=\"https:\/\/www.earli.org\/events\/jure2024#section-programme\">https:\/\/www.earli.org\/events\/jure2024#section-programme<\/a><\/li>\n<li><a href=\"https:\/\/www.earli.org\/assets\/files\/JURE2024-Programme-270624.pdf\">https:\/\/www.earli.org\/assets\/files\/JURE2024-Programme-270624.pdf<\/a><\/li>\n<\/ol>\n<p><img loading=\"lazy\" decoding=\"async\" src=\"https:\/\/lera.lt\/se\/wp-content\/uploads\/sites\/16\/2024\/09\/1725295059011-300x225.jpg\" alt=\"\" width=\"300\" height=\"225\" \/><\/p>\n<p>&nbsp;<\/p>\n<p>Pareng\u0117 doktorant\u0117\u00a0<strong>Vilija Gerasimovi\u010dien\u0117<\/strong><\/p>\n\t<h3><strong>CEREPS tarybos nari\u0173 susitikimas Ispanijoje<\/strong><\/h3>\n<p><img loading=\"lazy\" decoding=\"async\" src=\"https:\/\/lera.lt\/se\/wp-content\/uploads\/sites\/16\/2024\/07\/CEREPS-300x300.jpg\" alt=\"\" width=\"300\" height=\"300\" \/><\/p>\n<p>&nbsp;<\/p>\n<p>2024 m. bir\u017eelio 24-26 dienomis Sevilijos universiteto Edukologijos moksl\u0173 fakultete (Ispanija) vyko tarptautin\u0117s fizinio ugdymo ir sporto mokslo tarybos &#8211; CEREPS (Conseil Europ\u00e9en de la Recherche en \u00c9ducation Physique et Sportive\/The European Council of Research in Physical Education and School Sport) nari\u0173 susitikimas. \u0160iame susitikime dalyvavo ir Lietuvos sporto mokslo \u012f\u017evalgomis dalijosi LETA Sporto edukacijos tinklo narys, LSU prof. dr. Ar\u016bnas Emeljanovas. CEREPS organizacija nuolat bendradarbiauja su nacionalin\u0117mis fizinio ugdymo ir sporto institucijomis bei Europos fizinio ugdymo ir jaunimo organizacijomis, vykdo mokslini\u0173 tyrim\u0173 pl\u0117tr\u0105 regioniniu, nacionaliniu ir Europos mastu. \u0160iemet CEREPS tarybos nari\u0173 susitikime did\u017eiausias d\u0117mesys buvo skiriamas fizinio aktyvumo poveikiui psichikos sveikatai.<\/p>\n<p>&nbsp;<\/p>\n<p>&nbsp;<\/p>\n<p>Taip pat diskutuota, kaip b\u016bt\u0173 galima u\u017etikrinti emocin\u0119, psichologin\u0119, socialin\u0119 gerov\u0119 vaikyst\u0117je, paauglyst\u0117je ir iki pat brandaus am\u017eiaus. Programoje pateiktos CEREPS vizijos ir misijos, kviestiniai lektoriai (keynotes) pristat\u0117 prane\u0161imus \u0161iomis temomis:<\/p>\n<ul>\n<li>\u201eKas veikia? \u012erodymais pagr\u012fstos fizinio aktyvumo gair\u0117s ir paaugli\u0173 psichikos sveikatos tyrimas&#8221;, parengtas pagal organizacijos \u201eJaunimas jaunimui: Psichikos sveikata per fizin\u012f aktyvum\u0105&#8221; duomenis (What works? Evidencebased guidance regarding physical activity and mental health in adolescents&#8221; &#8211; a study developed underpinned by Youth for Youth&#8217;s Mental Health through Physical Activity,\u00a0<em>Nadica Jovanovik, ENGSO Youth<\/em>)<\/li>\n<li>Prasmingas fizinis ugdymas: S\u0105sajos su mokini\u0173 psichikos sveikata (Meaningful Physical Education: Connections with students&#8217; mental health,\u00a0<em>Javier Fern\u00e1ndez-Rio, University of Oviedo<\/em>)<\/li>\n<li>Augame sveiki: jud\u0117jimo raidos, fizinio aktyvumo ir gerov\u0117s ankstyvojoje vaikyst\u0117je tyrimas (Growing up healthy: Exploring motor development, physical activity, and well-being in early childhood,\u00a0<em>Kathrin Bretz, PHZH Zurich<\/em>)<\/li>\n<\/ul>\n<p>CEREPS tarybos nari\u0173 susitikime vyko ir trys praktiniai seminarai \u0161iomis temomis, kurie k\u0117l\u0117 i\u0161samesnius aptarimus:<\/p>\n<ul>\n<li>Europos paaugli\u0173 fizinio aktyvumo ir sporto tyrim\u0173 koncepcij\u0173 \u012f\u017evalgos (Concepts and Research Insights from Studies on Physical Activity and Sport for Adolescents in Europe);<\/li>\n<li>Ankstyvosios vaikyst\u0117s fizinio aktyvumo, jud\u0117jimo ir \u017eaidim\u0173 tyrimai Europoje (Early Childhood Research in Physical Activity, Movement and Games in Europe);<\/li>\n<li>Vaik\u0173 kasdienio fizinio aktyvumo Europoje tyrim\u0173 koncepcijos ir tyrim\u0173 \u012f\u017evalgos (Concepts and research Insights from Studies on Daily Physical Activity for Children in Europe)<\/li>\n<\/ul>\n<p><strong>\u00a0<\/strong><strong>Pla\u010diau skaitykite:\u00a0<\/strong><a href=\"https:\/\/www.cereps.eu\/cereps-summit-2024\">https:\/\/www.cereps.eu\/cereps-summit-2024<\/a><\/p>\n<p>Pareng\u0117 doktorant\u0117\u00a0<strong>Vilija Gerasimovi\u010dien\u0117<\/strong><\/p>\n<h3><strong>Konferencija ,,Fizinio ugdymo pamok\u0173 galimyb\u0117s ir naujov\u0117s&#8221;<\/strong><\/h3>\n<h3><strong><img loading=\"lazy\" decoding=\"async\" src=\"https:\/\/lera.lt\/se\/wp-content\/uploads\/sites\/16\/2024\/06\/Traku-Vokes-konferencija-2024_1_1_6x4-300x200.jpg\" sizes=\"auto, (max-width: 300px) 100vw, 300px\" srcset=\"https:\/\/lera.lt\/se\/wp-content\/uploads\/sites\/16\/2024\/06\/Traku-Vokes-konferencija-2024_1_1_6x4-300x200.jpg 300w, https:\/\/lera.lt\/se\/wp-content\/uploads\/sites\/16\/2024\/06\/Traku-Vokes-konferencija-2024_1_1_6x4.jpg 416w\" alt=\"\" width=\"300\" height=\"200\" \/><\/strong><\/h3>\n<p><strong>2024 m. bir\u017eelio 4 d.<\/strong>\u00a0Vilniaus m. fizinio ugdymo mokytoj\u0173 metodinio b\u016brelio taryba kartu su \u201eEdu Vilnius&#8221; sureng\u0117 konferencij\u0105 ,,Fizinio ugdymo pamok\u0173 galimyb\u0117s ir naujov\u0117s&#8221;, kuri vyko Trak\u0173 Vok\u0117s dvare. Konferencijoje dalyvavo daugiau nei 60 fizinio ugdymo mokytoj\u0173, dirban\u010di\u0173 bendrojo ugdymo mokyklose, (pro)gimnazijose ir ikimokyklinio ugdymo \u012fstaigose.<\/p>\n<p><img loading=\"lazy\" decoding=\"async\" src=\"https:\/\/lera.lt\/se\/wp-content\/uploads\/sites\/16\/2024\/06\/Traku-voke-2024_4_6x4-300x200.jpg\" alt=\"\" width=\"300\" height=\"200\" \/><\/p>\n<p>Trak\u0173 Vok\u0117s gimnazijos stadione mokytojai steb\u0117jo ir analizavo Vilniaus Trak\u0173 Vok\u0117s gimnazijos fizinio ugdymo mokytojo K\u0119stu\u010dio\u00a0Ba\u010dkio atvir\u0105pamok\u0105 ,,Fizinio aktyvumo taikymas lauko s\u0105lygomis&#8221;, kurios metu, taikant l\u0117k\u0161\u010diasvyd\u017eio mokomuosius elementus, buvo akcentuojama greitumo ir koordinacijos lav\u0117jimo svarba. V\u0117liau K\u0119stutis Ba\u010dkis (Vilniaus m. fizinio ugdymo mokytoj\u0173 metodinio b\u016brelio pirmininkas) dalijosi vertinimo sistemos taikymo pamokoje patirtimi. Didelio susidom\u0117jimo sulauk\u0117 Lietuvos sporto universiteto Fizinio ir socialinio ugdymo katedros prof. dr. Ar\u016bno Emeljanovo paskaita ,,Fizinis paj\u0117gumas &#8211; fizinio aktyvumo rezultatas: naujausi Lietuvos moksleivi\u0173 rezultatai&#8221;.<\/p>\n<p><img loading=\"lazy\" decoding=\"async\" src=\"https:\/\/lera.lt\/se\/wp-content\/uploads\/sites\/16\/2024\/06\/Traku-Voke-5_6x4-300x200.jpg\" alt=\"\" width=\"300\" height=\"200\" \/><\/p>\n<p>VKKMD pirminink\u0117, Lietuvos k\u016bno kult\u016bros mokytoj\u0173 asociacijos viceprezident\u0117 Irut\u0117 Jur\u0161\u0117nait\u0117 pristat\u0117 2024-2025 m. m. fizinio ugdymo dalyko naujoves. Konferencijoje buvo pasid\u017eiaugta ir Vilniaus gimnazij\u0173 \u017eaidyni\u0173 rezultatais, reik\u0161mingu komandas ruo\u0161usi\u0173 mokytoj\u0173 ind\u0117liu. Konferencijos u\u017edarymui skirta mokytoj\u0173 pa\u017eintin\u0117 ekskursija su gide po Trak\u0173 Vok\u0117s dvar\u0105 ir park\u0105 prapl\u0117t\u0117 mokytoj\u0173 bendr\u0105sias kompetencijas ir paskatino pl\u0117sti bendradarbiavim\u0105 tolesn\u0117ms reik\u0161mingoms id\u0117joms realizuotis fizinio ugdymo mokytoj\u0173 bendruomen\u0117je.<\/p>\n<p>Konferencijoje taip pat dalyvavo, \u012f\u017evalgas ir gr\u012f\u017etam\u0105j\u012f ry\u0161\u012f pateik\u0117 doktorant\u0117, Sporto edukacijos tinklo komiteto nar\u0117, Vilniaus m. ikimokyklinio fizinio ugdymo mokytoj\u0173 metodin\u0117s tarybos nar\u0117 Vilija Gerasimovi\u010dien\u0117.<\/p>\n<p><img loading=\"lazy\" decoding=\"async\" src=\"https:\/\/lera.lt\/se\/wp-content\/uploads\/sites\/16\/2024\/06\/Traku-Vokes-konferencija-2024-9.jpg\" sizes=\"auto, (max-width: 300px) 100vw, 300px\" srcset=\"https:\/\/lera.lt\/se\/wp-content\/uploads\/sites\/16\/2024\/06\/Traku-Vokes-konferencija-2024-9.jpg 300w, https:\/\/lera.lt\/se\/wp-content\/uploads\/sites\/16\/2024\/06\/Traku-Vokes-konferencija-2024-9-150x150.jpg 150w, https:\/\/lera.lt\/se\/wp-content\/uploads\/sites\/16\/2024\/06\/Traku-Vokes-konferencija-2024-9-100x100.jpg 100w\" alt=\"\" width=\"298\" height=\"298\" \/><img loading=\"lazy\" decoding=\"async\" src=\"https:\/\/lera.lt\/se\/wp-content\/uploads\/sites\/16\/2024\/06\/Traku-Vokes-konferencija-2024_6-300x143.jpg\" sizes=\"auto, (min-width: 0px) and (max-width: 480px) 480px, (min-width: 481px) 608px, 100vw\" srcset=\"https:\/\/lera.lt\/se\/wp-content\/uploads\/sites\/16\/2024\/06\/Traku-Vokes-konferencija-2024_6-300x143.jpg 608w, https:\/\/lera.lt\/se\/wp-content\/uploads\/sites\/16\/2024\/06\/Traku-Vokes-konferencija-2024_6-480x228.jpg 480w\" alt=\"\" width=\"441\" height=\"210\" \/><\/p>\n<p>&nbsp;<\/p>\n<p>&nbsp;<\/p>\n<p>&nbsp;<\/p>\n<h3><strong>Mokslin\u0117-praktin\u0117 konferencija \u201e100 met\u0173 olimpiniam s\u0105j\u016bd\u017eiui&#8221;<\/strong><\/h3>\n<p><img loading=\"lazy\" decoding=\"async\" src=\"https:\/\/lera.lt\/se\/wp-content\/uploads\/sites\/16\/2024\/04\/LOA-210x300.jpg\" alt=\"\" width=\"210\" height=\"300\" \/><\/p>\n<p>Lietuvos olimpin\u0117 akademija ir Klaip\u0117dos universitetas organizavo mokslin\u0119-praktin\u0119 konferencij\u0105 \u201e100 met\u0173 olimpiniam s\u0105j\u016bd\u017eiui&#8221; \u0161. m. baland\u017eio 19 d. Klaip\u0117doje (KU Aula Magna \u201eStudlendas&#8221;, H. Manto g. 90-2). Prad\u017eia 11.00 val.<\/p>\n\n","protected":false},"excerpt":{"rendered":"<p>Tarptautin\u0117 Jaun\u0173j\u0173 tyr\u0117j\u0173 tinklo EARLI konferencija Ispanijoje 2024 m. bir\u017eelio 24-28 dienomis Sevilijos (Ispanija) universitete (Psichologijos fakultetas) vyko Europos mokymo(si) tyrim\u0173 asociacijos\u00a0&#8211;\u00a0EARLI\u00a0(The European Association for Research on Learning and Instruction),\u00a0jaun\u0173j\u0173 tyr\u0117j\u0173 tinklo\u00a0the JURE\u00a0(the network of Junior Researchers of EARLI) 28-oji konferencija. \u0160ioje konferencijoje dalyvavo daugiau nei 330 jaun\u0173j\u0173 tyr\u0117j\u0173 i\u0161 viso pasaulio. \u0160i\u0173 met\u0173 konferencijos&hellip;<\/p>\n","protected":false},"author":9,"featured_media":0,"parent":0,"menu_order":0,"comment_status":"closed","ping_status":"closed","template":"","meta":{"footnotes":""},"class_list":["post-841","page","type-page","status-publish","hentry"],"yoast_head":"<!-- This site is optimized with the Yoast SEO plugin v25.7 - https:\/\/yoast.com\/wordpress\/plugins\/seo\/ -->\n<title>Konferencijos ir susitikimai - Sporto edukacijos tinklas<\/title>\n<meta name=\"robots\" content=\"index, follow, max-snippet:-1, max-image-preview:large, max-video-preview:-1\" \/>\n<link rel=\"canonical\" href=\"https:\/\/lera.lt\/sporto-edukacijos-tinklas\/konferencijos-ir-susitikimai\/\" \/>\n<meta property=\"og:locale\" content=\"lt_LT\" \/>\n<meta property=\"og:type\" content=\"article\" \/>\n<meta property=\"og:title\" content=\"Konferencijos ir susitikimai - Sporto edukacijos tinklas\" \/>\n<meta property=\"og:description\" content=\"Tarptautin\u0117 Jaun\u0173j\u0173 tyr\u0117j\u0173 tinklo EARLI konferencija Ispanijoje 2024 m. bir\u017eelio 24-28 dienomis Sevilijos (Ispanija) universitete (Psichologijos fakultetas) vyko Europos mokymo(si) tyrim\u0173 asociacijos\u00a0&#8211;\u00a0EARLI\u00a0(The European Association for Research on Learning and Instruction),\u00a0jaun\u0173j\u0173 tyr\u0117j\u0173 tinklo\u00a0the JURE\u00a0(the network of Junior Researchers of EARLI) 28-oji konferencija. \u0160ioje konferencijoje dalyvavo daugiau nei 330 jaun\u0173j\u0173 tyr\u0117j\u0173 i\u0161 viso pasaulio. \u0160i\u0173 met\u0173 konferencijos&hellip;\" \/>\n<meta property=\"og:url\" content=\"https:\/\/lera.lt\/sporto-edukacijos-tinklas\/konferencijos-ir-susitikimai\/\" \/>\n<meta property=\"og:site_name\" content=\"Sporto edukacijos tinklas\" \/>\n<meta property=\"article:modified_time\" content=\"2025-09-11T12:08:27+00:00\" \/>\n<meta property=\"og:image\" content=\"https:\/\/lera.lt\/se\/wp-content\/uploads\/sites\/16\/2024\/09\/1725295059148-225x300.jpg\" \/>\n<meta name=\"twitter:card\" content=\"summary_large_image\" \/>\n<script type=\"application\/ld+json\" class=\"yoast-schema-graph\">{\"@context\":\"https:\/\/schema.org\",\"@graph\":[{\"@type\":\"WebPage\",\"@id\":\"https:\/\/lera.lt\/sporto-edukacijos-tinklas\/konferencijos-ir-susitikimai\/\",\"url\":\"https:\/\/lera.lt\/sporto-edukacijos-tinklas\/konferencijos-ir-susitikimai\/\",\"name\":\"Konferencijos ir susitikimai - Sporto edukacijos tinklas\",\"isPartOf\":{\"@id\":\"https:\/\/lera.lt\/sporto-edukacijos-tinklas\/#website\"},\"primaryImageOfPage\":{\"@id\":\"https:\/\/lera.lt\/sporto-edukacijos-tinklas\/konferencijos-ir-susitikimai\/#primaryimage\"},\"image\":{\"@id\":\"https:\/\/lera.lt\/sporto-edukacijos-tinklas\/konferencijos-ir-susitikimai\/#primaryimage\"},\"thumbnailUrl\":\"https:\/\/lera.lt\/se\/wp-content\/uploads\/sites\/16\/2024\/09\/1725295059148-225x300.jpg\",\"datePublished\":\"2025-09-11T12:07:35+00:00\",\"dateModified\":\"2025-09-11T12:08:27+00:00\",\"breadcrumb\":{\"@id\":\"https:\/\/lera.lt\/sporto-edukacijos-tinklas\/konferencijos-ir-susitikimai\/#breadcrumb\"},\"inLanguage\":\"lt-LT\",\"potentialAction\":[{\"@type\":\"ReadAction\",\"target\":[\"https:\/\/lera.lt\/sporto-edukacijos-tinklas\/konferencijos-ir-susitikimai\/\"]}]},{\"@type\":\"ImageObject\",\"inLanguage\":\"lt-LT\",\"@id\":\"https:\/\/lera.lt\/sporto-edukacijos-tinklas\/konferencijos-ir-susitikimai\/#primaryimage\",\"url\":\"https:\/\/lera.lt\/se\/wp-content\/uploads\/sites\/16\/2024\/09\/1725295059148-225x300.jpg\",\"contentUrl\":\"https:\/\/lera.lt\/se\/wp-content\/uploads\/sites\/16\/2024\/09\/1725295059148-225x300.jpg\"},{\"@type\":\"BreadcrumbList\",\"@id\":\"https:\/\/lera.lt\/sporto-edukacijos-tinklas\/konferencijos-ir-susitikimai\/#breadcrumb\",\"itemListElement\":[{\"@type\":\"ListItem\",\"position\":1,\"name\":\"Home\",\"item\":\"https:\/\/lera.lt\/sporto-edukacijos-tinklas\/\"},{\"@type\":\"ListItem\",\"position\":2,\"name\":\"Konferencijos ir susitikimai\"}]},{\"@type\":\"WebSite\",\"@id\":\"https:\/\/lera.lt\/sporto-edukacijos-tinklas\/#website\",\"url\":\"https:\/\/lera.lt\/sporto-edukacijos-tinklas\/\",\"name\":\"Sporto edukacijos tinklas\",\"description\":\"\",\"potentialAction\":[{\"@type\":\"SearchAction\",\"target\":{\"@type\":\"EntryPoint\",\"urlTemplate\":\"https:\/\/lera.lt\/sporto-edukacijos-tinklas\/?s={search_term_string}\"},\"query-input\":{\"@type\":\"PropertyValueSpecification\",\"valueRequired\":true,\"valueName\":\"search_term_string\"}}],\"inLanguage\":\"lt-LT\"}]}<\/script>\n<!-- \/ Yoast SEO plugin. -->","yoast_head_json":{"title":"Konferencijos ir susitikimai - Sporto edukacijos tinklas","robots":{"index":"index","follow":"follow","max-snippet":"max-snippet:-1","max-image-preview":"max-image-preview:large","max-video-preview":"max-video-preview:-1"},"canonical":"https:\/\/lera.lt\/sporto-edukacijos-tinklas\/konferencijos-ir-susitikimai\/","og_locale":"lt_LT","og_type":"article","og_title":"Konferencijos ir susitikimai - Sporto edukacijos tinklas","og_description":"Tarptautin\u0117 Jaun\u0173j\u0173 tyr\u0117j\u0173 tinklo EARLI konferencija Ispanijoje 2024 m. bir\u017eelio 24-28 dienomis Sevilijos (Ispanija) universitete (Psichologijos fakultetas) vyko Europos mokymo(si) tyrim\u0173 asociacijos\u00a0&#8211;\u00a0EARLI\u00a0(The European Association for Research on Learning and Instruction),\u00a0jaun\u0173j\u0173 tyr\u0117j\u0173 tinklo\u00a0the JURE\u00a0(the network of Junior Researchers of EARLI) 28-oji konferencija. \u0160ioje konferencijoje dalyvavo daugiau nei 330 jaun\u0173j\u0173 tyr\u0117j\u0173 i\u0161 viso pasaulio. \u0160i\u0173 met\u0173 konferencijos&hellip;","og_url":"https:\/\/lera.lt\/sporto-edukacijos-tinklas\/konferencijos-ir-susitikimai\/","og_site_name":"Sporto edukacijos tinklas","article_modified_time":"2025-09-11T12:08:27+00:00","og_image":[{"url":"https:\/\/lera.lt\/se\/wp-content\/uploads\/sites\/16\/2024\/09\/1725295059148-225x300.jpg","type":"","width":"","height":""}],"twitter_card":"summary_large_image","schema":{"@context":"https:\/\/schema.org","@graph":[{"@type":"WebPage","@id":"https:\/\/lera.lt\/sporto-edukacijos-tinklas\/konferencijos-ir-susitikimai\/","url":"https:\/\/lera.lt\/sporto-edukacijos-tinklas\/konferencijos-ir-susitikimai\/","name":"Konferencijos ir susitikimai - Sporto edukacijos tinklas","isPartOf":{"@id":"https:\/\/lera.lt\/sporto-edukacijos-tinklas\/#website"},"primaryImageOfPage":{"@id":"https:\/\/lera.lt\/sporto-edukacijos-tinklas\/konferencijos-ir-susitikimai\/#primaryimage"},"image":{"@id":"https:\/\/lera.lt\/sporto-edukacijos-tinklas\/konferencijos-ir-susitikimai\/#primaryimage"},"thumbnailUrl":"https:\/\/lera.lt\/se\/wp-content\/uploads\/sites\/16\/2024\/09\/1725295059148-225x300.jpg","datePublished":"2025-09-11T12:07:35+00:00","dateModified":"2025-09-11T12:08:27+00:00","breadcrumb":{"@id":"https:\/\/lera.lt\/sporto-edukacijos-tinklas\/konferencijos-ir-susitikimai\/#breadcrumb"},"inLanguage":"lt-LT","potentialAction":[{"@type":"ReadAction","target":["https:\/\/lera.lt\/sporto-edukacijos-tinklas\/konferencijos-ir-susitikimai\/"]}]},{"@type":"ImageObject","inLanguage":"lt-LT","@id":"https:\/\/lera.lt\/sporto-edukacijos-tinklas\/konferencijos-ir-susitikimai\/#primaryimage","url":"https:\/\/lera.lt\/se\/wp-content\/uploads\/sites\/16\/2024\/09\/1725295059148-225x300.jpg","contentUrl":"https:\/\/lera.lt\/se\/wp-content\/uploads\/sites\/16\/2024\/09\/1725295059148-225x300.jpg"},{"@type":"BreadcrumbList","@id":"https:\/\/lera.lt\/sporto-edukacijos-tinklas\/konferencijos-ir-susitikimai\/#breadcrumb","itemListElement":[{"@type":"ListItem","position":1,"name":"Home","item":"https:\/\/lera.lt\/sporto-edukacijos-tinklas\/"},{"@type":"ListItem","position":2,"name":"Konferencijos ir susitikimai"}]},{"@type":"WebSite","@id":"https:\/\/lera.lt\/sporto-edukacijos-tinklas\/#website","url":"https:\/\/lera.lt\/sporto-edukacijos-tinklas\/","name":"Sporto edukacijos tinklas","description":"","potentialAction":[{"@type":"SearchAction","target":{"@type":"EntryPoint","urlTemplate":"https:\/\/lera.lt\/sporto-edukacijos-tinklas\/?s={search_term_string}"},"query-input":{"@type":"PropertyValueSpecification","valueRequired":true,"valueName":"search_term_string"}}],"inLanguage":"lt-LT"}]}},"_links":{"self":[{"href":"https:\/\/lera.lt\/sporto-edukacijos-tinklas\/wp-json\/wp\/v2\/pages\/841","targetHints":{"allow":["GET"]}}],"collection":[{"href":"https:\/\/lera.lt\/sporto-edukacijos-tinklas\/wp-json\/wp\/v2\/pages"}],"about":[{"href":"https:\/\/lera.lt\/sporto-edukacijos-tinklas\/wp-json\/wp\/v2\/types\/page"}],"author":[{"embeddable":true,"href":"https:\/\/lera.lt\/sporto-edukacijos-tinklas\/wp-json\/wp\/v2\/users\/9"}],"replies":[{"embeddable":true,"href":"https:\/\/lera.lt\/sporto-edukacijos-tinklas\/wp-json\/wp\/v2\/comments?post=841"}],"version-history":[{"count":3,"href":"https:\/\/lera.lt\/sporto-edukacijos-tinklas\/wp-json\/wp\/v2\/pages\/841\/revisions"}],"predecessor-version":[{"id":853,"href":"https:\/\/lera.lt\/sporto-edukacijos-tinklas\/wp-json\/wp\/v2\/pages\/841\/revisions\/853"}],"wp:attachment":[{"href":"https:\/\/lera.lt\/sporto-edukacijos-tinklas\/wp-json\/wp\/v2\/media?parent=841"}],"curies":[{"name":"wp","href":"https:\/\/api.w.org\/{rel}","templated":true}]}}