{"id":682,"date":"2025-08-20T13:39:39","date_gmt":"2025-08-20T13:39:39","guid":{"rendered":"https:\/\/lera.lt\/projektines-veiklos-ir-strateginiu-partnerysciu-tinklas\/?page_id=682"},"modified":"2025-09-11T15:20:08","modified_gmt":"2025-09-11T15:20:08","slug":"network-activities","status":"publish","type":"page","link":"https:\/\/lera.lt\/projektines-veiklos-ir-strateginiu-partnerysciu-tinklas\/en\/network-activities\/","title":{"rendered":"Network Activities"},"content":{"rendered":"\n\n\t\t\t\t\t<a href=\"#\"  id=\"fl-accordion--label-0\" tabindex=\"0\" aria-controls=\"fl-accordion--panel-0\">Network Activities 2024<\/a>\n\t\t\t\t\t\t\t\t\t\t\t<a href=\"#\" id=\"fl-accordion--icon-0\"  tabindex=\"0\"><i title=\"Collapse\">Collapse<\/i><\/a>\n<h3><strong>Network Activities 2024<\/strong><\/h3>\n<p>&nbsp;<\/p>\n<h3><b><strong>Implemented Project Activities and Strategic Partnerships Network Activities\u00a0<\/strong><\/b><\/h3>\n<h3><b><strong>1.<\/strong><\/b> <b><strong>Members of the Project Activities and Strategic Partnerships Network participated in the LETA 2024 conference and gave the following presentations:<\/strong><\/b><\/h3>\n<p>(a) <b><strong>VIRTUAL MEASURES &#8211; BUILDING GLOBAL COMPETENCY(SI)<\/strong><\/b><\/p>\n<p><b><strong>OPPORTUNITIES AND CHALLENGES <\/strong><\/b>(Loreta Chodzkiene, Auks\u0117 Petru\u0161kevi\u010di\u016bt\u0117 (Vilnius University)).<\/p>\n\t\t\t\t<img decoding=\"async\" src=\"https:\/\/lera.lt\/projektines-veiklos-ir-strateginiu-partnerysciu-tinklas\/wp-content\/uploads\/sites\/20\/2025\/08\/negotiation-3280305_640.jpg\" alt=\"negotiation-3280305_640\" itemprop=\"image\" height=\"267\" width=\"640\" title=\"negotiation-3280305_640\" onerror=\"this.style.display='none'\" loading=\"lazy\" srcset=\"https:\/\/lera.lt\/projektines-veiklos-ir-strateginiu-partnerysciu-tinklas\/wp-content\/uploads\/sites\/20\/2025\/08\/negotiation-3280305_640.jpg 640w, https:\/\/lera.lt\/projektines-veiklos-ir-strateginiu-partnerysciu-tinklas\/wp-content\/uploads\/sites\/20\/2025\/08\/negotiation-3280305_640-300x125.jpg 300w, https:\/\/lera.lt\/projektines-veiklos-ir-strateginiu-partnerysciu-tinklas\/wp-content\/uploads\/sites\/20\/2025\/08\/negotiation-3280305_640-600x250.jpg 600w\" sizes=\"auto, (max-width: 640px) 100vw, 640px\" \/>\n\t\t\t\t<img decoding=\"async\" src=\"https:\/\/lera.lt\/projektines-veiklos-ir-strateginiu-partnerysciu-tinklas\/wp-content\/uploads\/sites\/20\/2025\/08\/business-8941842_640-1.jpg\" alt=\"business-8941842_640-1\" itemprop=\"image\" height=\"359\" width=\"640\" title=\"business-8941842_640-1\" onerror=\"this.style.display='none'\" loading=\"lazy\" srcset=\"https:\/\/lera.lt\/projektines-veiklos-ir-strateginiu-partnerysciu-tinklas\/wp-content\/uploads\/sites\/20\/2025\/08\/business-8941842_640-1.jpg 640w, https:\/\/lera.lt\/projektines-veiklos-ir-strateginiu-partnerysciu-tinklas\/wp-content\/uploads\/sites\/20\/2025\/08\/business-8941842_640-1-300x168.jpg 300w, https:\/\/lera.lt\/projektines-veiklos-ir-strateginiu-partnerysciu-tinklas\/wp-content\/uploads\/sites\/20\/2025\/08\/business-8941842_640-1-600x337.jpg 600w\" sizes=\"auto, (max-width: 640px) 100vw, 640px\" \/>\n<p><strong>b) LEARNING OF EDUCATION RESEARCH METHODOLOGIES AMONG EDUCATION RESEARCH<\/strong>(Aida Kairien\u0117 (Klaip\u0117da University)).<\/p>\n<p><strong>c) APPLICATION OF THE LOCAL LEARNING CYCLE MODEL FOR INTEGRALS<\/strong><\/p>\n<p>(Natalija Ignatova (Kaunas University of Technology)).<\/p>\n<p>d) <strong>ENGAGING PUPILS IN RESOURCE CREATION THROUGH DEDICATED LEARNING<\/strong><\/p>\n<p>( Natalija Ignatova, Aldona Augustinien\u0117 (Kaunas University of Technology)).<\/p>\n<p>e) <strong>PEDAGOGICAL ASPECTS OF USING MUSIC IN WORKING WITH <\/strong><strong>CHILDREN OF THE INCLUSIVE AGE<\/strong>\u00a0(Elena Valiulien\u0117 (Lithuanian Academy of Music and Theatre)).<\/p>\n<p>f) <b><strong>DIFFERENT TRANSFORMATIONS IN VILNIUS AND KAUNAS GYMNASES<\/strong><\/b><\/p>\n<p><b><strong>PILOT STUDY:<\/strong><\/b> <b><strong>GOOGLE ALBUS <\/strong><\/b>(Judita Kasperi\u016bnien\u0117 (Vytautas Magnus University), Vaida Masiulionyt\u0117 &#8211; Dagien\u0117 (Vilnius University), Valentina Dagien\u0117 (Vilnius University)).<\/p>\n<p>g) <b><strong>TECHNOLOGICAL LITERACY OF FIRST-YEAR STUDENTS &#8211; FROM<\/strong><\/b><\/p>\n<p><b><strong>SISTEMICALITY TO THE DETAILS <\/strong><\/b>(Edita Butrim\u0117 (Lithuanian University of Health Sciences), Judita Kasperi\u016bnien\u0117 (Vytautas Magnus University))<\/p>\n<p>h) EDTECH <b><strong>(EDUCATION TRANSFORMATION THROUGH CHANGE) PROJECT<\/strong><\/b><\/p>\n<p><b><strong>EXPERIENCES<\/strong><\/b> (Egl\u0117 Misi\u016bnait\u0117- Ba\u010diauskien\u0117 (Lithuanian University of Health Sciences)).<\/p>\n<p>i) <b><strong>MUSICAL COLLABORATION DYNAMICS: WAYS AND OPPORTUNITIES<\/strong><\/b><\/p>\n<p>(Agn\u0117 Railait\u0117 Jurk\u016bnien\u0117 (Lithuanian Academy of Music and Theatre)).<\/p>\n\t\t\t\t<img decoding=\"async\" src=\"https:\/\/lera.lt\/projektines-veiklos-ir-strateginiu-partnerysciu-tinklas\/wp-content\/uploads\/sites\/20\/2025\/08\/office-620822_640.jpg\" alt=\"office-620822_640\" itemprop=\"image\" height=\"425\" width=\"640\" title=\"office-620822_640\" onerror=\"this.style.display='none'\" loading=\"lazy\" srcset=\"https:\/\/lera.lt\/projektines-veiklos-ir-strateginiu-partnerysciu-tinklas\/wp-content\/uploads\/sites\/20\/2025\/08\/office-620822_640.jpg 640w, https:\/\/lera.lt\/projektines-veiklos-ir-strateginiu-partnerysciu-tinklas\/wp-content\/uploads\/sites\/20\/2025\/08\/office-620822_640-300x199.jpg 300w, https:\/\/lera.lt\/projektines-veiklos-ir-strateginiu-partnerysciu-tinklas\/wp-content\/uploads\/sites\/20\/2025\/08\/office-620822_640-600x398.jpg 600w\" sizes=\"auto, (max-width: 640px) 100vw, 640px\" \/>\n\t<p>Read\u00a0 more about the LERA conference <a href=\"https:\/\/lera.lt\/\/leta-konferencijos\/leta-konferencija-2024\/\">here<\/a><\/p>\n<h3><b><strong>2.<\/strong><\/b> <b><strong>The Project Activities and Strategic Partnerships Network participated in and implemented the LMT Support to Associations (LERA) project.<\/strong><\/b><\/h3>\n<p><b><strong>Read more <\/strong><\/b><a href=\"https:\/\/lera.lt\/lietuvos-mokslo-tarybos-paramos-leta-projektas\/\"><b><strong>here<\/strong><\/b><\/a><\/p>\n<h3><b><strong>3<\/strong><\/b>. <b><strong>The Project Activities and Strategic Partnerships Network strengthened cooperation<\/strong><\/b><\/h3>\n<p>with the Ministry of Education, Sports and Science, the Latvian and Estonian Educational Research Associations and other Lithuanian associations. Communication and exchange of invitations to events and conferences. Representatives from the Ministry of Education, Sports and Science and speakers from other associations attended the LETA 2024 conference.<\/p>\n\t\t\t\t<img decoding=\"async\" src=\"https:\/\/lera.lt\/projektines-veiklos-ir-strateginiu-partnerysciu-tinklas\/wp-content\/uploads\/sites\/20\/2025\/08\/photo-9.jpg\" alt=\"photo-9\" itemprop=\"image\" height=\"400\" width=\"600\" title=\"photo-9\" onerror=\"this.style.display='none'\" loading=\"lazy\" srcset=\"https:\/\/lera.lt\/projektines-veiklos-ir-strateginiu-partnerysciu-tinklas\/wp-content\/uploads\/sites\/20\/2025\/08\/photo-9.jpg 600w, https:\/\/lera.lt\/projektines-veiklos-ir-strateginiu-partnerysciu-tinklas\/wp-content\/uploads\/sites\/20\/2025\/08\/photo-9-300x200.jpg 300w\" sizes=\"auto, (max-width: 600px) 100vw, 600px\" \/>\n1. Participate in the LERA 2024 conference.<br \/>\n2. Strengthen LERA&#8217;s cooperation with the Ministry of Education and Science and the Ministry of Education, Science and Sports of the Republic of Lithuania.<br \/>\n3. Establish cooperation relations with other educational associations.<br \/>\n4. Strengthen partnership with the Baltic Educational Research Associations.\n\t\t\t\t\t<a href=\"#\"  id=\"fl-accordion--label-1\" tabindex=\"0\" aria-controls=\"fl-accordion--panel-1\">Network Activities 2023<\/a>\n\t\t\t\t\t\t\t\t\t\t\t<a href=\"#\" id=\"fl-accordion--icon-1\"  tabindex=\"0\"><i title=\"Expand\">Expand<\/i><\/a>\n\t\t\t\t<img decoding=\"async\" src=\"https:\/\/lera.lt\/projektines-veiklos-ir-strateginiu-partnerysciu-tinklas\/wp-content\/uploads\/sites\/20\/2025\/08\/photo-8_6x4.jpg\" alt=\"photo-8_6x4\" itemprop=\"image\" height=\"400\" width=\"600\" title=\"photo-8_6x4\" onerror=\"this.style.display='none'\" loading=\"lazy\" srcset=\"https:\/\/lera.lt\/projektines-veiklos-ir-strateginiu-partnerysciu-tinklas\/wp-content\/uploads\/sites\/20\/2025\/08\/photo-8_6x4.jpg 600w, https:\/\/lera.lt\/projektines-veiklos-ir-strateginiu-partnerysciu-tinklas\/wp-content\/uploads\/sites\/20\/2025\/08\/photo-8_6x4-300x200.jpg 300w\" sizes=\"auto, (max-width: 600px) 100vw, 600px\" \/>\n\t<p>1. Network members participated in the LERA 2023 conference.<\/p>\n<p>2. The Network initiated LErA&#8217;s cooperation relations with the Ministry of Education, Science and Sports and the Seimas of the Republic of Lithuania.<\/p>\n<p>3. The Network maintains contacts with the Committee on Education and Science. Prof. Dr. Art\u016bras \u017dukauskas, Chairman of the Committee on Education and Science, welcomed the participants of the LERA 2023 Conference.<\/p>\n<p>4. The LERA XXVIII Education Forum &#8222;Life Skills Curriculum in the School of General Education: Scientific Approaches&#8221; was held on 30 October 2023.<\/p>\n\t\t\t\t\t<a href=\"#\"  id=\"fl-accordion--label-2\" tabindex=\"0\" aria-controls=\"fl-accordion--panel-2\">Network Activities 2022<\/a>\n\t\t\t\t\t\t\t\t\t\t\t<a href=\"#\" id=\"fl-accordion--icon-2\"  tabindex=\"0\"><i title=\"Expand\">Expand<\/i><\/a>\n\t\t\t\t<img decoding=\"async\" src=\"https:\/\/lera.lt\/projektines-veiklos-ir-strateginiu-partnerysciu-tinklas\/wp-content\/uploads\/sites\/20\/2025\/09\/business1_6x4.jpg\" alt=\"business1_6x4\" itemprop=\"image\" height=\"400\" width=\"600\" title=\"business1_6x4\" onerror=\"this.style.display='none'\" loading=\"lazy\" srcset=\"https:\/\/lera.lt\/projektines-veiklos-ir-strateginiu-partnerysciu-tinklas\/wp-content\/uploads\/sites\/20\/2025\/09\/business1_6x4.jpg 600w, https:\/\/lera.lt\/projektines-veiklos-ir-strateginiu-partnerysciu-tinklas\/wp-content\/uploads\/sites\/20\/2025\/09\/business1_6x4-300x200.jpg 300w\" sizes=\"auto, (max-width: 600px) 100vw, 600px\" \/>\n\t<ol>\n<li>Participation in the working groups of the Ministry of Education, Science, and Sport\u00a0 (review of the roles of education support specialists, etc.).<\/li>\n<li>Participation in the organisation of the 6th Lithuanian Educational Research Association Conference &#8222;Educational Practice and Research in a Turbulent World&#8221;, dedicated to the 100th anniversary of the University of Lithuania, Vytautas Magnus University, Academy of Education, 13 &#8211; 14 October 2022.<\/li>\n<li>Participation in updating and providing information for the LERA website.<\/li>\n<li>Participation in LERA meetings with the Ministry of Education, Science, and Sport, the Seimas Committee on Education and Science.<\/li>\n<li>Cooperation with the Future Committee of the Seimas in organising meetings of the Future Committee on Education and discussions of the Informal Future Forum &#8222;Intellectual Independence of Lithuania&#8221;.<\/li>\n<li>Participation in LERA Educational Forums (presentations, participation in discussions, moderation).<\/li>\n<li>Participation of network members in the ECER 2022 conference.<\/li>\n<li>Dissemination of information about LERA activities.<\/li>\n<li>Participation in LERA Board activities.<\/li>\n<\/ol>\n\n","protected":false},"excerpt":{"rendered":"<p>Network Activities 2024 Collapse Network Activities 2024 &nbsp; Implemented Project Activities and Strategic Partnerships Network Activities\u00a0 1. Members of the Project Activities and Strategic Partnerships Network participated in the LETA 2024 conference and gave the following presentations: (a) VIRTUAL MEASURES &#8211; BUILDING GLOBAL COMPETENCY(SI) OPPORTUNITIES AND CHALLENGES (Loreta Chodzkiene, Auks\u0117 Petru\u0161kevi\u010di\u016bt\u0117 (Vilnius University)). b) LEARNING&hellip;<\/p>\n","protected":false},"author":1,"featured_media":0,"parent":0,"menu_order":0,"comment_status":"closed","ping_status":"closed","template":"","meta":{"footnotes":""},"class_list":["post-682","page","type-page","status-publish","hentry"],"yoast_head":"<!-- This site is optimized with the Yoast SEO plugin v25.7 - https:\/\/yoast.com\/wordpress\/plugins\/seo\/ -->\n<title>Network Activities - Projektin\u0117s veiklos ir strategini\u0173 partnerys\u010di\u0173 tinklas<\/title>\n<meta name=\"robots\" content=\"index, follow, max-snippet:-1, max-image-preview:large, max-video-preview:-1\" \/>\n<link rel=\"canonical\" href=\"https:\/\/lera.lt\/projektines-veiklos-ir-strateginiu-partnerysciu-tinklas\/en\/network-activities\/\" \/>\n<meta property=\"og:locale\" content=\"lt_LT\" \/>\n<meta property=\"og:type\" content=\"article\" \/>\n<meta property=\"og:title\" content=\"Network Activities - Projektin\u0117s veiklos ir strategini\u0173 partnerys\u010di\u0173 tinklas\" \/>\n<meta property=\"og:description\" content=\"Network Activities 2024 Collapse Network Activities 2024 &nbsp; Implemented Project Activities and Strategic Partnerships Network Activities\u00a0 1. Members of the Project Activities and Strategic Partnerships Network participated in the LETA 2024 conference and gave the following presentations: (a) VIRTUAL MEASURES &#8211; BUILDING GLOBAL COMPETENCY(SI) OPPORTUNITIES AND CHALLENGES (Loreta Chodzkiene, Auks\u0117 Petru\u0161kevi\u010di\u016bt\u0117 (Vilnius University)). b) LEARNING&hellip;\" \/>\n<meta property=\"og:url\" content=\"https:\/\/lera.lt\/projektines-veiklos-ir-strateginiu-partnerysciu-tinklas\/en\/network-activities\/\" \/>\n<meta property=\"og:site_name\" content=\"Projektin\u0117s veiklos ir strategini\u0173 partnerys\u010di\u0173 tinklas\" \/>\n<meta property=\"article:modified_time\" content=\"2025-09-11T15:20:08+00:00\" \/>\n<meta property=\"og:image\" content=\"https:\/\/lera.lt\/projektines-veiklos-ir-strateginiu-partnerysciu-tinklas\/wp-content\/uploads\/sites\/20\/2025\/08\/negotiation-3280305_640.jpg\" \/>\n<meta name=\"twitter:card\" content=\"summary_large_image\" \/>\n<script type=\"application\/ld+json\" class=\"yoast-schema-graph\">{\"@context\":\"https:\/\/schema.org\",\"@graph\":[{\"@type\":\"WebPage\",\"@id\":\"https:\/\/lera.lt\/projektines-veiklos-ir-strateginiu-partnerysciu-tinklas\/en\/network-activities\/\",\"url\":\"https:\/\/lera.lt\/projektines-veiklos-ir-strateginiu-partnerysciu-tinklas\/en\/network-activities\/\",\"name\":\"Network Activities - Projektin\u0117s veiklos ir strategini\u0173 partnerys\u010di\u0173 tinklas\",\"isPartOf\":{\"@id\":\"https:\/\/lera.lt\/projektines-veiklos-ir-strateginiu-partnerysciu-tinklas\/#website\"},\"primaryImageOfPage\":{\"@id\":\"https:\/\/lera.lt\/projektines-veiklos-ir-strateginiu-partnerysciu-tinklas\/en\/network-activities\/#primaryimage\"},\"image\":{\"@id\":\"https:\/\/lera.lt\/projektines-veiklos-ir-strateginiu-partnerysciu-tinklas\/en\/network-activities\/#primaryimage\"},\"thumbnailUrl\":\"https:\/\/lera.lt\/projektines-veiklos-ir-strateginiu-partnerysciu-tinklas\/wp-content\/uploads\/sites\/20\/2025\/08\/negotiation-3280305_640.jpg\",\"datePublished\":\"2025-08-20T13:39:39+00:00\",\"dateModified\":\"2025-09-11T15:20:08+00:00\",\"breadcrumb\":{\"@id\":\"https:\/\/lera.lt\/projektines-veiklos-ir-strateginiu-partnerysciu-tinklas\/en\/network-activities\/#breadcrumb\"},\"inLanguage\":\"lt-LT\",\"potentialAction\":[{\"@type\":\"ReadAction\",\"target\":[\"https:\/\/lera.lt\/projektines-veiklos-ir-strateginiu-partnerysciu-tinklas\/en\/network-activities\/\"]}]},{\"@type\":\"ImageObject\",\"inLanguage\":\"lt-LT\",\"@id\":\"https:\/\/lera.lt\/projektines-veiklos-ir-strateginiu-partnerysciu-tinklas\/en\/network-activities\/#primaryimage\",\"url\":\"https:\/\/lera.lt\/projektines-veiklos-ir-strateginiu-partnerysciu-tinklas\/wp-content\/uploads\/sites\/20\/2025\/08\/negotiation-3280305_640.jpg\",\"contentUrl\":\"https:\/\/lera.lt\/projektines-veiklos-ir-strateginiu-partnerysciu-tinklas\/wp-content\/uploads\/sites\/20\/2025\/08\/negotiation-3280305_640.jpg\",\"width\":640,\"height\":267},{\"@type\":\"BreadcrumbList\",\"@id\":\"https:\/\/lera.lt\/projektines-veiklos-ir-strateginiu-partnerysciu-tinklas\/en\/network-activities\/#breadcrumb\",\"itemListElement\":[{\"@type\":\"ListItem\",\"position\":1,\"name\":\"Home\",\"item\":\"https:\/\/lera.lt\/projektines-veiklos-ir-strateginiu-partnerysciu-tinklas\/\"},{\"@type\":\"ListItem\",\"position\":2,\"name\":\"Network Activities\"}]},{\"@type\":\"WebSite\",\"@id\":\"https:\/\/lera.lt\/projektines-veiklos-ir-strateginiu-partnerysciu-tinklas\/#website\",\"url\":\"https:\/\/lera.lt\/projektines-veiklos-ir-strateginiu-partnerysciu-tinklas\/\",\"name\":\"Projektin\u0117s veiklos ir strategini\u0173 partnerys\u010di\u0173 tinklas\",\"description\":\"\",\"potentialAction\":[{\"@type\":\"SearchAction\",\"target\":{\"@type\":\"EntryPoint\",\"urlTemplate\":\"https:\/\/lera.lt\/projektines-veiklos-ir-strateginiu-partnerysciu-tinklas\/?s={search_term_string}\"},\"query-input\":{\"@type\":\"PropertyValueSpecification\",\"valueRequired\":true,\"valueName\":\"search_term_string\"}}],\"inLanguage\":\"lt-LT\"}]}<\/script>\n<!-- \/ Yoast SEO plugin. -->","yoast_head_json":{"title":"Network Activities - Projektin\u0117s veiklos ir strategini\u0173 partnerys\u010di\u0173 tinklas","robots":{"index":"index","follow":"follow","max-snippet":"max-snippet:-1","max-image-preview":"max-image-preview:large","max-video-preview":"max-video-preview:-1"},"canonical":"https:\/\/lera.lt\/projektines-veiklos-ir-strateginiu-partnerysciu-tinklas\/en\/network-activities\/","og_locale":"lt_LT","og_type":"article","og_title":"Network Activities - Projektin\u0117s veiklos ir strategini\u0173 partnerys\u010di\u0173 tinklas","og_description":"Network Activities 2024 Collapse Network Activities 2024 &nbsp; Implemented Project Activities and Strategic Partnerships Network Activities\u00a0 1. Members of the Project Activities and Strategic Partnerships Network participated in the LETA 2024 conference and gave the following presentations: (a) VIRTUAL MEASURES &#8211; BUILDING GLOBAL COMPETENCY(SI) OPPORTUNITIES AND CHALLENGES (Loreta Chodzkiene, Auks\u0117 Petru\u0161kevi\u010di\u016bt\u0117 (Vilnius University)). b) LEARNING&hellip;","og_url":"https:\/\/lera.lt\/projektines-veiklos-ir-strateginiu-partnerysciu-tinklas\/en\/network-activities\/","og_site_name":"Projektin\u0117s veiklos ir strategini\u0173 partnerys\u010di\u0173 tinklas","article_modified_time":"2025-09-11T15:20:08+00:00","og_image":[{"url":"https:\/\/lera.lt\/projektines-veiklos-ir-strateginiu-partnerysciu-tinklas\/wp-content\/uploads\/sites\/20\/2025\/08\/negotiation-3280305_640.jpg","type":"","width":"","height":""}],"twitter_card":"summary_large_image","schema":{"@context":"https:\/\/schema.org","@graph":[{"@type":"WebPage","@id":"https:\/\/lera.lt\/projektines-veiklos-ir-strateginiu-partnerysciu-tinklas\/en\/network-activities\/","url":"https:\/\/lera.lt\/projektines-veiklos-ir-strateginiu-partnerysciu-tinklas\/en\/network-activities\/","name":"Network Activities - Projektin\u0117s veiklos ir strategini\u0173 partnerys\u010di\u0173 tinklas","isPartOf":{"@id":"https:\/\/lera.lt\/projektines-veiklos-ir-strateginiu-partnerysciu-tinklas\/#website"},"primaryImageOfPage":{"@id":"https:\/\/lera.lt\/projektines-veiklos-ir-strateginiu-partnerysciu-tinklas\/en\/network-activities\/#primaryimage"},"image":{"@id":"https:\/\/lera.lt\/projektines-veiklos-ir-strateginiu-partnerysciu-tinklas\/en\/network-activities\/#primaryimage"},"thumbnailUrl":"https:\/\/lera.lt\/projektines-veiklos-ir-strateginiu-partnerysciu-tinklas\/wp-content\/uploads\/sites\/20\/2025\/08\/negotiation-3280305_640.jpg","datePublished":"2025-08-20T13:39:39+00:00","dateModified":"2025-09-11T15:20:08+00:00","breadcrumb":{"@id":"https:\/\/lera.lt\/projektines-veiklos-ir-strateginiu-partnerysciu-tinklas\/en\/network-activities\/#breadcrumb"},"inLanguage":"lt-LT","potentialAction":[{"@type":"ReadAction","target":["https:\/\/lera.lt\/projektines-veiklos-ir-strateginiu-partnerysciu-tinklas\/en\/network-activities\/"]}]},{"@type":"ImageObject","inLanguage":"lt-LT","@id":"https:\/\/lera.lt\/projektines-veiklos-ir-strateginiu-partnerysciu-tinklas\/en\/network-activities\/#primaryimage","url":"https:\/\/lera.lt\/projektines-veiklos-ir-strateginiu-partnerysciu-tinklas\/wp-content\/uploads\/sites\/20\/2025\/08\/negotiation-3280305_640.jpg","contentUrl":"https:\/\/lera.lt\/projektines-veiklos-ir-strateginiu-partnerysciu-tinklas\/wp-content\/uploads\/sites\/20\/2025\/08\/negotiation-3280305_640.jpg","width":640,"height":267},{"@type":"BreadcrumbList","@id":"https:\/\/lera.lt\/projektines-veiklos-ir-strateginiu-partnerysciu-tinklas\/en\/network-activities\/#breadcrumb","itemListElement":[{"@type":"ListItem","position":1,"name":"Home","item":"https:\/\/lera.lt\/projektines-veiklos-ir-strateginiu-partnerysciu-tinklas\/"},{"@type":"ListItem","position":2,"name":"Network Activities"}]},{"@type":"WebSite","@id":"https:\/\/lera.lt\/projektines-veiklos-ir-strateginiu-partnerysciu-tinklas\/#website","url":"https:\/\/lera.lt\/projektines-veiklos-ir-strateginiu-partnerysciu-tinklas\/","name":"Projektin\u0117s veiklos ir strategini\u0173 partnerys\u010di\u0173 tinklas","description":"","potentialAction":[{"@type":"SearchAction","target":{"@type":"EntryPoint","urlTemplate":"https:\/\/lera.lt\/projektines-veiklos-ir-strateginiu-partnerysciu-tinklas\/?s={search_term_string}"},"query-input":{"@type":"PropertyValueSpecification","valueRequired":true,"valueName":"search_term_string"}}],"inLanguage":"lt-LT"}]}},"_links":{"self":[{"href":"https:\/\/lera.lt\/projektines-veiklos-ir-strateginiu-partnerysciu-tinklas\/wp-json\/wp\/v2\/pages\/682","targetHints":{"allow":["GET"]}}],"collection":[{"href":"https:\/\/lera.lt\/projektines-veiklos-ir-strateginiu-partnerysciu-tinklas\/wp-json\/wp\/v2\/pages"}],"about":[{"href":"https:\/\/lera.lt\/projektines-veiklos-ir-strateginiu-partnerysciu-tinklas\/wp-json\/wp\/v2\/types\/page"}],"author":[{"embeddable":true,"href":"https:\/\/lera.lt\/projektines-veiklos-ir-strateginiu-partnerysciu-tinklas\/wp-json\/wp\/v2\/users\/1"}],"replies":[{"embeddable":true,"href":"https:\/\/lera.lt\/projektines-veiklos-ir-strateginiu-partnerysciu-tinklas\/wp-json\/wp\/v2\/comments?post=682"}],"version-history":[{"count":9,"href":"https:\/\/lera.lt\/projektines-veiklos-ir-strateginiu-partnerysciu-tinklas\/wp-json\/wp\/v2\/pages\/682\/revisions"}],"predecessor-version":[{"id":886,"href":"https:\/\/lera.lt\/projektines-veiklos-ir-strateginiu-partnerysciu-tinklas\/wp-json\/wp\/v2\/pages\/682\/revisions\/886"}],"wp:attachment":[{"href":"https:\/\/lera.lt\/projektines-veiklos-ir-strateginiu-partnerysciu-tinklas\/wp-json\/wp\/v2\/media?parent=682"}],"curies":[{"name":"wp","href":"https:\/\/api.w.org\/{rel}","templated":true}]}}