{"id":591,"date":"2025-08-19T18:12:31","date_gmt":"2025-08-19T18:12:31","guid":{"rendered":"https:\/\/lera.lt\/pradinio-ugdymo-tinklas\/?page_id=591"},"modified":"2025-09-11T10:11:12","modified_gmt":"2025-09-11T10:11:12","slug":"tinklo-veiklos","status":"publish","type":"page","link":"https:\/\/lera.lt\/pradinio-ugdymo-tinklas\/tinklo-veiklos\/","title":{"rendered":"Tinklo veiklos"},"content":{"rendered":"\n\n\t\t\t\t\t<a href=\"#\"  id=\"fl-accordion--label-0\" tabindex=\"0\" aria-controls=\"fl-accordion--panel-0\">Tinklo veiklos 2023<\/a>\n\t\t\t\t\t\t\t\t\t\t\t<a href=\"#\" id=\"fl-accordion--icon-0\"  tabindex=\"0\"><i title=\"Collapse\">Collapse<\/i><\/a>\n\t\t\t\t\t<a href=\"#\"  id=\"fl-accordion--label-1\" tabindex=\"0\" aria-controls=\"fl-accordion--panel-1\">Tinklo veiklos 2022<\/a>\n\t\t\t\t\t\t\t\t\t\t\t<a href=\"#\" id=\"fl-accordion--icon-1\"  tabindex=\"0\"><i title=\"Expand\">Expand<\/i><\/a>\n\t\t\t\t\t<p>Daugiau nei dvide\u0161imties pradinio ugdymo tyr\u0117j\u0173 grup\u0117 veikl\u0105 prad\u0117jo 2022 metais. Grup\u0117s nariai susitikdavo ir bendraudavo nuotoliniu b\u016bdu. Prad\u0117jo vykdyti pirmin\u012f tyrim\u0105 d\u0117l vaik\u0173 i\u0161 Ukrainos ugdymo. Vienas i\u0161 svarbiausi\u0173 atlikt\u0173 darb\u0173 &#8211; aktyvus dalyvavimas LETA konferencijoje. Konferencijoje buvo pristatyti net 9 prane\u0161imai, kuriuos skait\u0117 mokslininkai, tyrin\u0117jantys pradinio ugdymo srit\u012f, i\u0161 skirting\u0173 Lietuvos universitet\u0173 (Klaip\u0117dos universiteto, Kauno technologijos universiteto, Vytauto Did\u017eiojo universiteto ir Vilniaus universiteto). Svarbu b\u016bt\u0173 pamin\u0117ti tai, kad pradinio ugdymo tyr\u0117j\u0173 grup\u0117je aktyviai dalyvauja doktorantai, jaunieji mokslininkai ir patyr\u0119 mokslininkai.\u00a0 \u00a0 \u00a0 \u00a0 Pagrindin\u0117 konferencijoje skaityta prane\u0161im\u0173 tematika yra \u0161i:<\/p>\n<ul>\n<li>3 klas\u0117s mokini\u0173 k\u016brybi\u0161kumo rai\u0161ka matematikos pamokose;<\/li>\n<li>integruotas kalbinis ugdymas skirtingoje sociokult\u016brin\u0117je aplinkoje pradin\u0117se klas\u0117se: miesto ir miestelio veiklos tyrimo atvejai;<\/li>\n<li>gr\u012f\u017etamojo ry\u0161io apie mokym\u0105si teikimas pradinio ugdymo pamokoje: k\u0105 atskleid\u017eia 2021-2022 m. mokykl\u0173 i\u0161orinio vertinimo duomenys;<\/li>\n<li>mokymasis bendradarbiaujant pradin\u0117se klas\u0117se dirbant nuotoliniu b\u016bdu: i\u0161\u0161\u016bkiai ir naujos patirtys;<\/li>\n<li>virtualios mokymosi platformos EDUKA poveikis pradini\u0173 klasi\u0173 mokini\u0173 akademiniams rezultatams;<\/li>\n<li>pradini\u0173 klasi\u0173 mokini\u0173 estetinio suvokimo ugdymas taikant tyrin\u0117jimo metod\u0105;<\/li>\n<li>internetin\u0117s reflektavimo sistemos Reflectus naudojimas pradini\u0173 klasi\u0173 mokini\u0173 \u012fgalinimui reflektuoti apie mokym\u0105si lietuvi\u0173 kalbos pamokose;<\/li>\n<li>mokytoj\u0173 po\u017ei\u016bris \u012f profesin\u0119 laim\u0119: skirtumai lyties aspektu;<\/li>\n<li>integruoto ugdymo turinio planavimas ir \u012fgyvendinimas pradin\u0117se klas\u0117se: mokytoj\u0173 po\u017ei\u016bris.<\/li>\n<\/ul>\n<p>2023 metais planuojame toliau t\u0119sti prad\u0117tas veiklas ir mokslinius tyrim\u0173 rezultatus pristatyti ne tik LETA konferencijoje, bet ir forume.<\/p>\n\n","protected":false},"excerpt":{"rendered":"<p>Tinklo veiklos 2023 Collapse Tinklo veiklos 2022 Expand Daugiau nei dvide\u0161imties pradinio ugdymo tyr\u0117j\u0173 grup\u0117 veikl\u0105 prad\u0117jo 2022 metais. Grup\u0117s nariai susitikdavo ir bendraudavo nuotoliniu b\u016bdu. Prad\u0117jo vykdyti pirmin\u012f tyrim\u0105 d\u0117l vaik\u0173 i\u0161 Ukrainos ugdymo. Vienas i\u0161 svarbiausi\u0173 atlikt\u0173 darb\u0173 &#8211; aktyvus dalyvavimas LETA konferencijoje. Konferencijoje buvo pristatyti net 9 prane\u0161imai, kuriuos skait\u0117 mokslininkai, tyrin\u0117jantys&hellip;<\/p>\n","protected":false},"author":1,"featured_media":0,"parent":0,"menu_order":0,"comment_status":"closed","ping_status":"closed","template":"","meta":{"footnotes":""},"class_list":["post-591","page","type-page","status-publish","hentry"],"yoast_head":"<!-- This site is optimized with the Yoast SEO plugin v25.7 - https:\/\/yoast.com\/wordpress\/plugins\/seo\/ -->\n<title>Tinklo veiklos - Pradinio ugdymo tinklas<\/title>\n<meta name=\"robots\" content=\"index, follow, max-snippet:-1, max-image-preview:large, max-video-preview:-1\" \/>\n<link rel=\"canonical\" href=\"https:\/\/lera.lt\/pradinio-ugdymo-tinklas\/tinklo-veiklos\/\" \/>\n<meta property=\"og:locale\" content=\"lt_LT\" \/>\n<meta property=\"og:type\" content=\"article\" \/>\n<meta property=\"og:title\" content=\"Tinklo veiklos - Pradinio ugdymo tinklas\" \/>\n<meta property=\"og:description\" content=\"Tinklo veiklos 2023 Collapse Tinklo veiklos 2022 Expand Daugiau nei dvide\u0161imties pradinio ugdymo tyr\u0117j\u0173 grup\u0117 veikl\u0105 prad\u0117jo 2022 metais. Grup\u0117s nariai susitikdavo ir bendraudavo nuotoliniu b\u016bdu. Prad\u0117jo vykdyti pirmin\u012f tyrim\u0105 d\u0117l vaik\u0173 i\u0161 Ukrainos ugdymo. Vienas i\u0161 svarbiausi\u0173 atlikt\u0173 darb\u0173 &#8211; aktyvus dalyvavimas LETA konferencijoje. Konferencijoje buvo pristatyti net 9 prane\u0161imai, kuriuos skait\u0117 mokslininkai, tyrin\u0117jantys&hellip;\" \/>\n<meta property=\"og:url\" content=\"https:\/\/lera.lt\/pradinio-ugdymo-tinklas\/tinklo-veiklos\/\" \/>\n<meta property=\"og:site_name\" content=\"Pradinio ugdymo tinklas\" \/>\n<meta property=\"article:modified_time\" content=\"2025-09-11T10:11:12+00:00\" \/>\n<meta name=\"twitter:card\" content=\"summary_large_image\" \/>\n<script type=\"application\/ld+json\" class=\"yoast-schema-graph\">{\"@context\":\"https:\/\/schema.org\",\"@graph\":[{\"@type\":\"WebPage\",\"@id\":\"https:\/\/lera.lt\/pradinio-ugdymo-tinklas\/tinklo-veiklos\/\",\"url\":\"https:\/\/lera.lt\/pradinio-ugdymo-tinklas\/tinklo-veiklos\/\",\"name\":\"Tinklo veiklos - Pradinio ugdymo tinklas\",\"isPartOf\":{\"@id\":\"https:\/\/lera.lt\/pradinio-ugdymo-tinklas\/#website\"},\"datePublished\":\"2025-08-19T18:12:31+00:00\",\"dateModified\":\"2025-09-11T10:11:12+00:00\",\"breadcrumb\":{\"@id\":\"https:\/\/lera.lt\/pradinio-ugdymo-tinklas\/tinklo-veiklos\/#breadcrumb\"},\"inLanguage\":\"lt-LT\",\"potentialAction\":[{\"@type\":\"ReadAction\",\"target\":[\"https:\/\/lera.lt\/pradinio-ugdymo-tinklas\/tinklo-veiklos\/\"]}]},{\"@type\":\"BreadcrumbList\",\"@id\":\"https:\/\/lera.lt\/pradinio-ugdymo-tinklas\/tinklo-veiklos\/#breadcrumb\",\"itemListElement\":[{\"@type\":\"ListItem\",\"position\":1,\"name\":\"Home\",\"item\":\"https:\/\/lera.lt\/pradinio-ugdymo-tinklas\/\"},{\"@type\":\"ListItem\",\"position\":2,\"name\":\"Tinklo veiklos\"}]},{\"@type\":\"WebSite\",\"@id\":\"https:\/\/lera.lt\/pradinio-ugdymo-tinklas\/#website\",\"url\":\"https:\/\/lera.lt\/pradinio-ugdymo-tinklas\/\",\"name\":\"Pradinio ugdymo tinklas\",\"description\":\"\",\"potentialAction\":[{\"@type\":\"SearchAction\",\"target\":{\"@type\":\"EntryPoint\",\"urlTemplate\":\"https:\/\/lera.lt\/pradinio-ugdymo-tinklas\/?s={search_term_string}\"},\"query-input\":{\"@type\":\"PropertyValueSpecification\",\"valueRequired\":true,\"valueName\":\"search_term_string\"}}],\"inLanguage\":\"lt-LT\"}]}<\/script>\n<!-- \/ Yoast SEO plugin. -->","yoast_head_json":{"title":"Tinklo veiklos - Pradinio ugdymo tinklas","robots":{"index":"index","follow":"follow","max-snippet":"max-snippet:-1","max-image-preview":"max-image-preview:large","max-video-preview":"max-video-preview:-1"},"canonical":"https:\/\/lera.lt\/pradinio-ugdymo-tinklas\/tinklo-veiklos\/","og_locale":"lt_LT","og_type":"article","og_title":"Tinklo veiklos - Pradinio ugdymo tinklas","og_description":"Tinklo veiklos 2023 Collapse Tinklo veiklos 2022 Expand Daugiau nei dvide\u0161imties pradinio ugdymo tyr\u0117j\u0173 grup\u0117 veikl\u0105 prad\u0117jo 2022 metais. Grup\u0117s nariai susitikdavo ir bendraudavo nuotoliniu b\u016bdu. Prad\u0117jo vykdyti pirmin\u012f tyrim\u0105 d\u0117l vaik\u0173 i\u0161 Ukrainos ugdymo. Vienas i\u0161 svarbiausi\u0173 atlikt\u0173 darb\u0173 &#8211; aktyvus dalyvavimas LETA konferencijoje. Konferencijoje buvo pristatyti net 9 prane\u0161imai, kuriuos skait\u0117 mokslininkai, tyrin\u0117jantys&hellip;","og_url":"https:\/\/lera.lt\/pradinio-ugdymo-tinklas\/tinklo-veiklos\/","og_site_name":"Pradinio ugdymo tinklas","article_modified_time":"2025-09-11T10:11:12+00:00","twitter_card":"summary_large_image","schema":{"@context":"https:\/\/schema.org","@graph":[{"@type":"WebPage","@id":"https:\/\/lera.lt\/pradinio-ugdymo-tinklas\/tinklo-veiklos\/","url":"https:\/\/lera.lt\/pradinio-ugdymo-tinklas\/tinklo-veiklos\/","name":"Tinklo veiklos - Pradinio ugdymo tinklas","isPartOf":{"@id":"https:\/\/lera.lt\/pradinio-ugdymo-tinklas\/#website"},"datePublished":"2025-08-19T18:12:31+00:00","dateModified":"2025-09-11T10:11:12+00:00","breadcrumb":{"@id":"https:\/\/lera.lt\/pradinio-ugdymo-tinklas\/tinklo-veiklos\/#breadcrumb"},"inLanguage":"lt-LT","potentialAction":[{"@type":"ReadAction","target":["https:\/\/lera.lt\/pradinio-ugdymo-tinklas\/tinklo-veiklos\/"]}]},{"@type":"BreadcrumbList","@id":"https:\/\/lera.lt\/pradinio-ugdymo-tinklas\/tinklo-veiklos\/#breadcrumb","itemListElement":[{"@type":"ListItem","position":1,"name":"Home","item":"https:\/\/lera.lt\/pradinio-ugdymo-tinklas\/"},{"@type":"ListItem","position":2,"name":"Tinklo veiklos"}]},{"@type":"WebSite","@id":"https:\/\/lera.lt\/pradinio-ugdymo-tinklas\/#website","url":"https:\/\/lera.lt\/pradinio-ugdymo-tinklas\/","name":"Pradinio ugdymo tinklas","description":"","potentialAction":[{"@type":"SearchAction","target":{"@type":"EntryPoint","urlTemplate":"https:\/\/lera.lt\/pradinio-ugdymo-tinklas\/?s={search_term_string}"},"query-input":{"@type":"PropertyValueSpecification","valueRequired":true,"valueName":"search_term_string"}}],"inLanguage":"lt-LT"}]}},"_links":{"self":[{"href":"https:\/\/lera.lt\/pradinio-ugdymo-tinklas\/wp-json\/wp\/v2\/pages\/591","targetHints":{"allow":["GET"]}}],"collection":[{"href":"https:\/\/lera.lt\/pradinio-ugdymo-tinklas\/wp-json\/wp\/v2\/pages"}],"about":[{"href":"https:\/\/lera.lt\/pradinio-ugdymo-tinklas\/wp-json\/wp\/v2\/types\/page"}],"author":[{"embeddable":true,"href":"https:\/\/lera.lt\/pradinio-ugdymo-tinklas\/wp-json\/wp\/v2\/users\/1"}],"replies":[{"embeddable":true,"href":"https:\/\/lera.lt\/pradinio-ugdymo-tinklas\/wp-json\/wp\/v2\/comments?post=591"}],"version-history":[{"count":20,"href":"https:\/\/lera.lt\/pradinio-ugdymo-tinklas\/wp-json\/wp\/v2\/pages\/591\/revisions"}],"predecessor-version":[{"id":842,"href":"https:\/\/lera.lt\/pradinio-ugdymo-tinklas\/wp-json\/wp\/v2\/pages\/591\/revisions\/842"}],"wp:attachment":[{"href":"https:\/\/lera.lt\/pradinio-ugdymo-tinklas\/wp-json\/wp\/v2\/media?parent=591"}],"curies":[{"name":"wp","href":"https:\/\/api.w.org\/{rel}","templated":true}]}}