{"id":591,"date":"2025-08-19T18:12:31","date_gmt":"2025-08-19T18:12:31","guid":{"rendered":"https:\/\/lera.lt\/pedagogu-rengimo-ir-profesinio-tobulejimo-tinklas\/?page_id=591"},"modified":"2025-09-11T09:54:38","modified_gmt":"2025-09-11T09:54:38","slug":"tinklo-veiklos","status":"publish","type":"page","link":"https:\/\/lera.lt\/pedagogu-rengimo-ir-profesinio-tobulejimo-tinklas\/tinklo-veiklos\/","title":{"rendered":"Tinklo veiklos"},"content":{"rendered":"\n\n\t\t\t\t\t<a href=\"#\"  id=\"fl-accordion--label-0\" tabindex=\"0\" aria-controls=\"fl-accordion--panel-0\">Tinklo veiklos 2024<\/a>\n\t\t\t\t\t\t\t\t\t\t\t<a href=\"#\" id=\"fl-accordion--icon-0\"  tabindex=\"0\"><i title=\"Collapse\">Collapse<\/i><\/a>\n\t<p><strong>2024 M. VEIKLOS GAIR\u0116S<\/strong><\/p>\n<ol>\n<li><strong>2024 m. gegu\u017e\u0117s 23 d.<\/strong> vykusio Edukacijos forumo \u201e<strong>Problemati\u0161ka ar dialogi\u0161ka?<em>STEAM ugdymo santykis su humanitariniais, socialiniais mokslais ir menais<\/em>&#8222;<\/strong> metu Pedagog\u0173 rengimo ir profesinio tobul\u0117jimo tinklo pirminink\u0117\u00a0 <strong>prof. dr. R\u016bta Girdzijauskien\u0117 <\/strong>(Lietuvos Muzikos ir teatro akademija, Klaip\u0117dos universitetas) skait\u0117 prane\u0161im\u0105,,<strong>Kai mokslas susitinka men\u0105: gamtamokslini\u0173 ir men\u0173 dalyk\u0173 s\u0105veika STEAM ugdyme&#8221;<\/strong>. Su prane\u0161imu galima susipa\u017einti <a href=\"https:\/\/lera.lt\/ppt\/wp-content\/uploads\/sites\/11\/2024\/05\/STEAM-edukacinis-forumas_Rutos_pranesimas.pdf\">\u010dia<\/a><\/li>\n<li>\u00a0Bus skaitomi prane\u0161imai ir moderuojama\u00a0 Pedagog\u0173 rengimo ir profesinio tobul\u0117jimo sekcij\u0105 LETA 2024 konferencijoje.<\/li>\n<\/ol>\n\t\t\t\t\t<a href=\"#\"  id=\"fl-accordion--label-1\" tabindex=\"0\" aria-controls=\"fl-accordion--panel-1\">Tinklo veiklos 2023<\/a>\n\t\t\t\t\t\t\t\t\t\t\t<a href=\"#\" id=\"fl-accordion--icon-1\"  tabindex=\"0\"><i title=\"Expand\">Expand<\/i><\/a>\n\t<p><strong>2023 M. VEIKLOS GAIR\u0116S<\/strong><\/p>\n<p>1. Dalyvauta LETA 2023 veiklose.<\/p>\n<p>2. LETA 2023 konferencijoje\u00a0 moderuota ir pristatyti prane\u0161imai <strong>Pedagog\u0173 rengimo ir profesinio tobul\u0117jimo<\/strong> sekcijoje.<\/p>\n<p>3. Dalyvauta ir skaityti prane\u0161imai <strong>LETA 2023<\/strong> Edukacijos forumuose.<\/p>\n\t\t\t\t\t<a href=\"#\"  id=\"fl-accordion--label-2\" tabindex=\"0\" aria-controls=\"fl-accordion--panel-2\">Tinklo veiklos 2022<\/a>\n\t\t\t\t\t\t\t\t\t\t\t<a href=\"#\" id=\"fl-accordion--icon-2\"  tabindex=\"0\"><i title=\"Expand\">Expand<\/i><\/a>\n\t\t\t\t\t<ol>\n<li>Organizuotos ir pravestos dvi sekcijose &#8211; Pedagog\u0173 rengimo ir Pedagog\u0173 profesinio tobul\u0117jimo &#8211; VI LETA metin\u0117je konferencijoje.<\/li>\n<li>Pedagog\u0173 rengimo ir profesinio tobul\u0117jimo tematikoje skaityti prane\u0161imai nacionalin\u0117se ir tarptautin\u0117se konferencijose. \u012evairios konsultacijos, diskusijos, forumai pedagog\u0173 rengimo ir profesinio tobul\u0117jimo klausimais.<\/li>\n<li>Penki tinklo nariai yra \u0160vietimo, mokslo ir sporto ministerijos sudarytos darbo grup\u0117s &#8222;D\u0117l darbo grup\u0117s pedagog\u0173 rengimo modeliui atnaujinti sudarymo&#8221; nariai.<\/li>\n<li>Bendradarbiaujant i\u0161pl\u0117tota ir startavusi Tyrimo blyks\u010di\u0173 iniciatyva LETA svetain\u0117je.<\/li>\n<\/ol>\n\n","protected":false},"excerpt":{"rendered":"<p>Tinklo veiklos 2024 Collapse 2024 M. VEIKLOS GAIR\u0116S 2024 m. gegu\u017e\u0117s 23 d. vykusio Edukacijos forumo \u201eProblemati\u0161ka ar dialogi\u0161ka?STEAM ugdymo santykis su humanitariniais, socialiniais mokslais ir menais&#8222; metu Pedagog\u0173 rengimo ir profesinio tobul\u0117jimo tinklo pirminink\u0117\u00a0 prof. dr. R\u016bta Girdzijauskien\u0117 (Lietuvos Muzikos ir teatro akademija, Klaip\u0117dos universitetas) skait\u0117 prane\u0161im\u0105,,Kai mokslas susitinka men\u0105: gamtamokslini\u0173 ir men\u0173 dalyk\u0173&hellip;<\/p>\n","protected":false},"author":1,"featured_media":0,"parent":0,"menu_order":0,"comment_status":"closed","ping_status":"closed","template":"","meta":{"footnotes":""},"class_list":["post-591","page","type-page","status-publish","hentry"],"yoast_head":"<!-- This site is optimized with the Yoast SEO plugin v25.7 - https:\/\/yoast.com\/wordpress\/plugins\/seo\/ -->\n<title>Tinklo veiklos - Pedagog\u0173 rengimo ir profesinio tobul\u0117jimo tinklas<\/title>\n<meta name=\"robots\" content=\"index, follow, max-snippet:-1, max-image-preview:large, max-video-preview:-1\" \/>\n<link rel=\"canonical\" href=\"https:\/\/lera.lt\/pedagogu-rengimo-ir-profesinio-tobulejimo-tinklas\/tinklo-veiklos\/\" \/>\n<meta property=\"og:locale\" content=\"lt_LT\" \/>\n<meta property=\"og:type\" content=\"article\" \/>\n<meta property=\"og:title\" content=\"Tinklo veiklos - Pedagog\u0173 rengimo ir profesinio tobul\u0117jimo tinklas\" \/>\n<meta property=\"og:description\" content=\"Tinklo veiklos 2024 Collapse 2024 M. VEIKLOS GAIR\u0116S 2024 m. gegu\u017e\u0117s 23 d. vykusio Edukacijos forumo \u201eProblemati\u0161ka ar dialogi\u0161ka?STEAM ugdymo santykis su humanitariniais, socialiniais mokslais ir menais&#8222; metu Pedagog\u0173 rengimo ir profesinio tobul\u0117jimo tinklo pirminink\u0117\u00a0 prof. dr. R\u016bta Girdzijauskien\u0117 (Lietuvos Muzikos ir teatro akademija, Klaip\u0117dos universitetas) skait\u0117 prane\u0161im\u0105,,Kai mokslas susitinka men\u0105: gamtamokslini\u0173 ir men\u0173 dalyk\u0173&hellip;\" \/>\n<meta property=\"og:url\" content=\"https:\/\/lera.lt\/pedagogu-rengimo-ir-profesinio-tobulejimo-tinklas\/tinklo-veiklos\/\" \/>\n<meta property=\"og:site_name\" content=\"Pedagog\u0173 rengimo ir profesinio tobul\u0117jimo tinklas\" \/>\n<meta property=\"article:modified_time\" content=\"2025-09-11T09:54:38+00:00\" \/>\n<meta name=\"twitter:card\" content=\"summary_large_image\" \/>\n<script type=\"application\/ld+json\" class=\"yoast-schema-graph\">{\"@context\":\"https:\/\/schema.org\",\"@graph\":[{\"@type\":\"WebPage\",\"@id\":\"https:\/\/lera.lt\/pedagogu-rengimo-ir-profesinio-tobulejimo-tinklas\/tinklo-veiklos\/\",\"url\":\"https:\/\/lera.lt\/pedagogu-rengimo-ir-profesinio-tobulejimo-tinklas\/tinklo-veiklos\/\",\"name\":\"Tinklo veiklos - Pedagog\u0173 rengimo ir profesinio tobul\u0117jimo tinklas\",\"isPartOf\":{\"@id\":\"https:\/\/lera.lt\/pedagogu-rengimo-ir-profesinio-tobulejimo-tinklas\/#website\"},\"datePublished\":\"2025-08-19T18:12:31+00:00\",\"dateModified\":\"2025-09-11T09:54:38+00:00\",\"breadcrumb\":{\"@id\":\"https:\/\/lera.lt\/pedagogu-rengimo-ir-profesinio-tobulejimo-tinklas\/tinklo-veiklos\/#breadcrumb\"},\"inLanguage\":\"lt-LT\",\"potentialAction\":[{\"@type\":\"ReadAction\",\"target\":[\"https:\/\/lera.lt\/pedagogu-rengimo-ir-profesinio-tobulejimo-tinklas\/tinklo-veiklos\/\"]}]},{\"@type\":\"BreadcrumbList\",\"@id\":\"https:\/\/lera.lt\/pedagogu-rengimo-ir-profesinio-tobulejimo-tinklas\/tinklo-veiklos\/#breadcrumb\",\"itemListElement\":[{\"@type\":\"ListItem\",\"position\":1,\"name\":\"Home\",\"item\":\"https:\/\/lera.lt\/pedagogu-rengimo-ir-profesinio-tobulejimo-tinklas\/\"},{\"@type\":\"ListItem\",\"position\":2,\"name\":\"Tinklo veiklos\"}]},{\"@type\":\"WebSite\",\"@id\":\"https:\/\/lera.lt\/pedagogu-rengimo-ir-profesinio-tobulejimo-tinklas\/#website\",\"url\":\"https:\/\/lera.lt\/pedagogu-rengimo-ir-profesinio-tobulejimo-tinklas\/\",\"name\":\"Pedagog\u0173 rengimo ir profesinio tobul\u0117jimo tinklas\",\"description\":\"\",\"potentialAction\":[{\"@type\":\"SearchAction\",\"target\":{\"@type\":\"EntryPoint\",\"urlTemplate\":\"https:\/\/lera.lt\/pedagogu-rengimo-ir-profesinio-tobulejimo-tinklas\/?s={search_term_string}\"},\"query-input\":{\"@type\":\"PropertyValueSpecification\",\"valueRequired\":true,\"valueName\":\"search_term_string\"}}],\"inLanguage\":\"lt-LT\"}]}<\/script>\n<!-- \/ Yoast SEO plugin. -->","yoast_head_json":{"title":"Tinklo veiklos - Pedagog\u0173 rengimo ir profesinio tobul\u0117jimo tinklas","robots":{"index":"index","follow":"follow","max-snippet":"max-snippet:-1","max-image-preview":"max-image-preview:large","max-video-preview":"max-video-preview:-1"},"canonical":"https:\/\/lera.lt\/pedagogu-rengimo-ir-profesinio-tobulejimo-tinklas\/tinklo-veiklos\/","og_locale":"lt_LT","og_type":"article","og_title":"Tinklo veiklos - Pedagog\u0173 rengimo ir profesinio tobul\u0117jimo tinklas","og_description":"Tinklo veiklos 2024 Collapse 2024 M. VEIKLOS GAIR\u0116S 2024 m. gegu\u017e\u0117s 23 d. vykusio Edukacijos forumo \u201eProblemati\u0161ka ar dialogi\u0161ka?STEAM ugdymo santykis su humanitariniais, socialiniais mokslais ir menais&#8222; metu Pedagog\u0173 rengimo ir profesinio tobul\u0117jimo tinklo pirminink\u0117\u00a0 prof. dr. R\u016bta Girdzijauskien\u0117 (Lietuvos Muzikos ir teatro akademija, Klaip\u0117dos universitetas) skait\u0117 prane\u0161im\u0105,,Kai mokslas susitinka men\u0105: gamtamokslini\u0173 ir men\u0173 dalyk\u0173&hellip;","og_url":"https:\/\/lera.lt\/pedagogu-rengimo-ir-profesinio-tobulejimo-tinklas\/tinklo-veiklos\/","og_site_name":"Pedagog\u0173 rengimo ir profesinio tobul\u0117jimo tinklas","article_modified_time":"2025-09-11T09:54:38+00:00","twitter_card":"summary_large_image","schema":{"@context":"https:\/\/schema.org","@graph":[{"@type":"WebPage","@id":"https:\/\/lera.lt\/pedagogu-rengimo-ir-profesinio-tobulejimo-tinklas\/tinklo-veiklos\/","url":"https:\/\/lera.lt\/pedagogu-rengimo-ir-profesinio-tobulejimo-tinklas\/tinklo-veiklos\/","name":"Tinklo veiklos - Pedagog\u0173 rengimo ir profesinio tobul\u0117jimo tinklas","isPartOf":{"@id":"https:\/\/lera.lt\/pedagogu-rengimo-ir-profesinio-tobulejimo-tinklas\/#website"},"datePublished":"2025-08-19T18:12:31+00:00","dateModified":"2025-09-11T09:54:38+00:00","breadcrumb":{"@id":"https:\/\/lera.lt\/pedagogu-rengimo-ir-profesinio-tobulejimo-tinklas\/tinklo-veiklos\/#breadcrumb"},"inLanguage":"lt-LT","potentialAction":[{"@type":"ReadAction","target":["https:\/\/lera.lt\/pedagogu-rengimo-ir-profesinio-tobulejimo-tinklas\/tinklo-veiklos\/"]}]},{"@type":"BreadcrumbList","@id":"https:\/\/lera.lt\/pedagogu-rengimo-ir-profesinio-tobulejimo-tinklas\/tinklo-veiklos\/#breadcrumb","itemListElement":[{"@type":"ListItem","position":1,"name":"Home","item":"https:\/\/lera.lt\/pedagogu-rengimo-ir-profesinio-tobulejimo-tinklas\/"},{"@type":"ListItem","position":2,"name":"Tinklo veiklos"}]},{"@type":"WebSite","@id":"https:\/\/lera.lt\/pedagogu-rengimo-ir-profesinio-tobulejimo-tinklas\/#website","url":"https:\/\/lera.lt\/pedagogu-rengimo-ir-profesinio-tobulejimo-tinklas\/","name":"Pedagog\u0173 rengimo ir profesinio tobul\u0117jimo tinklas","description":"","potentialAction":[{"@type":"SearchAction","target":{"@type":"EntryPoint","urlTemplate":"https:\/\/lera.lt\/pedagogu-rengimo-ir-profesinio-tobulejimo-tinklas\/?s={search_term_string}"},"query-input":{"@type":"PropertyValueSpecification","valueRequired":true,"valueName":"search_term_string"}}],"inLanguage":"lt-LT"}]}},"_links":{"self":[{"href":"https:\/\/lera.lt\/pedagogu-rengimo-ir-profesinio-tobulejimo-tinklas\/wp-json\/wp\/v2\/pages\/591","targetHints":{"allow":["GET"]}}],"collection":[{"href":"https:\/\/lera.lt\/pedagogu-rengimo-ir-profesinio-tobulejimo-tinklas\/wp-json\/wp\/v2\/pages"}],"about":[{"href":"https:\/\/lera.lt\/pedagogu-rengimo-ir-profesinio-tobulejimo-tinklas\/wp-json\/wp\/v2\/types\/page"}],"author":[{"embeddable":true,"href":"https:\/\/lera.lt\/pedagogu-rengimo-ir-profesinio-tobulejimo-tinklas\/wp-json\/wp\/v2\/users\/1"}],"replies":[{"embeddable":true,"href":"https:\/\/lera.lt\/pedagogu-rengimo-ir-profesinio-tobulejimo-tinklas\/wp-json\/wp\/v2\/comments?post=591"}],"version-history":[{"count":20,"href":"https:\/\/lera.lt\/pedagogu-rengimo-ir-profesinio-tobulejimo-tinklas\/wp-json\/wp\/v2\/pages\/591\/revisions"}],"predecessor-version":[{"id":844,"href":"https:\/\/lera.lt\/pedagogu-rengimo-ir-profesinio-tobulejimo-tinklas\/wp-json\/wp\/v2\/pages\/591\/revisions\/844"}],"wp:attachment":[{"href":"https:\/\/lera.lt\/pedagogu-rengimo-ir-profesinio-tobulejimo-tinklas\/wp-json\/wp\/v2\/media?parent=591"}],"curies":[{"name":"wp","href":"https:\/\/api.w.org\/{rel}","templated":true}]}}