{"id":682,"date":"2025-08-20T13:39:39","date_gmt":"2025-08-20T13:39:39","guid":{"rendered":"https:\/\/lera.lt\/mokymosi-visa-gyvenima-tinklas\/?page_id=682"},"modified":"2025-09-11T11:02:14","modified_gmt":"2025-09-11T11:02:14","slug":"network-activities","status":"publish","type":"page","link":"https:\/\/lera.lt\/mokymosi-visa-gyvenima-tinklas\/en\/network-activities\/","title":{"rendered":"Network Activities"},"content":{"rendered":"\n\n\t\t\t\t\t<a href=\"#\"  id=\"fl-accordion--label-0\" tabindex=\"0\" aria-controls=\"fl-accordion--panel-0\">Network Activities 2024<\/a>\n\t\t\t\t\t\t\t\t\t\t\t<a href=\"#\" id=\"fl-accordion--icon-0\"  tabindex=\"0\"><i title=\"Collapse\">Collapse<\/i><\/a>\n\t\t\t\t<img decoding=\"async\" src=\"https:\/\/lera.lt\/mokymosi-visa-gyvenima-tinklas\/wp-content\/uploads\/sites\/17\/2025\/08\/images.jpg\" alt=\"images\" itemprop=\"image\" height=\"159\" width=\"317\" title=\"images\" onerror=\"this.style.display='none'\" loading=\"lazy\" srcset=\"https:\/\/lera.lt\/mokymosi-visa-gyvenima-tinklas\/wp-content\/uploads\/sites\/17\/2025\/08\/images.jpg 317w, https:\/\/lera.lt\/mokymosi-visa-gyvenima-tinklas\/wp-content\/uploads\/sites\/17\/2025\/08\/images-300x150.jpg 300w\" sizes=\"auto, (max-width: 317px) 100vw, 317px\" \/>\n\t<h3><strong>LLN activity plan for 2024:\u00a0<\/strong><\/h3>\n<ul>\n<li>Prepare for LERA 2024 conference, in LLN section presenting at least 7 presentations.<\/li>\n<li>Preparing for the conference, to attract new members to LERA who would be interested in participating in the LLN.<\/li>\n<li>Organize a meeting of network members, sharing experience on how to publish in highly rated scientific journals (expected to be held in the second half of September, seminar leader &#8211; LLN member E. Jaleniauskien\u0117).<\/li>\n<\/ul>\n\t\t\t\t\t<a href=\"#\"  id=\"fl-accordion--label-1\" tabindex=\"0\" aria-controls=\"fl-accordion--panel-1\">Network Activities 2023<\/a>\n\t\t\t\t\t\t\t\t\t\t\t<a href=\"#\" id=\"fl-accordion--icon-1\"  tabindex=\"0\"><i title=\"Expand\">Expand<\/i><\/a>\n\t\t\t\t<img decoding=\"async\" src=\"https:\/\/lera.lt\/mokymosi-visa-gyvenima-tinklas\/wp-content\/uploads\/sites\/17\/2025\/08\/download.jpg\" alt=\"download\" itemprop=\"image\" height=\"212\" width=\"238\" title=\"download\" onerror=\"this.style.display='none'\" loading=\"lazy\" \/>\n\t<h3><strong><a href=\"https:\/\/lera.lt\/mokymosi-visa-gyvenima-tinklas\/wp-content\/uploads\/sites\/17\/2025\/08\/Mokymosi-visa-gyvenima-tinklo-ataskaita-uz-2023-metus.pdf\">Lifelong Learning Network (LLN) Report 2023<\/a><\/strong><\/h3>\n<h3><strong>LERA 2023 conference presentations from the LLN:<\/strong><\/h3>\n<p>Jucevi\u010dien\u0117, P. <a href=\"https:\/\/lera.lt\/mokymosi-visa-gyvenima-tinklas\/wp-content\/uploads\/sites\/17\/2025\/08\/PJ-pranesimas-sekcijoje1.pdf\">Potenciali\u0173 mokymosi aplink\u0173 \u012fvairov\u0117 ir j\u0173 pasirinkimas<\/a><\/p>\n<p>Bosien\u0117, A. <a href=\"https:\/\/lera.lt\/mokymosi-visa-gyvenima-tinklas\/wp-content\/uploads\/sites\/17\/2025\/08\/A.-Bosiene.Pedagogo-refleksija.pdf\">Pedagogo reflektavimo geb\u0117jim\u0173 rai\u0161ka profesin\u0117je veikloje<\/a><\/p>\n<p>Tamu\u0161auskait\u0117, A. <a href=\"https:\/\/lera.lt\/mokymosi-visa-gyvenima-tinklas\/wp-content\/uploads\/sites\/17\/2025\/08\/Choras-kaip-BO-fenomenas-Tamusauskaite.pdf\">Choro kaip besimokan\u010dios organizacijos fenomenas<\/a><\/p>\n<p>Ignatova, N. <a href=\"https:\/\/lera.lt\/mokymosi-visa-gyvenima-tinklas\/wp-content\/uploads\/sites\/17\/2025\/08\/Edu_scenarijai_personalizavimui_short.pdf\">Edukacini\u0173 projekt\u0173 dizainas mokymosi personalizavimo galimybi\u0173 didinimui<\/a><\/p>\nGirdzijauskien\u0117, R., Ignatova, N., Pranck\u016bnien\u0117, E., Strazdien\u0117, N., \u0160kerien\u0117, S., \u0160mitien\u0117, G.<br \/>\n<a href=\"https:\/\/lera.lt\/mokymosi-visa-gyvenima-tinklas\/wp-content\/uploads\/sites\/17\/2025\/08\/Mokytoju-tyreju-bendradarbiavimas.pdf\">Mokytoj\u0173 ir tyr\u0117j\u0173 bendradarbiavimo patirtys \u012fgyvendinant tyrimais gr\u012fstus edukacinius projektus<\/a>\n\t\t\t\t\t<a href=\"#\"  id=\"fl-accordion--label-2\" tabindex=\"0\" aria-controls=\"fl-accordion--panel-2\">Network Activities 2022<\/a>\n\t\t\t\t\t\t\t\t\t\t\t<a href=\"#\" id=\"fl-accordion--icon-2\"  tabindex=\"0\"><i title=\"Expand\">Expand<\/i><\/a>\n\t\t\t\t\t<ol>\n<li>On the\u00a0 3 rd of March in 2022, the Lifelong Learning\u00a0 Network held its annual meeting, during which a candidate for the post of LERA President was\u00a0 offered\u00a0 (<strong>Prof. dr. L. Rup\u0161ien\u0117<\/strong>) and the Chair of the LifeLong Learning Network was elected (<strong>Prof. habil. dr. P. Jucevi\u010dien\u0117<\/strong>).<\/li>\n<li>In 2022, the Lifelong Learning Network had 34 members.<\/li>\n<li>The main focus of the network was to prepare for and participate in the LERA Conference.<\/li>\n<li>On the 29th of September in 2022, a meeting of the Network members was held to discuss the announcements to be presented at the LERA conference.<\/li>\n<li>At the LERA conference held at the VMU on the 13-14th of\u00a0 October in 2022, 10 announcememts\u00a0 were\u00a0 presented in the\u00a0 Lifelong\u00a0 section. It should be noted that all the presented announcements\u00a0 were united by the concept of lifelong learning, but their themes represented several directions: the dominant theme was lifelong learning related to higher education (5 announcements), lifelong learning and social education\u00a0 dominated in\u00a0 2 announcements, 2 announcements\u00a0 were devoted to philosophical and theoretical problems of lifelong learning education and\u00a0 1 announcement was devoted to the development of the thinking of employees of the public administration in lifelong learning. One announcement\u00a0 (&#8222;Challenges for Education and Training in an Unpredictable and Unpredictable Future&#8221;) was presented by a representative of the Lifelong Learning\u00a0 Network (<strong>prof. habil. dr. P. Jucevi\u010dien\u0117<\/strong>) at the plenary session of the conference.<\/li>\n<\/ol>\n\n","protected":false},"excerpt":{"rendered":"<p>Network Activities 2024 Collapse LLN activity plan for 2024:\u00a0 Prepare for LERA 2024 conference, in LLN section presenting at least 7 presentations. Preparing for the conference, to attract new members to LERA who would be interested in participating in the LLN. Organize a meeting of network members, sharing experience on how to publish in highly&hellip;<\/p>\n","protected":false},"author":1,"featured_media":0,"parent":0,"menu_order":0,"comment_status":"closed","ping_status":"closed","template":"","meta":{"footnotes":""},"class_list":["post-682","page","type-page","status-publish","hentry"],"yoast_head":"<!-- This site is optimized with the Yoast SEO plugin v25.7 - https:\/\/yoast.com\/wordpress\/plugins\/seo\/ -->\n<title>Network Activities - Mokymosi vis\u0105 gyvenim\u0105 tinklas<\/title>\n<meta name=\"robots\" content=\"index, follow, max-snippet:-1, max-image-preview:large, max-video-preview:-1\" \/>\n<link rel=\"canonical\" href=\"https:\/\/lera.lt\/mokymosi-visa-gyvenima-tinklas\/en\/network-activities\/\" \/>\n<meta property=\"og:locale\" content=\"lt_LT\" \/>\n<meta property=\"og:type\" content=\"article\" \/>\n<meta property=\"og:title\" content=\"Network Activities - Mokymosi vis\u0105 gyvenim\u0105 tinklas\" \/>\n<meta property=\"og:description\" content=\"Network Activities 2024 Collapse LLN activity plan for 2024:\u00a0 Prepare for LERA 2024 conference, in LLN section presenting at least 7 presentations. Preparing for the conference, to attract new members to LERA who would be interested in participating in the LLN. Organize a meeting of network members, sharing experience on how to publish in highly&hellip;\" \/>\n<meta property=\"og:url\" content=\"https:\/\/lera.lt\/mokymosi-visa-gyvenima-tinklas\/en\/network-activities\/\" \/>\n<meta property=\"og:site_name\" content=\"Mokymosi vis\u0105 gyvenim\u0105 tinklas\" \/>\n<meta property=\"article:modified_time\" content=\"2025-09-11T11:02:14+00:00\" \/>\n<meta property=\"og:image\" content=\"https:\/\/lera.lt\/mokymosi-visa-gyvenima-tinklas\/wp-content\/uploads\/sites\/17\/2025\/08\/images.jpg\" \/>\n<meta name=\"twitter:card\" content=\"summary_large_image\" \/>\n<script type=\"application\/ld+json\" class=\"yoast-schema-graph\">{\"@context\":\"https:\/\/schema.org\",\"@graph\":[{\"@type\":\"WebPage\",\"@id\":\"https:\/\/lera.lt\/mokymosi-visa-gyvenima-tinklas\/en\/network-activities\/\",\"url\":\"https:\/\/lera.lt\/mokymosi-visa-gyvenima-tinklas\/en\/network-activities\/\",\"name\":\"Network Activities - Mokymosi vis\u0105 gyvenim\u0105 tinklas\",\"isPartOf\":{\"@id\":\"https:\/\/lera.lt\/mokymosi-visa-gyvenima-tinklas\/#website\"},\"primaryImageOfPage\":{\"@id\":\"https:\/\/lera.lt\/mokymosi-visa-gyvenima-tinklas\/en\/network-activities\/#primaryimage\"},\"image\":{\"@id\":\"https:\/\/lera.lt\/mokymosi-visa-gyvenima-tinklas\/en\/network-activities\/#primaryimage\"},\"thumbnailUrl\":\"https:\/\/lera.lt\/mokymosi-visa-gyvenima-tinklas\/wp-content\/uploads\/sites\/17\/2025\/08\/images.jpg\",\"datePublished\":\"2025-08-20T13:39:39+00:00\",\"dateModified\":\"2025-09-11T11:02:14+00:00\",\"breadcrumb\":{\"@id\":\"https:\/\/lera.lt\/mokymosi-visa-gyvenima-tinklas\/en\/network-activities\/#breadcrumb\"},\"inLanguage\":\"lt-LT\",\"potentialAction\":[{\"@type\":\"ReadAction\",\"target\":[\"https:\/\/lera.lt\/mokymosi-visa-gyvenima-tinklas\/en\/network-activities\/\"]}]},{\"@type\":\"ImageObject\",\"inLanguage\":\"lt-LT\",\"@id\":\"https:\/\/lera.lt\/mokymosi-visa-gyvenima-tinklas\/en\/network-activities\/#primaryimage\",\"url\":\"https:\/\/lera.lt\/mokymosi-visa-gyvenima-tinklas\/wp-content\/uploads\/sites\/17\/2025\/08\/images.jpg\",\"contentUrl\":\"https:\/\/lera.lt\/mokymosi-visa-gyvenima-tinklas\/wp-content\/uploads\/sites\/17\/2025\/08\/images.jpg\",\"width\":317,\"height\":159},{\"@type\":\"BreadcrumbList\",\"@id\":\"https:\/\/lera.lt\/mokymosi-visa-gyvenima-tinklas\/en\/network-activities\/#breadcrumb\",\"itemListElement\":[{\"@type\":\"ListItem\",\"position\":1,\"name\":\"Home\",\"item\":\"https:\/\/lera.lt\/mokymosi-visa-gyvenima-tinklas\/\"},{\"@type\":\"ListItem\",\"position\":2,\"name\":\"Network Activities\"}]},{\"@type\":\"WebSite\",\"@id\":\"https:\/\/lera.lt\/mokymosi-visa-gyvenima-tinklas\/#website\",\"url\":\"https:\/\/lera.lt\/mokymosi-visa-gyvenima-tinklas\/\",\"name\":\"Mokymosi vis\u0105 gyvenim\u0105 tinklas\",\"description\":\"\",\"potentialAction\":[{\"@type\":\"SearchAction\",\"target\":{\"@type\":\"EntryPoint\",\"urlTemplate\":\"https:\/\/lera.lt\/mokymosi-visa-gyvenima-tinklas\/?s={search_term_string}\"},\"query-input\":{\"@type\":\"PropertyValueSpecification\",\"valueRequired\":true,\"valueName\":\"search_term_string\"}}],\"inLanguage\":\"lt-LT\"}]}<\/script>\n<!-- \/ Yoast SEO plugin. -->","yoast_head_json":{"title":"Network Activities - Mokymosi vis\u0105 gyvenim\u0105 tinklas","robots":{"index":"index","follow":"follow","max-snippet":"max-snippet:-1","max-image-preview":"max-image-preview:large","max-video-preview":"max-video-preview:-1"},"canonical":"https:\/\/lera.lt\/mokymosi-visa-gyvenima-tinklas\/en\/network-activities\/","og_locale":"lt_LT","og_type":"article","og_title":"Network Activities - Mokymosi vis\u0105 gyvenim\u0105 tinklas","og_description":"Network Activities 2024 Collapse LLN activity plan for 2024:\u00a0 Prepare for LERA 2024 conference, in LLN section presenting at least 7 presentations. Preparing for the conference, to attract new members to LERA who would be interested in participating in the LLN. Organize a meeting of network members, sharing experience on how to publish in highly&hellip;","og_url":"https:\/\/lera.lt\/mokymosi-visa-gyvenima-tinklas\/en\/network-activities\/","og_site_name":"Mokymosi vis\u0105 gyvenim\u0105 tinklas","article_modified_time":"2025-09-11T11:02:14+00:00","og_image":[{"url":"https:\/\/lera.lt\/mokymosi-visa-gyvenima-tinklas\/wp-content\/uploads\/sites\/17\/2025\/08\/images.jpg","type":"","width":"","height":""}],"twitter_card":"summary_large_image","schema":{"@context":"https:\/\/schema.org","@graph":[{"@type":"WebPage","@id":"https:\/\/lera.lt\/mokymosi-visa-gyvenima-tinklas\/en\/network-activities\/","url":"https:\/\/lera.lt\/mokymosi-visa-gyvenima-tinklas\/en\/network-activities\/","name":"Network Activities - Mokymosi vis\u0105 gyvenim\u0105 tinklas","isPartOf":{"@id":"https:\/\/lera.lt\/mokymosi-visa-gyvenima-tinklas\/#website"},"primaryImageOfPage":{"@id":"https:\/\/lera.lt\/mokymosi-visa-gyvenima-tinklas\/en\/network-activities\/#primaryimage"},"image":{"@id":"https:\/\/lera.lt\/mokymosi-visa-gyvenima-tinklas\/en\/network-activities\/#primaryimage"},"thumbnailUrl":"https:\/\/lera.lt\/mokymosi-visa-gyvenima-tinklas\/wp-content\/uploads\/sites\/17\/2025\/08\/images.jpg","datePublished":"2025-08-20T13:39:39+00:00","dateModified":"2025-09-11T11:02:14+00:00","breadcrumb":{"@id":"https:\/\/lera.lt\/mokymosi-visa-gyvenima-tinklas\/en\/network-activities\/#breadcrumb"},"inLanguage":"lt-LT","potentialAction":[{"@type":"ReadAction","target":["https:\/\/lera.lt\/mokymosi-visa-gyvenima-tinklas\/en\/network-activities\/"]}]},{"@type":"ImageObject","inLanguage":"lt-LT","@id":"https:\/\/lera.lt\/mokymosi-visa-gyvenima-tinklas\/en\/network-activities\/#primaryimage","url":"https:\/\/lera.lt\/mokymosi-visa-gyvenima-tinklas\/wp-content\/uploads\/sites\/17\/2025\/08\/images.jpg","contentUrl":"https:\/\/lera.lt\/mokymosi-visa-gyvenima-tinklas\/wp-content\/uploads\/sites\/17\/2025\/08\/images.jpg","width":317,"height":159},{"@type":"BreadcrumbList","@id":"https:\/\/lera.lt\/mokymosi-visa-gyvenima-tinklas\/en\/network-activities\/#breadcrumb","itemListElement":[{"@type":"ListItem","position":1,"name":"Home","item":"https:\/\/lera.lt\/mokymosi-visa-gyvenima-tinklas\/"},{"@type":"ListItem","position":2,"name":"Network Activities"}]},{"@type":"WebSite","@id":"https:\/\/lera.lt\/mokymosi-visa-gyvenima-tinklas\/#website","url":"https:\/\/lera.lt\/mokymosi-visa-gyvenima-tinklas\/","name":"Mokymosi vis\u0105 gyvenim\u0105 tinklas","description":"","potentialAction":[{"@type":"SearchAction","target":{"@type":"EntryPoint","urlTemplate":"https:\/\/lera.lt\/mokymosi-visa-gyvenima-tinklas\/?s={search_term_string}"},"query-input":{"@type":"PropertyValueSpecification","valueRequired":true,"valueName":"search_term_string"}}],"inLanguage":"lt-LT"}]}},"_links":{"self":[{"href":"https:\/\/lera.lt\/mokymosi-visa-gyvenima-tinklas\/wp-json\/wp\/v2\/pages\/682","targetHints":{"allow":["GET"]}}],"collection":[{"href":"https:\/\/lera.lt\/mokymosi-visa-gyvenima-tinklas\/wp-json\/wp\/v2\/pages"}],"about":[{"href":"https:\/\/lera.lt\/mokymosi-visa-gyvenima-tinklas\/wp-json\/wp\/v2\/types\/page"}],"author":[{"embeddable":true,"href":"https:\/\/lera.lt\/mokymosi-visa-gyvenima-tinklas\/wp-json\/wp\/v2\/users\/1"}],"replies":[{"embeddable":true,"href":"https:\/\/lera.lt\/mokymosi-visa-gyvenima-tinklas\/wp-json\/wp\/v2\/comments?post=682"}],"version-history":[{"count":7,"href":"https:\/\/lera.lt\/mokymosi-visa-gyvenima-tinklas\/wp-json\/wp\/v2\/pages\/682\/revisions"}],"predecessor-version":[{"id":884,"href":"https:\/\/lera.lt\/mokymosi-visa-gyvenima-tinklas\/wp-json\/wp\/v2\/pages\/682\/revisions\/884"}],"wp:attachment":[{"href":"https:\/\/lera.lt\/mokymosi-visa-gyvenima-tinklas\/wp-json\/wp\/v2\/media?parent=682"}],"curies":[{"name":"wp","href":"https:\/\/api.w.org\/{rel}","templated":true}]}}