{"id":584,"date":"2025-08-19T18:11:38","date_gmt":"2025-08-19T18:11:38","guid":{"rendered":"https:\/\/lera.lt\/leta-doktorantu-tinklas\/?page_id=584"},"modified":"2026-03-27T08:25:10","modified_gmt":"2026-03-27T08:25:10","slug":"tinklo-siekiai","status":"publish","type":"page","link":"https:\/\/lera.lt\/leta-doktorantu-tinklas\/tinklo-siekiai\/","title":{"rendered":"Tinklo siekiai"},"content":{"rendered":"\n\n\t<ul>\n<li>Doktorant\u0173 tinklo vie\u0161inimas<\/li>\n<li>Doktorant\u0173 akademin\u0117s bendruomen\u0117s stiprinimas<\/li>\n<li>Doktorant\u0173 gerosios patirties sklaida ir tarpkult\u016brin\u0117 \u012fvairov\u0117<\/li>\n<li>Nauj\u0173 nari\u0173 pritraukimas<\/li>\n<\/ul>\n\t\t\t\t<img decoding=\"async\" src=\"https:\/\/lera.lt\/leta-doktorantu-tinklas\/wp-content\/uploads\/sites\/15\/2025\/09\/Leta-doktorantai2.jpg\" alt=\"Leta-doktorantai2\" height=\"1443\" width=\"2048\" title=\"Leta-doktorantai2\" loading=\"lazy\" \/>\n\n","protected":false},"excerpt":{"rendered":"<p>Doktorant\u0173 tinklo vie\u0161inimas Doktorant\u0173 akademin\u0117s bendruomen\u0117s stiprinimas Doktorant\u0173 gerosios patirties sklaida ir tarpkult\u016brin\u0117 \u012fvairov\u0117 Nauj\u0173 nari\u0173 pritraukimas<\/p>\n","protected":false},"author":1,"featured_media":0,"parent":0,"menu_order":0,"comment_status":"closed","ping_status":"closed","template":"","meta":{"footnotes":""},"class_list":["post-584","page","type-page","status-publish","hentry"],"yoast_head":"<!-- This site is optimized with the Yoast SEO plugin v25.7 - https:\/\/yoast.com\/wordpress\/plugins\/seo\/ -->\n<title>Tinklo siekiai - LETA doktorant\u0173 tinklas<\/title>\n<meta name=\"robots\" content=\"index, follow, max-snippet:-1, max-image-preview:large, max-video-preview:-1\" \/>\n<link rel=\"canonical\" href=\"https:\/\/lera.lt\/leta-doktorantu-tinklas\/tinklo-siekiai\/\" \/>\n<meta property=\"og:locale\" content=\"lt_LT\" \/>\n<meta property=\"og:type\" content=\"article\" \/>\n<meta property=\"og:title\" content=\"Tinklo siekiai - LETA doktorant\u0173 tinklas\" \/>\n<meta property=\"og:description\" content=\"Doktorant\u0173 tinklo vie\u0161inimas Doktorant\u0173 akademin\u0117s bendruomen\u0117s stiprinimas Doktorant\u0173 gerosios patirties sklaida ir tarpkult\u016brin\u0117 \u012fvairov\u0117 Nauj\u0173 nari\u0173 pritraukimas\" \/>\n<meta property=\"og:url\" content=\"https:\/\/lera.lt\/leta-doktorantu-tinklas\/tinklo-siekiai\/\" \/>\n<meta property=\"og:site_name\" content=\"LETA doktorant\u0173 tinklas\" \/>\n<meta property=\"article:modified_time\" content=\"2026-03-27T08:25:10+00:00\" \/>\n<meta property=\"og:image\" content=\"https:\/\/lera.lt\/leta-doktorantu-tinklas\/wp-content\/uploads\/sites\/15\/2025\/09\/Leta-doktorantai2.jpg\" \/>\n<meta name=\"twitter:card\" content=\"summary_large_image\" \/>\n<meta name=\"twitter:label1\" content=\"Est. reading time\" \/>\n\t<meta name=\"twitter:data1\" content=\"1 minut\u0117\" \/>\n<script type=\"application\/ld+json\" class=\"yoast-schema-graph\">{\"@context\":\"https:\/\/schema.org\",\"@graph\":[{\"@type\":\"WebPage\",\"@id\":\"https:\/\/lera.lt\/leta-doktorantu-tinklas\/tinklo-siekiai\/\",\"url\":\"https:\/\/lera.lt\/leta-doktorantu-tinklas\/tinklo-siekiai\/\",\"name\":\"Tinklo siekiai - LETA doktorant\u0173 tinklas\",\"isPartOf\":{\"@id\":\"https:\/\/lera.lt\/leta-doktorantu-tinklas\/#website\"},\"primaryImageOfPage\":{\"@id\":\"https:\/\/lera.lt\/leta-doktorantu-tinklas\/tinklo-siekiai\/#primaryimage\"},\"image\":{\"@id\":\"https:\/\/lera.lt\/leta-doktorantu-tinklas\/tinklo-siekiai\/#primaryimage\"},\"thumbnailUrl\":\"https:\/\/lera.lt\/leta-doktorantu-tinklas\/wp-content\/uploads\/sites\/15\/2025\/09\/Leta-doktorantai2.jpg\",\"datePublished\":\"2025-08-19T18:11:38+00:00\",\"dateModified\":\"2026-03-27T08:25:10+00:00\",\"breadcrumb\":{\"@id\":\"https:\/\/lera.lt\/leta-doktorantu-tinklas\/tinklo-siekiai\/#breadcrumb\"},\"inLanguage\":\"lt-LT\",\"potentialAction\":[{\"@type\":\"ReadAction\",\"target\":[\"https:\/\/lera.lt\/leta-doktorantu-tinklas\/tinklo-siekiai\/\"]}]},{\"@type\":\"ImageObject\",\"inLanguage\":\"lt-LT\",\"@id\":\"https:\/\/lera.lt\/leta-doktorantu-tinklas\/tinklo-siekiai\/#primaryimage\",\"url\":\"https:\/\/lera.lt\/leta-doktorantu-tinklas\/wp-content\/uploads\/sites\/15\/2025\/09\/Leta-doktorantai2.jpg\",\"contentUrl\":\"https:\/\/lera.lt\/leta-doktorantu-tinklas\/wp-content\/uploads\/sites\/15\/2025\/09\/Leta-doktorantai2.jpg\",\"width\":2048,\"height\":1443},{\"@type\":\"BreadcrumbList\",\"@id\":\"https:\/\/lera.lt\/leta-doktorantu-tinklas\/tinklo-siekiai\/#breadcrumb\",\"itemListElement\":[{\"@type\":\"ListItem\",\"position\":1,\"name\":\"Home\",\"item\":\"https:\/\/lera.lt\/leta-doktorantu-tinklas\/en\/home\/\"},{\"@type\":\"ListItem\",\"position\":2,\"name\":\"Tinklo siekiai\"}]},{\"@type\":\"WebSite\",\"@id\":\"https:\/\/lera.lt\/leta-doktorantu-tinklas\/#website\",\"url\":\"https:\/\/lera.lt\/leta-doktorantu-tinklas\/\",\"name\":\"LETA doktorant\u0173 tinklas\",\"description\":\"\",\"potentialAction\":[{\"@type\":\"SearchAction\",\"target\":{\"@type\":\"EntryPoint\",\"urlTemplate\":\"https:\/\/lera.lt\/leta-doktorantu-tinklas\/?s={search_term_string}\"},\"query-input\":{\"@type\":\"PropertyValueSpecification\",\"valueRequired\":true,\"valueName\":\"search_term_string\"}}],\"inLanguage\":\"lt-LT\"}]}<\/script>\n<!-- \/ Yoast SEO plugin. -->","yoast_head_json":{"title":"Tinklo siekiai - LETA doktorant\u0173 tinklas","robots":{"index":"index","follow":"follow","max-snippet":"max-snippet:-1","max-image-preview":"max-image-preview:large","max-video-preview":"max-video-preview:-1"},"canonical":"https:\/\/lera.lt\/leta-doktorantu-tinklas\/tinklo-siekiai\/","og_locale":"lt_LT","og_type":"article","og_title":"Tinklo siekiai - LETA doktorant\u0173 tinklas","og_description":"Doktorant\u0173 tinklo vie\u0161inimas Doktorant\u0173 akademin\u0117s bendruomen\u0117s stiprinimas Doktorant\u0173 gerosios patirties sklaida ir tarpkult\u016brin\u0117 \u012fvairov\u0117 Nauj\u0173 nari\u0173 pritraukimas","og_url":"https:\/\/lera.lt\/leta-doktorantu-tinklas\/tinklo-siekiai\/","og_site_name":"LETA doktorant\u0173 tinklas","article_modified_time":"2026-03-27T08:25:10+00:00","og_image":[{"url":"https:\/\/lera.lt\/leta-doktorantu-tinklas\/wp-content\/uploads\/sites\/15\/2025\/09\/Leta-doktorantai2.jpg","type":"","width":"","height":""}],"twitter_card":"summary_large_image","twitter_misc":{"Est. reading time":"1 minut\u0117"},"schema":{"@context":"https:\/\/schema.org","@graph":[{"@type":"WebPage","@id":"https:\/\/lera.lt\/leta-doktorantu-tinklas\/tinklo-siekiai\/","url":"https:\/\/lera.lt\/leta-doktorantu-tinklas\/tinklo-siekiai\/","name":"Tinklo siekiai - LETA doktorant\u0173 tinklas","isPartOf":{"@id":"https:\/\/lera.lt\/leta-doktorantu-tinklas\/#website"},"primaryImageOfPage":{"@id":"https:\/\/lera.lt\/leta-doktorantu-tinklas\/tinklo-siekiai\/#primaryimage"},"image":{"@id":"https:\/\/lera.lt\/leta-doktorantu-tinklas\/tinklo-siekiai\/#primaryimage"},"thumbnailUrl":"https:\/\/lera.lt\/leta-doktorantu-tinklas\/wp-content\/uploads\/sites\/15\/2025\/09\/Leta-doktorantai2.jpg","datePublished":"2025-08-19T18:11:38+00:00","dateModified":"2026-03-27T08:25:10+00:00","breadcrumb":{"@id":"https:\/\/lera.lt\/leta-doktorantu-tinklas\/tinklo-siekiai\/#breadcrumb"},"inLanguage":"lt-LT","potentialAction":[{"@type":"ReadAction","target":["https:\/\/lera.lt\/leta-doktorantu-tinklas\/tinklo-siekiai\/"]}]},{"@type":"ImageObject","inLanguage":"lt-LT","@id":"https:\/\/lera.lt\/leta-doktorantu-tinklas\/tinklo-siekiai\/#primaryimage","url":"https:\/\/lera.lt\/leta-doktorantu-tinklas\/wp-content\/uploads\/sites\/15\/2025\/09\/Leta-doktorantai2.jpg","contentUrl":"https:\/\/lera.lt\/leta-doktorantu-tinklas\/wp-content\/uploads\/sites\/15\/2025\/09\/Leta-doktorantai2.jpg","width":2048,"height":1443},{"@type":"BreadcrumbList","@id":"https:\/\/lera.lt\/leta-doktorantu-tinklas\/tinklo-siekiai\/#breadcrumb","itemListElement":[{"@type":"ListItem","position":1,"name":"Home","item":"https:\/\/lera.lt\/leta-doktorantu-tinklas\/en\/home\/"},{"@type":"ListItem","position":2,"name":"Tinklo siekiai"}]},{"@type":"WebSite","@id":"https:\/\/lera.lt\/leta-doktorantu-tinklas\/#website","url":"https:\/\/lera.lt\/leta-doktorantu-tinklas\/","name":"LETA doktorant\u0173 tinklas","description":"","potentialAction":[{"@type":"SearchAction","target":{"@type":"EntryPoint","urlTemplate":"https:\/\/lera.lt\/leta-doktorantu-tinklas\/?s={search_term_string}"},"query-input":{"@type":"PropertyValueSpecification","valueRequired":true,"valueName":"search_term_string"}}],"inLanguage":"lt-LT"}]}},"_links":{"self":[{"href":"https:\/\/lera.lt\/leta-doktorantu-tinklas\/wp-json\/wp\/v2\/pages\/584","targetHints":{"allow":["GET"]}}],"collection":[{"href":"https:\/\/lera.lt\/leta-doktorantu-tinklas\/wp-json\/wp\/v2\/pages"}],"about":[{"href":"https:\/\/lera.lt\/leta-doktorantu-tinklas\/wp-json\/wp\/v2\/types\/page"}],"author":[{"embeddable":true,"href":"https:\/\/lera.lt\/leta-doktorantu-tinklas\/wp-json\/wp\/v2\/users\/1"}],"replies":[{"embeddable":true,"href":"https:\/\/lera.lt\/leta-doktorantu-tinklas\/wp-json\/wp\/v2\/comments?post=584"}],"version-history":[{"count":9,"href":"https:\/\/lera.lt\/leta-doktorantu-tinklas\/wp-json\/wp\/v2\/pages\/584\/revisions"}],"predecessor-version":[{"id":895,"href":"https:\/\/lera.lt\/leta-doktorantu-tinklas\/wp-json\/wp\/v2\/pages\/584\/revisions\/895"}],"wp:attachment":[{"href":"https:\/\/lera.lt\/leta-doktorantu-tinklas\/wp-json\/wp\/v2\/media?parent=584"}],"curies":[{"name":"wp","href":"https:\/\/api.w.org\/{rel}","templated":true}]}}