{"id":835,"date":"2025-09-11T08:28:32","date_gmt":"2025-09-11T08:28:32","guid":{"rendered":"https:\/\/lera.lt\/ikimokyklinio-ir-priesmokyklinio-ugdymo-tinklas\/?page_id=835"},"modified":"2025-09-11T08:28:32","modified_gmt":"2025-09-11T08:28:32","slug":"aktualijos","status":"publish","type":"page","link":"https:\/\/lera.lt\/ikimokyklinio-ir-priesmokyklinio-ugdymo-tinklas\/aktualijos\/","title":{"rendered":"Aktualijos"},"content":{"rendered":"\n\n\t<p><strong>STEAM ugdymo prieiga ankstyvojo am\u017eiaus vaik\u0173 ugdyme<\/strong><\/p>\n<p><em>Doc. dr. Sergejus Neifachas<\/em><\/p>\n<p>Spartaus technologij\u0173 vystymosi am\u017eiuje ir \u017eini\u0173 visuomen\u0117je, ankstyvojo ugdymo praktikoje vis daugiau reik\u0161m\u0117s \u012fgyja vaik\u0173 \u017eini\u0173 k\u016brimo ir taikymo geb\u0117jimai, o k\u016brybi\u0161kumas, inovatyvumas tampa svarbiausiu pa\u017eangi\u0173 ikimokyklinio ugdymo mokykl\u0173 apib\u016bdinimu. Ikimokyklinio ir prie\u0161mokyklinio am\u017eiaus vaikams yra patrauklios patyriminio ugdymo(si) aplinkos, j\u0173 d\u0117mesys telkiamas \u012f \u017eaism\u0117s ir atradim\u0173, tyrin\u0117jim\u0173 ir gilaus mokymosi kontekstus, kritinio m\u0105stymo geb\u0117jim\u0173 puosel\u0117jim\u0105.<\/p>\n<p>Ypatingas d\u0117mesys skiriamas naujovi\u0161kesn\u0117s ugdymo ir savivaldaus vaiko mokymosi aplinkos suk\u016brimui. Viena i\u0161 toki\u0173 aplink\u0173 &#8211; STEAM aplinka. Tai inovatyvus ugdymas, kur visos ugdymosi sritys yra glaud\u017eiai susijusios tarpusavyje. Tod\u0117l galima teigti, jog STEAM ugdymo prieiga yra kompleksinis rei\u0161kinys, apimantis vis\u0173 bendr\u0173j\u0173 kompetencij\u0173 ugdym\u0105.<\/p>\n<p>STEAM ugdymo prieiga suteikia vaikui galias i\u0161reik\u0161ti save jud\u0117jimu, statyba, in\u017einerija, mokslo eksperimentais, atradimais, i\u0161laisvintu loginiu m\u0105stymu, geb\u0117jimu pagr\u012fsti \u017einojim\u0105 naudojant modernias ugdymo priemones ar \u012frankius. Tai k\u016brybin\u0117s s\u0117km\u0117s \u012fvykis kasdieniniame vaik\u0173 ugdyme: vaikai renkasi geriausiai j\u0173 geb\u0117jimus, poreikius ir interesus atitinkan\u010di\u0105 veikl\u0105; skatinami gilinti \u017einias neformali\u0173 ugdymosi veikl\u0173 metu: eksperimentuoti, tyrin\u0117ti, analizuoti, kurti, suprasti ir atrasti. STEAM ugdymas\u00a0 suteikia\u00a0 vaikams\u00a0 d\u017eiaugsmo,\u00a0 skatina\u00a0 nor\u0105\u00a0 mokytis\u00a0 ir\u00a0 \u012fsitraukti\u00a0 \u012f\u00a0 mokymosi\u00a0 veiklas.<\/p>\n<p>STEAM ugdymas ankstyvajame ugdymo sektoriuje kuriamas integralumo ir sistemi\u0161kumo principais, atliepiant b\u016btinyb\u0119 jau ikimokyklinio ugdymo mokykloje ugdyti vaik\u0173 k\u016brybi\u0161kum\u0105 ir iniciatyvum\u0105, skatinant j\u0173 dom\u0117jim\u0105si STEAM naujausiais i\u0161radimais. Ugdymo sritys ir turinys atspindi \u0161iuolaikini\u0173 technologij\u0173 pasiekimus ir atitinta prioritetus, kaip tvari ir darni aplinka, \u012ftrauki ir k\u016brybinga visuomen\u0117.\u00a0<strong>Ugdymasis\u00a0 gamtos\u00a0 moksluose<\/strong>\u00a0 pasirei\u0161kia\u00a0 steb\u0117jimu,\u00a0 tyrin\u0117jimu,\u00a0 prognozavimu,\u00a0 m\u0105stymu, kaip vyksta tam tikri dalykai, supratimu, kas vyksta, k\u0105 matome, moksliniu ai\u0161kinimu,\u00a0 vertinimu,\u00a0 i\u0161vad\u0173\u00a0 darymu. Ikimokykliniame am\u017eiuje vaikai veikdami ir atrasdami geba konstruoti savo \u017einias, samprotauti apie gamtos mokslus.<\/p>\n<p><strong>Technologij\u0173 moksluose ugdymas<\/strong>\u00a0 kreipiamas\u00a0 \u012f\u00a0 i\u0161radingum\u0105,\u00a0 problem\u0173\u00a0 atpa\u017einim\u0105,\u00a0 iniciatyvum\u0105,\u00a0 \u017einojim\u0105,\u00a0 kaip pasirinkti med\u017eiagas ir \u012frankius, kad b\u016bt\u0173 lengviau dirbti, \u017eaidimus su konstrukcin\u0117mis ma\u0161inomis, IKT naudojim\u0105.\u00a0<strong>Vaik\u0173 in\u017einerija<\/strong>\u00a0apima \u012fvairi\u0173 tam tikr\u0173 statini\u0173 k\u016brim\u0105 ir tobulinim\u0105. Svarbu, kad in\u017einerin\u0117s veiklos skatint\u0173 bendradarbiavim\u0105 vienas su kitu, pagalb\u0105 kitam. Kai vaikai sprend\u017eia in\u017einerin\u0119 problem\u0105, jie stebi, m\u0105sto, pateikia prognozes, galimus problemos sprendimo b\u016bdus, mokosi i\u0161 nes\u0117kmi\u0173, bendrauja su suaugusiaisiais, bendraam\u017eiais. Tokiu b\u016bdu vaikai mokosi sutelkti d\u0117mes\u012f, atkakliai siekti tikslo, rizikuoti,\u00a0 toleruoti \u00a0nusivylim\u0105.\u00a0 Taigi\u00a0 in\u017einerij\u0105\u00a0 galima\u00a0 apib\u016bdinti\u00a0 kaip\u00a0 tikslo\u00a0 numatym\u0105, login\u012f\u00a0 m\u0105stym\u0105,\u00a0 sisteming\u0105\u00a0 problem\u0173\u00a0 sprendim\u0105.\u00a0<strong>Ugdymas\u00a0 matematikos\u00a0 srityje<\/strong>\u00a0 &#8211;\u00a0 tai\u00a0 skai\u010diavimas,\u00a0 matavimas,\u00a0 klasifikavimas,\u00a0 lyginimas, matematini\u0173 s\u0105vok\u0173 vartojimas pasakojant, matematin\u0117s informacijos rinkimas, fiksavimas, iliustravimas vaizdin\u0117mis priemon\u0117mis, k\u016brybi\u0161kas matematini\u0173 problem\u0173 sprendimas, plok\u0161tumos, erdv\u0117s fig\u016br\u0173 atpa\u017einimas.\u00a0<strong>Menas STEAM sistemoje<\/strong>\u00a0&#8211; tai viena i\u0161 tyrin\u0117jimo veikl\u0173, galin\u010di\u0173 suaktyvinti vaik\u0173 k\u016brybi\u0161kum\u0105. Tai neatskiriama mokymosi proceso dalis. Menu siekiama i\u0161mokyti ugdytinius eksperimentuoti su savo vaizduote.<\/p>\n<p>STEAM ugdymo prieiga n\u0117ra viena disciplina &#8211; tai daugyb\u0117 strategij\u0173, kurios padeda ugdytiniams pritaikyti skirting\u0173 mokslo sri\u010di\u0173 koncepcijas ir \u012fg\u016bd\u017eius reik\u0161mingoms problemoms spr\u0119sti. Gamtos mokslai, technologijos, in\u017einerija, menas ir matematika &#8211; tai atskiros sritys, kurios STEAM ugdyme tampa susijusios integraciniais ry\u0161iais.<\/p>\n<p>Integruodami STEAM \u012f vaik\u0173 ugdym\u0105 pedagogai skatina vaikus klausin\u0117ti apie tai, kas\u00a0 vyksta\u00a0 artimiausioje\u00a0 aplinkoje,\u00a0 aktyviai\u00a0 steb\u0117ti\u00a0 aplink\u0105\u00a0 ir\u00a0 tyrin\u0117ti\u00a0 konstruojant, projektuojant, matuojant, kuriant ir taip ugdantis b\u016btinus geb\u0117jimus. Tuo pa\u010diu metu vaikai\u00a0 bendrauja,\u00a0 klauso,\u00a0 dalijasi\u00a0 id\u0117jomis, analizuoja. Taip vaikai\u00a0 \u017eaisdami\u00a0 mokosi.\u00a0 Ikimokyklinio am\u017eiaus vaik\u0173 \u017eaidimas suvokiamas kaip vienas veiksmingiausi\u0173 metod\u0173 mokyti vaikus in\u017einerijos, gamtos moksl\u0173, matematikos, socialini\u0173 ir emocini\u0173 \u012fg\u016bd\u017ei\u0173.<\/p>\n\n","protected":false},"excerpt":{"rendered":"<p>STEAM ugdymo prieiga ankstyvojo am\u017eiaus vaik\u0173 ugdyme Doc. dr. Sergejus Neifachas Spartaus technologij\u0173 vystymosi am\u017eiuje ir \u017eini\u0173 visuomen\u0117je, ankstyvojo ugdymo praktikoje vis daugiau reik\u0161m\u0117s \u012fgyja vaik\u0173 \u017eini\u0173 k\u016brimo ir taikymo geb\u0117jimai, o k\u016brybi\u0161kumas, inovatyvumas tampa svarbiausiu pa\u017eangi\u0173 ikimokyklinio ugdymo mokykl\u0173 apib\u016bdinimu. Ikimokyklinio ir prie\u0161mokyklinio am\u017eiaus vaikams yra patrauklios patyriminio ugdymo(si) aplinkos, j\u0173 d\u0117mesys telkiamas \u012f&hellip;<\/p>\n","protected":false},"author":1,"featured_media":0,"parent":0,"menu_order":0,"comment_status":"closed","ping_status":"closed","template":"","meta":{"footnotes":""},"class_list":["post-835","page","type-page","status-publish","hentry"],"yoast_head":"<!-- This site is optimized with the Yoast SEO plugin v25.7 - https:\/\/yoast.com\/wordpress\/plugins\/seo\/ -->\n<title>Aktualijos - Ikimokyklinio ir prie\u0161mokyklinio ugdymo tinklas<\/title>\n<meta name=\"robots\" content=\"index, follow, max-snippet:-1, max-image-preview:large, max-video-preview:-1\" \/>\n<link rel=\"canonical\" href=\"https:\/\/lera.lt\/ikimokyklinio-ir-priesmokyklinio-ugdymo-tinklas\/aktualijos\/\" \/>\n<meta property=\"og:locale\" content=\"lt_LT\" \/>\n<meta property=\"og:type\" content=\"article\" \/>\n<meta property=\"og:title\" content=\"Aktualijos - Ikimokyklinio ir prie\u0161mokyklinio ugdymo tinklas\" \/>\n<meta property=\"og:description\" content=\"STEAM ugdymo prieiga ankstyvojo am\u017eiaus vaik\u0173 ugdyme Doc. dr. Sergejus Neifachas Spartaus technologij\u0173 vystymosi am\u017eiuje ir \u017eini\u0173 visuomen\u0117je, ankstyvojo ugdymo praktikoje vis daugiau reik\u0161m\u0117s \u012fgyja vaik\u0173 \u017eini\u0173 k\u016brimo ir taikymo geb\u0117jimai, o k\u016brybi\u0161kumas, inovatyvumas tampa svarbiausiu pa\u017eangi\u0173 ikimokyklinio ugdymo mokykl\u0173 apib\u016bdinimu. Ikimokyklinio ir prie\u0161mokyklinio am\u017eiaus vaikams yra patrauklios patyriminio ugdymo(si) aplinkos, j\u0173 d\u0117mesys telkiamas \u012f&hellip;\" \/>\n<meta property=\"og:url\" content=\"https:\/\/lera.lt\/ikimokyklinio-ir-priesmokyklinio-ugdymo-tinklas\/aktualijos\/\" \/>\n<meta property=\"og:site_name\" content=\"Ikimokyklinio ir prie\u0161mokyklinio ugdymo tinklas\" \/>\n<meta name=\"twitter:card\" content=\"summary_large_image\" \/>\n<script type=\"application\/ld+json\" class=\"yoast-schema-graph\">{\"@context\":\"https:\/\/schema.org\",\"@graph\":[{\"@type\":\"WebPage\",\"@id\":\"https:\/\/lera.lt\/ikimokyklinio-ir-priesmokyklinio-ugdymo-tinklas\/aktualijos\/\",\"url\":\"https:\/\/lera.lt\/ikimokyklinio-ir-priesmokyklinio-ugdymo-tinklas\/aktualijos\/\",\"name\":\"Aktualijos - Ikimokyklinio ir prie\u0161mokyklinio ugdymo tinklas\",\"isPartOf\":{\"@id\":\"https:\/\/lera.lt\/ikimokyklinio-ir-priesmokyklinio-ugdymo-tinklas\/#website\"},\"datePublished\":\"2025-09-11T08:28:32+00:00\",\"breadcrumb\":{\"@id\":\"https:\/\/lera.lt\/ikimokyklinio-ir-priesmokyklinio-ugdymo-tinklas\/aktualijos\/#breadcrumb\"},\"inLanguage\":\"lt-LT\",\"potentialAction\":[{\"@type\":\"ReadAction\",\"target\":[\"https:\/\/lera.lt\/ikimokyklinio-ir-priesmokyklinio-ugdymo-tinklas\/aktualijos\/\"]}]},{\"@type\":\"BreadcrumbList\",\"@id\":\"https:\/\/lera.lt\/ikimokyklinio-ir-priesmokyklinio-ugdymo-tinklas\/aktualijos\/#breadcrumb\",\"itemListElement\":[{\"@type\":\"ListItem\",\"position\":1,\"name\":\"Home\",\"item\":\"https:\/\/lera.lt\/ikimokyklinio-ir-priesmokyklinio-ugdymo-tinklas\/\"},{\"@type\":\"ListItem\",\"position\":2,\"name\":\"Aktualijos\"}]},{\"@type\":\"WebSite\",\"@id\":\"https:\/\/lera.lt\/ikimokyklinio-ir-priesmokyklinio-ugdymo-tinklas\/#website\",\"url\":\"https:\/\/lera.lt\/ikimokyklinio-ir-priesmokyklinio-ugdymo-tinklas\/\",\"name\":\"Ikimokyklinio ir prie\u0161mokyklinio ugdymo tinklas\",\"description\":\"\",\"potentialAction\":[{\"@type\":\"SearchAction\",\"target\":{\"@type\":\"EntryPoint\",\"urlTemplate\":\"https:\/\/lera.lt\/ikimokyklinio-ir-priesmokyklinio-ugdymo-tinklas\/?s={search_term_string}\"},\"query-input\":{\"@type\":\"PropertyValueSpecification\",\"valueRequired\":true,\"valueName\":\"search_term_string\"}}],\"inLanguage\":\"lt-LT\"}]}<\/script>\n<!-- \/ Yoast SEO plugin. -->","yoast_head_json":{"title":"Aktualijos - Ikimokyklinio ir prie\u0161mokyklinio ugdymo tinklas","robots":{"index":"index","follow":"follow","max-snippet":"max-snippet:-1","max-image-preview":"max-image-preview:large","max-video-preview":"max-video-preview:-1"},"canonical":"https:\/\/lera.lt\/ikimokyklinio-ir-priesmokyklinio-ugdymo-tinklas\/aktualijos\/","og_locale":"lt_LT","og_type":"article","og_title":"Aktualijos - Ikimokyklinio ir prie\u0161mokyklinio ugdymo tinklas","og_description":"STEAM ugdymo prieiga ankstyvojo am\u017eiaus vaik\u0173 ugdyme Doc. dr. Sergejus Neifachas Spartaus technologij\u0173 vystymosi am\u017eiuje ir \u017eini\u0173 visuomen\u0117je, ankstyvojo ugdymo praktikoje vis daugiau reik\u0161m\u0117s \u012fgyja vaik\u0173 \u017eini\u0173 k\u016brimo ir taikymo geb\u0117jimai, o k\u016brybi\u0161kumas, inovatyvumas tampa svarbiausiu pa\u017eangi\u0173 ikimokyklinio ugdymo mokykl\u0173 apib\u016bdinimu. Ikimokyklinio ir prie\u0161mokyklinio am\u017eiaus vaikams yra patrauklios patyriminio ugdymo(si) aplinkos, j\u0173 d\u0117mesys telkiamas \u012f&hellip;","og_url":"https:\/\/lera.lt\/ikimokyklinio-ir-priesmokyklinio-ugdymo-tinklas\/aktualijos\/","og_site_name":"Ikimokyklinio ir prie\u0161mokyklinio ugdymo tinklas","twitter_card":"summary_large_image","schema":{"@context":"https:\/\/schema.org","@graph":[{"@type":"WebPage","@id":"https:\/\/lera.lt\/ikimokyklinio-ir-priesmokyklinio-ugdymo-tinklas\/aktualijos\/","url":"https:\/\/lera.lt\/ikimokyklinio-ir-priesmokyklinio-ugdymo-tinklas\/aktualijos\/","name":"Aktualijos - Ikimokyklinio ir prie\u0161mokyklinio ugdymo tinklas","isPartOf":{"@id":"https:\/\/lera.lt\/ikimokyklinio-ir-priesmokyklinio-ugdymo-tinklas\/#website"},"datePublished":"2025-09-11T08:28:32+00:00","breadcrumb":{"@id":"https:\/\/lera.lt\/ikimokyklinio-ir-priesmokyklinio-ugdymo-tinklas\/aktualijos\/#breadcrumb"},"inLanguage":"lt-LT","potentialAction":[{"@type":"ReadAction","target":["https:\/\/lera.lt\/ikimokyklinio-ir-priesmokyklinio-ugdymo-tinklas\/aktualijos\/"]}]},{"@type":"BreadcrumbList","@id":"https:\/\/lera.lt\/ikimokyklinio-ir-priesmokyklinio-ugdymo-tinklas\/aktualijos\/#breadcrumb","itemListElement":[{"@type":"ListItem","position":1,"name":"Home","item":"https:\/\/lera.lt\/ikimokyklinio-ir-priesmokyklinio-ugdymo-tinklas\/"},{"@type":"ListItem","position":2,"name":"Aktualijos"}]},{"@type":"WebSite","@id":"https:\/\/lera.lt\/ikimokyklinio-ir-priesmokyklinio-ugdymo-tinklas\/#website","url":"https:\/\/lera.lt\/ikimokyklinio-ir-priesmokyklinio-ugdymo-tinklas\/","name":"Ikimokyklinio ir prie\u0161mokyklinio ugdymo tinklas","description":"","potentialAction":[{"@type":"SearchAction","target":{"@type":"EntryPoint","urlTemplate":"https:\/\/lera.lt\/ikimokyklinio-ir-priesmokyklinio-ugdymo-tinklas\/?s={search_term_string}"},"query-input":{"@type":"PropertyValueSpecification","valueRequired":true,"valueName":"search_term_string"}}],"inLanguage":"lt-LT"}]}},"_links":{"self":[{"href":"https:\/\/lera.lt\/ikimokyklinio-ir-priesmokyklinio-ugdymo-tinklas\/wp-json\/wp\/v2\/pages\/835","targetHints":{"allow":["GET"]}}],"collection":[{"href":"https:\/\/lera.lt\/ikimokyklinio-ir-priesmokyklinio-ugdymo-tinklas\/wp-json\/wp\/v2\/pages"}],"about":[{"href":"https:\/\/lera.lt\/ikimokyklinio-ir-priesmokyklinio-ugdymo-tinklas\/wp-json\/wp\/v2\/types\/page"}],"author":[{"embeddable":true,"href":"https:\/\/lera.lt\/ikimokyklinio-ir-priesmokyklinio-ugdymo-tinklas\/wp-json\/wp\/v2\/users\/1"}],"replies":[{"embeddable":true,"href":"https:\/\/lera.lt\/ikimokyklinio-ir-priesmokyklinio-ugdymo-tinklas\/wp-json\/wp\/v2\/comments?post=835"}],"version-history":[{"count":2,"href":"https:\/\/lera.lt\/ikimokyklinio-ir-priesmokyklinio-ugdymo-tinklas\/wp-json\/wp\/v2\/pages\/835\/revisions"}],"predecessor-version":[{"id":845,"href":"https:\/\/lera.lt\/ikimokyklinio-ir-priesmokyklinio-ugdymo-tinklas\/wp-json\/wp\/v2\/pages\/835\/revisions\/845"}],"wp:attachment":[{"href":"https:\/\/lera.lt\/ikimokyklinio-ir-priesmokyklinio-ugdymo-tinklas\/wp-json\/wp\/v2\/media?parent=835"}],"curies":[{"name":"wp","href":"https:\/\/api.w.org\/{rel}","templated":true}]}}