{"id":584,"date":"2025-08-19T18:11:38","date_gmt":"2025-08-19T18:11:38","guid":{"rendered":"https:\/\/lera.lt\/ikimokyklinio-ir-priesmokyklinio-ugdymo-tinklas\/?page_id=584"},"modified":"2025-09-11T08:42:04","modified_gmt":"2025-09-11T08:42:04","slug":"tinklo-siekiai","status":"publish","type":"page","link":"https:\/\/lera.lt\/ikimokyklinio-ir-priesmokyklinio-ugdymo-tinklas\/tinklo-siekiai\/","title":{"rendered":"Tinklo siekiai"},"content":{"rendered":"\n\n\t<ol>\n<li>Vykdyti mokslin\u0119 tiriam\u0105j\u0105 veikl\u0105 ikimokyklinio ugdymo klausimais ir rengti publikacijas.<\/li>\n<li>Dalyvauti tarptautin\u0117se (tame tarpe ir EERA) konferencijose, nagrin\u0117jan\u010diose ikimokyklinio ugdymo aktualijas, vaikyst\u0117s pedagog\u0173 rengimo klausimus.<\/li>\n<li>Aktyviai dalyvauti LETA konferencijoje, rengti tinklo sekcij\u0105.<\/li>\n<li>Organizuoti \u012fvairius nacionalinius renginius (mokslines-praktines konferencijas, praktinius mokymus, dirbtuves, seminarus, metodines dienas ir kt.), skirtus ikimokyklinio ugdymo aktualijoms ar juose dalyvauti.<\/li>\n<li>Dalyvauti projektuose, skirtuose ikimokyklinio ir prie\u0161mokyklinio ugdymo klausimams nagrin\u0117ti.<\/li>\n<li>Suplanuoti ir parengti Edukacijos forum\u0105 ikimokyklinio ugdymo aktualij\u0173 klausimais.<\/li>\n<li>Atstovauti LETA darbo grup\u0117se ir kitose ekspertin\u0117se veiklose.<\/li>\n<li>Dalintis ikimokyklinio ugdymo patirtimis, \u012fgytomis svetur.<\/li>\n<li>Organizuoti trumpalaikes patyrimines sta\u017euotes tarp auk\u0161t\u0173j\u0173 mokykl\u0173 ir ikimokyklinio ugdymo institucij\u0173, skirtas pa\u017eangioms praktikoms pristatyti.<\/li>\n<li>Vystyti Ikimokyklinio ir prie\u0161mokyklinio ugdymo tinklo subsvetain\u0119, parengti 1-2 blykstes (trumpus tyrim\u0173 pristatymus), dalintis naujienomis.<\/li>\n<li>Pl\u0117sti bendradarbiavim\u0105 su kitais tinklais: pradinio ugdymo, bendrojo ugdymo, \u012ftraukiojo ugdymo, tyrim\u0173 metodologijos.<\/li>\n<li>Fokusuotis \u012f aktualius daugiakult\u016bri\u0161kumo, daugiakalbyst\u0117s, socialinio &#8211; emocinio ugdymo klausimus.<\/li>\n<li>Dalyvauti Ikimokyklinio ugdymo turinio kaitoje, vesti mokymus, konsultuoti, teikti pasi\u016blymus.<\/li>\n<li>Stiprinti STEAM ikimokyklinio ugdymo sektoriuje ir skatinti regionini\u0173 STEAM centr\u0173 veikl\u0105.<\/li>\n<li>Palaikyti ry\u0161ius su \u0161alies ikimokyklinio ugdymo mokytoj\u0173 bendruomen\u0117mis, pad\u0117ti joms tobul\u0117ti.<\/li>\n<\/ol>\n\n","protected":false},"excerpt":{"rendered":"<p>Vykdyti mokslin\u0119 tiriam\u0105j\u0105 veikl\u0105 ikimokyklinio ugdymo klausimais ir rengti publikacijas. Dalyvauti tarptautin\u0117se (tame tarpe ir EERA) konferencijose, nagrin\u0117jan\u010diose ikimokyklinio ugdymo aktualijas, vaikyst\u0117s pedagog\u0173 rengimo klausimus. Aktyviai dalyvauti LETA konferencijoje, rengti tinklo sekcij\u0105. Organizuoti \u012fvairius nacionalinius renginius (mokslines-praktines konferencijas, praktinius mokymus, dirbtuves, seminarus, metodines dienas ir kt.), skirtus ikimokyklinio ugdymo aktualijoms ar juose dalyvauti. Dalyvauti projektuose,&hellip;<\/p>\n","protected":false},"author":1,"featured_media":0,"parent":0,"menu_order":0,"comment_status":"closed","ping_status":"closed","template":"","meta":{"footnotes":""},"class_list":["post-584","page","type-page","status-publish","hentry"],"yoast_head":"<!-- This site is optimized with the Yoast SEO plugin v25.7 - https:\/\/yoast.com\/wordpress\/plugins\/seo\/ -->\n<title>Tinklo siekiai - Ikimokyklinio ir prie\u0161mokyklinio ugdymo tinklas<\/title>\n<meta name=\"robots\" content=\"index, follow, max-snippet:-1, max-image-preview:large, max-video-preview:-1\" \/>\n<link rel=\"canonical\" href=\"https:\/\/lera.lt\/ikimokyklinio-ir-priesmokyklinio-ugdymo-tinklas\/tinklo-siekiai\/\" \/>\n<meta property=\"og:locale\" content=\"lt_LT\" \/>\n<meta property=\"og:type\" content=\"article\" \/>\n<meta property=\"og:title\" content=\"Tinklo siekiai - Ikimokyklinio ir prie\u0161mokyklinio ugdymo tinklas\" \/>\n<meta property=\"og:description\" content=\"Vykdyti mokslin\u0119 tiriam\u0105j\u0105 veikl\u0105 ikimokyklinio ugdymo klausimais ir rengti publikacijas. Dalyvauti tarptautin\u0117se (tame tarpe ir EERA) konferencijose, nagrin\u0117jan\u010diose ikimokyklinio ugdymo aktualijas, vaikyst\u0117s pedagog\u0173 rengimo klausimus. Aktyviai dalyvauti LETA konferencijoje, rengti tinklo sekcij\u0105. Organizuoti \u012fvairius nacionalinius renginius (mokslines-praktines konferencijas, praktinius mokymus, dirbtuves, seminarus, metodines dienas ir kt.), skirtus ikimokyklinio ugdymo aktualijoms ar juose dalyvauti. Dalyvauti projektuose,&hellip;\" \/>\n<meta property=\"og:url\" content=\"https:\/\/lera.lt\/ikimokyklinio-ir-priesmokyklinio-ugdymo-tinklas\/tinklo-siekiai\/\" \/>\n<meta property=\"og:site_name\" content=\"Ikimokyklinio ir prie\u0161mokyklinio ugdymo tinklas\" \/>\n<meta property=\"article:modified_time\" content=\"2025-09-11T08:42:04+00:00\" \/>\n<meta name=\"twitter:card\" content=\"summary_large_image\" \/>\n<script type=\"application\/ld+json\" class=\"yoast-schema-graph\">{\"@context\":\"https:\/\/schema.org\",\"@graph\":[{\"@type\":\"WebPage\",\"@id\":\"https:\/\/lera.lt\/ikimokyklinio-ir-priesmokyklinio-ugdymo-tinklas\/tinklo-siekiai\/\",\"url\":\"https:\/\/lera.lt\/ikimokyklinio-ir-priesmokyklinio-ugdymo-tinklas\/tinklo-siekiai\/\",\"name\":\"Tinklo siekiai - Ikimokyklinio ir prie\u0161mokyklinio ugdymo tinklas\",\"isPartOf\":{\"@id\":\"https:\/\/lera.lt\/ikimokyklinio-ir-priesmokyklinio-ugdymo-tinklas\/#website\"},\"datePublished\":\"2025-08-19T18:11:38+00:00\",\"dateModified\":\"2025-09-11T08:42:04+00:00\",\"breadcrumb\":{\"@id\":\"https:\/\/lera.lt\/ikimokyklinio-ir-priesmokyklinio-ugdymo-tinklas\/tinklo-siekiai\/#breadcrumb\"},\"inLanguage\":\"lt-LT\",\"potentialAction\":[{\"@type\":\"ReadAction\",\"target\":[\"https:\/\/lera.lt\/ikimokyklinio-ir-priesmokyklinio-ugdymo-tinklas\/tinklo-siekiai\/\"]}]},{\"@type\":\"BreadcrumbList\",\"@id\":\"https:\/\/lera.lt\/ikimokyklinio-ir-priesmokyklinio-ugdymo-tinklas\/tinklo-siekiai\/#breadcrumb\",\"itemListElement\":[{\"@type\":\"ListItem\",\"position\":1,\"name\":\"Home\",\"item\":\"https:\/\/lera.lt\/ikimokyklinio-ir-priesmokyklinio-ugdymo-tinklas\/\"},{\"@type\":\"ListItem\",\"position\":2,\"name\":\"Tinklo siekiai\"}]},{\"@type\":\"WebSite\",\"@id\":\"https:\/\/lera.lt\/ikimokyklinio-ir-priesmokyklinio-ugdymo-tinklas\/#website\",\"url\":\"https:\/\/lera.lt\/ikimokyklinio-ir-priesmokyklinio-ugdymo-tinklas\/\",\"name\":\"Ikimokyklinio ir prie\u0161mokyklinio ugdymo tinklas\",\"description\":\"\",\"potentialAction\":[{\"@type\":\"SearchAction\",\"target\":{\"@type\":\"EntryPoint\",\"urlTemplate\":\"https:\/\/lera.lt\/ikimokyklinio-ir-priesmokyklinio-ugdymo-tinklas\/?s={search_term_string}\"},\"query-input\":{\"@type\":\"PropertyValueSpecification\",\"valueRequired\":true,\"valueName\":\"search_term_string\"}}],\"inLanguage\":\"lt-LT\"}]}<\/script>\n<!-- \/ Yoast SEO plugin. -->","yoast_head_json":{"title":"Tinklo siekiai - Ikimokyklinio ir prie\u0161mokyklinio ugdymo tinklas","robots":{"index":"index","follow":"follow","max-snippet":"max-snippet:-1","max-image-preview":"max-image-preview:large","max-video-preview":"max-video-preview:-1"},"canonical":"https:\/\/lera.lt\/ikimokyklinio-ir-priesmokyklinio-ugdymo-tinklas\/tinklo-siekiai\/","og_locale":"lt_LT","og_type":"article","og_title":"Tinklo siekiai - Ikimokyklinio ir prie\u0161mokyklinio ugdymo tinklas","og_description":"Vykdyti mokslin\u0119 tiriam\u0105j\u0105 veikl\u0105 ikimokyklinio ugdymo klausimais ir rengti publikacijas. Dalyvauti tarptautin\u0117se (tame tarpe ir EERA) konferencijose, nagrin\u0117jan\u010diose ikimokyklinio ugdymo aktualijas, vaikyst\u0117s pedagog\u0173 rengimo klausimus. Aktyviai dalyvauti LETA konferencijoje, rengti tinklo sekcij\u0105. Organizuoti \u012fvairius nacionalinius renginius (mokslines-praktines konferencijas, praktinius mokymus, dirbtuves, seminarus, metodines dienas ir kt.), skirtus ikimokyklinio ugdymo aktualijoms ar juose dalyvauti. Dalyvauti projektuose,&hellip;","og_url":"https:\/\/lera.lt\/ikimokyklinio-ir-priesmokyklinio-ugdymo-tinklas\/tinklo-siekiai\/","og_site_name":"Ikimokyklinio ir prie\u0161mokyklinio ugdymo tinklas","article_modified_time":"2025-09-11T08:42:04+00:00","twitter_card":"summary_large_image","schema":{"@context":"https:\/\/schema.org","@graph":[{"@type":"WebPage","@id":"https:\/\/lera.lt\/ikimokyklinio-ir-priesmokyklinio-ugdymo-tinklas\/tinklo-siekiai\/","url":"https:\/\/lera.lt\/ikimokyklinio-ir-priesmokyklinio-ugdymo-tinklas\/tinklo-siekiai\/","name":"Tinklo siekiai - Ikimokyklinio ir prie\u0161mokyklinio ugdymo tinklas","isPartOf":{"@id":"https:\/\/lera.lt\/ikimokyklinio-ir-priesmokyklinio-ugdymo-tinklas\/#website"},"datePublished":"2025-08-19T18:11:38+00:00","dateModified":"2025-09-11T08:42:04+00:00","breadcrumb":{"@id":"https:\/\/lera.lt\/ikimokyklinio-ir-priesmokyklinio-ugdymo-tinklas\/tinklo-siekiai\/#breadcrumb"},"inLanguage":"lt-LT","potentialAction":[{"@type":"ReadAction","target":["https:\/\/lera.lt\/ikimokyklinio-ir-priesmokyklinio-ugdymo-tinklas\/tinklo-siekiai\/"]}]},{"@type":"BreadcrumbList","@id":"https:\/\/lera.lt\/ikimokyklinio-ir-priesmokyklinio-ugdymo-tinklas\/tinklo-siekiai\/#breadcrumb","itemListElement":[{"@type":"ListItem","position":1,"name":"Home","item":"https:\/\/lera.lt\/ikimokyklinio-ir-priesmokyklinio-ugdymo-tinklas\/"},{"@type":"ListItem","position":2,"name":"Tinklo siekiai"}]},{"@type":"WebSite","@id":"https:\/\/lera.lt\/ikimokyklinio-ir-priesmokyklinio-ugdymo-tinklas\/#website","url":"https:\/\/lera.lt\/ikimokyklinio-ir-priesmokyklinio-ugdymo-tinklas\/","name":"Ikimokyklinio ir prie\u0161mokyklinio ugdymo tinklas","description":"","potentialAction":[{"@type":"SearchAction","target":{"@type":"EntryPoint","urlTemplate":"https:\/\/lera.lt\/ikimokyklinio-ir-priesmokyklinio-ugdymo-tinklas\/?s={search_term_string}"},"query-input":{"@type":"PropertyValueSpecification","valueRequired":true,"valueName":"search_term_string"}}],"inLanguage":"lt-LT"}]}},"_links":{"self":[{"href":"https:\/\/lera.lt\/ikimokyklinio-ir-priesmokyklinio-ugdymo-tinklas\/wp-json\/wp\/v2\/pages\/584","targetHints":{"allow":["GET"]}}],"collection":[{"href":"https:\/\/lera.lt\/ikimokyklinio-ir-priesmokyklinio-ugdymo-tinklas\/wp-json\/wp\/v2\/pages"}],"about":[{"href":"https:\/\/lera.lt\/ikimokyklinio-ir-priesmokyklinio-ugdymo-tinklas\/wp-json\/wp\/v2\/types\/page"}],"author":[{"embeddable":true,"href":"https:\/\/lera.lt\/ikimokyklinio-ir-priesmokyklinio-ugdymo-tinklas\/wp-json\/wp\/v2\/users\/1"}],"replies":[{"embeddable":true,"href":"https:\/\/lera.lt\/ikimokyklinio-ir-priesmokyklinio-ugdymo-tinklas\/wp-json\/wp\/v2\/comments?post=584"}],"version-history":[{"count":8,"href":"https:\/\/lera.lt\/ikimokyklinio-ir-priesmokyklinio-ugdymo-tinklas\/wp-json\/wp\/v2\/pages\/584\/revisions"}],"predecessor-version":[{"id":868,"href":"https:\/\/lera.lt\/ikimokyklinio-ir-priesmokyklinio-ugdymo-tinklas\/wp-json\/wp\/v2\/pages\/584\/revisions\/868"}],"wp:attachment":[{"href":"https:\/\/lera.lt\/ikimokyklinio-ir-priesmokyklinio-ugdymo-tinklas\/wp-json\/wp\/v2\/media?parent=584"}],"curies":[{"name":"wp","href":"https:\/\/api.w.org\/{rel}","templated":true}]}}