{"id":577,"date":"2025-08-19T18:10:22","date_gmt":"2025-08-19T18:10:22","guid":{"rendered":"https:\/\/lera.lt\/ikimokyklinio-ir-priesmokyklinio-ugdymo-tinklas\/?page_id=577"},"modified":"2025-09-20T14:17:34","modified_gmt":"2025-09-20T14:17:34","slug":"tinklo-komitetas","status":"publish","type":"page","link":"https:\/\/lera.lt\/ikimokyklinio-ir-priesmokyklinio-ugdymo-tinklas\/tinklo-komitetas\/","title":{"rendered":"Tinklo komitetas"},"content":{"rendered":"\n\n\t<h3><strong>Ikimokyklinio ugdymo tinklo komitetas<\/strong><\/h3>\n\t\t\t\t<img decoding=\"async\" src=\"https:\/\/lera.lt\/ikimokyklinio-ir-priesmokyklinio-ugdymo-tinklas\/wp-content\/uploads\/sites\/13\/2025\/09\/Makarskaite-Petkeviciene.jpg\" alt=\"dav\" itemprop=\"image\" height=\"240\" width=\"320\" title=\"dav\" onerror=\"this.style.display='none'\" loading=\"lazy\" \/>\n\t<p><strong>Pirminink\u0117 &#8211; doc. dr. Rita Makarskait\u0117-Petkevi\u010dien\u0117<\/strong>\u00a0(Vilniaus universitetas).<\/p>\n\t<h2>\u00a0Nariai<\/h2>\n<ul>\n<li><b>prof. dr.\u00a0Braslauskien\u0117 Rasa<\/b> (Klaip\u0117dos universitetas);<\/li>\n<li><b>prof. dr.\u00a0Malinauskien\u0117 Daiva<\/b> (Vilniaus universitetas);<\/li>\n<li><b>doc. dr. Mazolevskien\u0117 Aldona <\/b>(Vytauto Did\u017eiojo universitetas);<\/li>\n<li><b>prof. dr.\u00a0Monkevi\u010dien\u0117 Ona<\/b> (Vytauto Did\u017eiojo universitetas);<\/li>\n<li><b>doc. dr.\u00a0Neifachas Sergejus<\/b> (Vilniaus universitetas);<\/li>\n<li><b>dr.\u00a0Vityt\u0117<\/b>\u00a0<b>Birut\u0117<\/b> (Vytauto Did\u017eiojo universitetas);<\/li>\n<li><b>doc. dr.\u00a0\u017demgulien\u0117 Au\u0161ra<\/b>\u00a0(Vilniaus universitetas).<\/li>\n<\/ul>\n\t\t\t<a href=\"https:\/\/lera.lt\/registracija\/leta-naryste-2025-metams\/\" target=\"_self\">\n\t\t\t\t\t\tTapti \u0161io tinklo nariu\n\t\t\t\t\t<\/a>\n\n","protected":false},"excerpt":{"rendered":"<p>Ikimokyklinio ugdymo tinklo komitetas Pirminink\u0117 &#8211; doc. dr. Rita Makarskait\u0117-Petkevi\u010dien\u0117\u00a0(Vilniaus universitetas). \u00a0Nariai prof. dr.\u00a0Braslauskien\u0117 Rasa (Klaip\u0117dos universitetas); prof. dr.\u00a0Malinauskien\u0117 Daiva (Vilniaus universitetas); doc. dr. Mazolevskien\u0117 Aldona (Vytauto Did\u017eiojo universitetas); prof. dr.\u00a0Monkevi\u010dien\u0117 Ona (Vytauto Did\u017eiojo universitetas); doc. dr.\u00a0Neifachas Sergejus (Vilniaus universitetas); dr.\u00a0Vityt\u0117\u00a0Birut\u0117 (Vytauto Did\u017eiojo universitetas); doc. dr.\u00a0\u017demgulien\u0117 Au\u0161ra\u00a0(Vilniaus universitetas). Tapti \u0161io tinklo nariu<\/p>\n","protected":false},"author":1,"featured_media":0,"parent":0,"menu_order":0,"comment_status":"closed","ping_status":"closed","template":"","meta":{"footnotes":""},"class_list":["post-577","page","type-page","status-publish","hentry"],"yoast_head":"<!-- This site is optimized with the Yoast SEO plugin v25.7 - https:\/\/yoast.com\/wordpress\/plugins\/seo\/ -->\n<title>Tinklo komitetas - Ikimokyklinio ir prie\u0161mokyklinio ugdymo tinklas<\/title>\n<meta name=\"robots\" content=\"index, follow, max-snippet:-1, max-image-preview:large, max-video-preview:-1\" \/>\n<link rel=\"canonical\" href=\"https:\/\/lera.lt\/ikimokyklinio-ir-priesmokyklinio-ugdymo-tinklas\/tinklo-komitetas\/\" \/>\n<meta property=\"og:locale\" content=\"lt_LT\" \/>\n<meta property=\"og:type\" content=\"article\" \/>\n<meta property=\"og:title\" content=\"Tinklo komitetas - Ikimokyklinio ir prie\u0161mokyklinio ugdymo tinklas\" \/>\n<meta property=\"og:description\" content=\"Ikimokyklinio ugdymo tinklo komitetas Pirminink\u0117 &#8211; doc. dr. Rita Makarskait\u0117-Petkevi\u010dien\u0117\u00a0(Vilniaus universitetas). \u00a0Nariai prof. dr.\u00a0Braslauskien\u0117 Rasa (Klaip\u0117dos universitetas); prof. dr.\u00a0Malinauskien\u0117 Daiva (Vilniaus universitetas); doc. dr. Mazolevskien\u0117 Aldona (Vytauto Did\u017eiojo universitetas); prof. dr.\u00a0Monkevi\u010dien\u0117 Ona (Vytauto Did\u017eiojo universitetas); doc. dr.\u00a0Neifachas Sergejus (Vilniaus universitetas); dr.\u00a0Vityt\u0117\u00a0Birut\u0117 (Vytauto Did\u017eiojo universitetas); doc. dr.\u00a0\u017demgulien\u0117 Au\u0161ra\u00a0(Vilniaus universitetas). Tapti \u0161io tinklo nariu\" \/>\n<meta property=\"og:url\" content=\"https:\/\/lera.lt\/ikimokyklinio-ir-priesmokyklinio-ugdymo-tinklas\/tinklo-komitetas\/\" \/>\n<meta property=\"og:site_name\" content=\"Ikimokyklinio ir prie\u0161mokyklinio ugdymo tinklas\" \/>\n<meta property=\"article:modified_time\" content=\"2025-09-20T14:17:34+00:00\" \/>\n<meta property=\"og:image\" content=\"https:\/\/lera.lt\/ikimokyklinio-ir-priesmokyklinio-ugdymo-tinklas\/wp-content\/uploads\/sites\/13\/2025\/09\/Makarskaite-Petkeviciene.jpg\" \/>\n<meta name=\"twitter:card\" content=\"summary_large_image\" \/>\n<meta name=\"twitter:label1\" content=\"Est. reading time\" \/>\n\t<meta name=\"twitter:data1\" content=\"1 minut\u0117\" \/>\n<script type=\"application\/ld+json\" class=\"yoast-schema-graph\">{\"@context\":\"https:\/\/schema.org\",\"@graph\":[{\"@type\":\"WebPage\",\"@id\":\"https:\/\/lera.lt\/ikimokyklinio-ir-priesmokyklinio-ugdymo-tinklas\/tinklo-komitetas\/\",\"url\":\"https:\/\/lera.lt\/ikimokyklinio-ir-priesmokyklinio-ugdymo-tinklas\/tinklo-komitetas\/\",\"name\":\"Tinklo komitetas - Ikimokyklinio ir prie\u0161mokyklinio ugdymo tinklas\",\"isPartOf\":{\"@id\":\"https:\/\/lera.lt\/ikimokyklinio-ir-priesmokyklinio-ugdymo-tinklas\/#website\"},\"primaryImageOfPage\":{\"@id\":\"https:\/\/lera.lt\/ikimokyklinio-ir-priesmokyklinio-ugdymo-tinklas\/tinklo-komitetas\/#primaryimage\"},\"image\":{\"@id\":\"https:\/\/lera.lt\/ikimokyklinio-ir-priesmokyklinio-ugdymo-tinklas\/tinklo-komitetas\/#primaryimage\"},\"thumbnailUrl\":\"https:\/\/lera.lt\/ikimokyklinio-ir-priesmokyklinio-ugdymo-tinklas\/wp-content\/uploads\/sites\/13\/2025\/09\/Makarskaite-Petkeviciene.jpg\",\"datePublished\":\"2025-08-19T18:10:22+00:00\",\"dateModified\":\"2025-09-20T14:17:34+00:00\",\"breadcrumb\":{\"@id\":\"https:\/\/lera.lt\/ikimokyklinio-ir-priesmokyklinio-ugdymo-tinklas\/tinklo-komitetas\/#breadcrumb\"},\"inLanguage\":\"lt-LT\",\"potentialAction\":[{\"@type\":\"ReadAction\",\"target\":[\"https:\/\/lera.lt\/ikimokyklinio-ir-priesmokyklinio-ugdymo-tinklas\/tinklo-komitetas\/\"]}]},{\"@type\":\"ImageObject\",\"inLanguage\":\"lt-LT\",\"@id\":\"https:\/\/lera.lt\/ikimokyklinio-ir-priesmokyklinio-ugdymo-tinklas\/tinklo-komitetas\/#primaryimage\",\"url\":\"https:\/\/lera.lt\/ikimokyklinio-ir-priesmokyklinio-ugdymo-tinklas\/wp-content\/uploads\/sites\/13\/2025\/09\/Makarskaite-Petkeviciene.jpg\",\"contentUrl\":\"https:\/\/lera.lt\/ikimokyklinio-ir-priesmokyklinio-ugdymo-tinklas\/wp-content\/uploads\/sites\/13\/2025\/09\/Makarskaite-Petkeviciene.jpg\",\"width\":320,\"height\":240,\"caption\":\"dav\"},{\"@type\":\"BreadcrumbList\",\"@id\":\"https:\/\/lera.lt\/ikimokyklinio-ir-priesmokyklinio-ugdymo-tinklas\/tinklo-komitetas\/#breadcrumb\",\"itemListElement\":[{\"@type\":\"ListItem\",\"position\":1,\"name\":\"Home\",\"item\":\"https:\/\/lera.lt\/ikimokyklinio-ir-priesmokyklinio-ugdymo-tinklas\/\"},{\"@type\":\"ListItem\",\"position\":2,\"name\":\"Tinklo komitetas\"}]},{\"@type\":\"WebSite\",\"@id\":\"https:\/\/lera.lt\/ikimokyklinio-ir-priesmokyklinio-ugdymo-tinklas\/#website\",\"url\":\"https:\/\/lera.lt\/ikimokyklinio-ir-priesmokyklinio-ugdymo-tinklas\/\",\"name\":\"Ikimokyklinio ir prie\u0161mokyklinio ugdymo tinklas\",\"description\":\"\",\"potentialAction\":[{\"@type\":\"SearchAction\",\"target\":{\"@type\":\"EntryPoint\",\"urlTemplate\":\"https:\/\/lera.lt\/ikimokyklinio-ir-priesmokyklinio-ugdymo-tinklas\/?s={search_term_string}\"},\"query-input\":{\"@type\":\"PropertyValueSpecification\",\"valueRequired\":true,\"valueName\":\"search_term_string\"}}],\"inLanguage\":\"lt-LT\"}]}<\/script>\n<!-- \/ Yoast SEO plugin. -->","yoast_head_json":{"title":"Tinklo komitetas - Ikimokyklinio ir prie\u0161mokyklinio ugdymo tinklas","robots":{"index":"index","follow":"follow","max-snippet":"max-snippet:-1","max-image-preview":"max-image-preview:large","max-video-preview":"max-video-preview:-1"},"canonical":"https:\/\/lera.lt\/ikimokyklinio-ir-priesmokyklinio-ugdymo-tinklas\/tinklo-komitetas\/","og_locale":"lt_LT","og_type":"article","og_title":"Tinklo komitetas - Ikimokyklinio ir prie\u0161mokyklinio ugdymo tinklas","og_description":"Ikimokyklinio ugdymo tinklo komitetas Pirminink\u0117 &#8211; doc. dr. Rita Makarskait\u0117-Petkevi\u010dien\u0117\u00a0(Vilniaus universitetas). \u00a0Nariai prof. dr.\u00a0Braslauskien\u0117 Rasa (Klaip\u0117dos universitetas); prof. dr.\u00a0Malinauskien\u0117 Daiva (Vilniaus universitetas); doc. dr. Mazolevskien\u0117 Aldona (Vytauto Did\u017eiojo universitetas); prof. dr.\u00a0Monkevi\u010dien\u0117 Ona (Vytauto Did\u017eiojo universitetas); doc. dr.\u00a0Neifachas Sergejus (Vilniaus universitetas); dr.\u00a0Vityt\u0117\u00a0Birut\u0117 (Vytauto Did\u017eiojo universitetas); doc. dr.\u00a0\u017demgulien\u0117 Au\u0161ra\u00a0(Vilniaus universitetas). Tapti \u0161io tinklo nariu","og_url":"https:\/\/lera.lt\/ikimokyklinio-ir-priesmokyklinio-ugdymo-tinklas\/tinklo-komitetas\/","og_site_name":"Ikimokyklinio ir prie\u0161mokyklinio ugdymo tinklas","article_modified_time":"2025-09-20T14:17:34+00:00","og_image":[{"url":"https:\/\/lera.lt\/ikimokyklinio-ir-priesmokyklinio-ugdymo-tinklas\/wp-content\/uploads\/sites\/13\/2025\/09\/Makarskaite-Petkeviciene.jpg","type":"","width":"","height":""}],"twitter_card":"summary_large_image","twitter_misc":{"Est. reading time":"1 minut\u0117"},"schema":{"@context":"https:\/\/schema.org","@graph":[{"@type":"WebPage","@id":"https:\/\/lera.lt\/ikimokyklinio-ir-priesmokyklinio-ugdymo-tinklas\/tinklo-komitetas\/","url":"https:\/\/lera.lt\/ikimokyklinio-ir-priesmokyklinio-ugdymo-tinklas\/tinklo-komitetas\/","name":"Tinklo komitetas - Ikimokyklinio ir prie\u0161mokyklinio ugdymo tinklas","isPartOf":{"@id":"https:\/\/lera.lt\/ikimokyklinio-ir-priesmokyklinio-ugdymo-tinklas\/#website"},"primaryImageOfPage":{"@id":"https:\/\/lera.lt\/ikimokyklinio-ir-priesmokyklinio-ugdymo-tinklas\/tinklo-komitetas\/#primaryimage"},"image":{"@id":"https:\/\/lera.lt\/ikimokyklinio-ir-priesmokyklinio-ugdymo-tinklas\/tinklo-komitetas\/#primaryimage"},"thumbnailUrl":"https:\/\/lera.lt\/ikimokyklinio-ir-priesmokyklinio-ugdymo-tinklas\/wp-content\/uploads\/sites\/13\/2025\/09\/Makarskaite-Petkeviciene.jpg","datePublished":"2025-08-19T18:10:22+00:00","dateModified":"2025-09-20T14:17:34+00:00","breadcrumb":{"@id":"https:\/\/lera.lt\/ikimokyklinio-ir-priesmokyklinio-ugdymo-tinklas\/tinklo-komitetas\/#breadcrumb"},"inLanguage":"lt-LT","potentialAction":[{"@type":"ReadAction","target":["https:\/\/lera.lt\/ikimokyklinio-ir-priesmokyklinio-ugdymo-tinklas\/tinklo-komitetas\/"]}]},{"@type":"ImageObject","inLanguage":"lt-LT","@id":"https:\/\/lera.lt\/ikimokyklinio-ir-priesmokyklinio-ugdymo-tinklas\/tinklo-komitetas\/#primaryimage","url":"https:\/\/lera.lt\/ikimokyklinio-ir-priesmokyklinio-ugdymo-tinklas\/wp-content\/uploads\/sites\/13\/2025\/09\/Makarskaite-Petkeviciene.jpg","contentUrl":"https:\/\/lera.lt\/ikimokyklinio-ir-priesmokyklinio-ugdymo-tinklas\/wp-content\/uploads\/sites\/13\/2025\/09\/Makarskaite-Petkeviciene.jpg","width":320,"height":240,"caption":"dav"},{"@type":"BreadcrumbList","@id":"https:\/\/lera.lt\/ikimokyklinio-ir-priesmokyklinio-ugdymo-tinklas\/tinklo-komitetas\/#breadcrumb","itemListElement":[{"@type":"ListItem","position":1,"name":"Home","item":"https:\/\/lera.lt\/ikimokyklinio-ir-priesmokyklinio-ugdymo-tinklas\/"},{"@type":"ListItem","position":2,"name":"Tinklo komitetas"}]},{"@type":"WebSite","@id":"https:\/\/lera.lt\/ikimokyklinio-ir-priesmokyklinio-ugdymo-tinklas\/#website","url":"https:\/\/lera.lt\/ikimokyklinio-ir-priesmokyklinio-ugdymo-tinklas\/","name":"Ikimokyklinio ir prie\u0161mokyklinio ugdymo tinklas","description":"","potentialAction":[{"@type":"SearchAction","target":{"@type":"EntryPoint","urlTemplate":"https:\/\/lera.lt\/ikimokyklinio-ir-priesmokyklinio-ugdymo-tinklas\/?s={search_term_string}"},"query-input":{"@type":"PropertyValueSpecification","valueRequired":true,"valueName":"search_term_string"}}],"inLanguage":"lt-LT"}]}},"_links":{"self":[{"href":"https:\/\/lera.lt\/ikimokyklinio-ir-priesmokyklinio-ugdymo-tinklas\/wp-json\/wp\/v2\/pages\/577","targetHints":{"allow":["GET"]}}],"collection":[{"href":"https:\/\/lera.lt\/ikimokyklinio-ir-priesmokyklinio-ugdymo-tinklas\/wp-json\/wp\/v2\/pages"}],"about":[{"href":"https:\/\/lera.lt\/ikimokyklinio-ir-priesmokyklinio-ugdymo-tinklas\/wp-json\/wp\/v2\/types\/page"}],"author":[{"embeddable":true,"href":"https:\/\/lera.lt\/ikimokyklinio-ir-priesmokyklinio-ugdymo-tinklas\/wp-json\/wp\/v2\/users\/1"}],"replies":[{"embeddable":true,"href":"https:\/\/lera.lt\/ikimokyklinio-ir-priesmokyklinio-ugdymo-tinklas\/wp-json\/wp\/v2\/comments?post=577"}],"version-history":[{"count":24,"href":"https:\/\/lera.lt\/ikimokyklinio-ir-priesmokyklinio-ugdymo-tinklas\/wp-json\/wp\/v2\/pages\/577\/revisions"}],"predecessor-version":[{"id":910,"href":"https:\/\/lera.lt\/ikimokyklinio-ir-priesmokyklinio-ugdymo-tinklas\/wp-json\/wp\/v2\/pages\/577\/revisions\/910"}],"wp:attachment":[{"href":"https:\/\/lera.lt\/ikimokyklinio-ir-priesmokyklinio-ugdymo-tinklas\/wp-json\/wp\/v2\/media?parent=577"}],"curies":[{"name":"wp","href":"https:\/\/api.w.org\/{rel}","templated":true}]}}