{"id":882,"date":"2025-09-11T07:58:50","date_gmt":"2025-09-11T07:58:50","guid":{"rendered":"https:\/\/lera.lt\/edukacijos-tyreju-emeritu-tinklas\/?page_id=882"},"modified":"2025-09-11T09:56:56","modified_gmt":"2025-09-11T09:56:56","slug":"tinklo-nariai","status":"publish","type":"page","link":"https:\/\/lera.lt\/edukacijos-tyreju-emeritu-tinklas\/tinklo-nariai\/","title":{"rendered":"Tinklo nariai"},"content":{"rendered":"\n\n\t<h3><strong>Edukacijos tyr\u0117j\u0173 emerit\u0173 tinklo nariai 2024<\/strong><\/h3>\n<ol>\n<li>Prof. dr. Aleknait\u0117-Bieliauskien\u0117 Rita<\/li>\n<li>Prof. dr. A\u017eubalis Algirdas Povilas<\/li>\n<li>Pof. dr. Barkauskait\u0117 Marjona<\/li>\n<li>Prof. dr. Grincevi\u010dien\u0117 \u00a0Vilija<\/li>\n<li>Prof. dr. Jucevi\u010dien\u0117 Palmira<\/li>\n<li>Prof. dr. Kiveris Antanas<\/li>\n<li>Prof. dr. Kvieskien\u0117 Giedr\u0117<\/li>\n<li>Prof, dr. Leli\u016bgien\u0117 Irena<\/li>\n<li>Doc. dr. Akelaitien\u0117 Gra\u017eina<\/li>\n<li>Doc. dr. Augustas Vismantas<\/li>\n<li>Doc. dr. Dautaras Jonas<\/li>\n<li>Doc.dr.\u00a0 Glebuvien\u0117 Vitolda<\/li>\n<li>Doc. dr. Maz\u0117tis Edmundas<\/li>\n<li>Doc. dr. Mazolevskien\u0117 Aldona<\/li>\n<li>Doc.dr. \u017debrauskien\u0117 Zita<\/li>\n<li>dr. Jankevi\u010dius Stanislovas<\/li>\n<li>mokytoja-ekspert\u0117 Aleksandravi\u010dien\u0117 Birut\u0117<\/li>\n<li>mokytoja-ekspert\u0117 Navalinskien\u0117 Gra\u017eina<\/li>\n<li>mokytoja-ekspert\u0117 Puchovi\u010dien\u0117 Danut\u0117<\/li>\n<li>mokytoja-ekspert\u0117 Strimaitien\u0117 Vajon\u0117<\/li>\n<li>Bajorien\u0117 Angel\u0117<\/li>\n<li>Galkevi\u010dien\u0117 Stas\u0117<\/li>\n<\/ol>\n\n","protected":false},"excerpt":{"rendered":"<p>Edukacijos tyr\u0117j\u0173 emerit\u0173 tinklo nariai 2024 Prof. dr. Aleknait\u0117-Bieliauskien\u0117 Rita Prof. dr. A\u017eubalis Algirdas Povilas Pof. dr. Barkauskait\u0117 Marjona Prof. dr. Grincevi\u010dien\u0117 \u00a0Vilija Prof. dr. Jucevi\u010dien\u0117 Palmira Prof. dr. Kiveris Antanas Prof. dr. Kvieskien\u0117 Giedr\u0117 Prof, dr. Leli\u016bgien\u0117 Irena Doc. dr. Akelaitien\u0117 Gra\u017eina Doc. dr. Augustas Vismantas Doc. dr. Dautaras Jonas Doc.dr.\u00a0 Glebuvien\u0117 Vitolda Doc.&hellip;<\/p>\n","protected":false},"author":1,"featured_media":0,"parent":0,"menu_order":0,"comment_status":"closed","ping_status":"closed","template":"","meta":{"footnotes":""},"class_list":["post-882","page","type-page","status-publish","hentry"],"yoast_head":"<!-- This site is optimized with the Yoast SEO plugin v25.7 - https:\/\/yoast.com\/wordpress\/plugins\/seo\/ -->\n<title>Tinklo nariai - Edukacijos tyr\u0117j\u0173 emerit\u0173 tinklas<\/title>\n<meta name=\"robots\" content=\"index, follow, max-snippet:-1, max-image-preview:large, max-video-preview:-1\" \/>\n<link rel=\"canonical\" href=\"https:\/\/lera.lt\/edukacijos-tyreju-emeritu-tinklas\/tinklo-nariai\/\" \/>\n<meta property=\"og:locale\" content=\"lt_LT\" \/>\n<meta property=\"og:type\" content=\"article\" \/>\n<meta property=\"og:title\" content=\"Tinklo nariai - Edukacijos tyr\u0117j\u0173 emerit\u0173 tinklas\" \/>\n<meta property=\"og:description\" content=\"Edukacijos tyr\u0117j\u0173 emerit\u0173 tinklo nariai 2024 Prof. dr. Aleknait\u0117-Bieliauskien\u0117 Rita Prof. dr. A\u017eubalis Algirdas Povilas Pof. dr. Barkauskait\u0117 Marjona Prof. dr. Grincevi\u010dien\u0117 \u00a0Vilija Prof. dr. Jucevi\u010dien\u0117 Palmira Prof. dr. Kiveris Antanas Prof. dr. Kvieskien\u0117 Giedr\u0117 Prof, dr. Leli\u016bgien\u0117 Irena Doc. dr. Akelaitien\u0117 Gra\u017eina Doc. dr. Augustas Vismantas Doc. dr. Dautaras Jonas Doc.dr.\u00a0 Glebuvien\u0117 Vitolda Doc.&hellip;\" \/>\n<meta property=\"og:url\" content=\"https:\/\/lera.lt\/edukacijos-tyreju-emeritu-tinklas\/tinklo-nariai\/\" \/>\n<meta property=\"og:site_name\" content=\"Edukacijos tyr\u0117j\u0173 emerit\u0173 tinklas\" \/>\n<meta property=\"article:modified_time\" content=\"2025-09-11T09:56:56+00:00\" \/>\n<meta name=\"twitter:card\" content=\"summary_large_image\" \/>\n<script type=\"application\/ld+json\" class=\"yoast-schema-graph\">{\"@context\":\"https:\/\/schema.org\",\"@graph\":[{\"@type\":\"WebPage\",\"@id\":\"https:\/\/lera.lt\/edukacijos-tyreju-emeritu-tinklas\/tinklo-nariai\/\",\"url\":\"https:\/\/lera.lt\/edukacijos-tyreju-emeritu-tinklas\/tinklo-nariai\/\",\"name\":\"Tinklo nariai - Edukacijos tyr\u0117j\u0173 emerit\u0173 tinklas\",\"isPartOf\":{\"@id\":\"https:\/\/lera.lt\/edukacijos-tyreju-emeritu-tinklas\/#website\"},\"datePublished\":\"2025-09-11T07:58:50+00:00\",\"dateModified\":\"2025-09-11T09:56:56+00:00\",\"breadcrumb\":{\"@id\":\"https:\/\/lera.lt\/edukacijos-tyreju-emeritu-tinklas\/tinklo-nariai\/#breadcrumb\"},\"inLanguage\":\"lt-LT\",\"potentialAction\":[{\"@type\":\"ReadAction\",\"target\":[\"https:\/\/lera.lt\/edukacijos-tyreju-emeritu-tinklas\/tinklo-nariai\/\"]}]},{\"@type\":\"BreadcrumbList\",\"@id\":\"https:\/\/lera.lt\/edukacijos-tyreju-emeritu-tinklas\/tinklo-nariai\/#breadcrumb\",\"itemListElement\":[{\"@type\":\"ListItem\",\"position\":1,\"name\":\"Home\",\"item\":\"https:\/\/lera.lt\/edukacijos-tyreju-emeritu-tinklas\/\"},{\"@type\":\"ListItem\",\"position\":2,\"name\":\"Tinklo nariai\"}]},{\"@type\":\"WebSite\",\"@id\":\"https:\/\/lera.lt\/edukacijos-tyreju-emeritu-tinklas\/#website\",\"url\":\"https:\/\/lera.lt\/edukacijos-tyreju-emeritu-tinklas\/\",\"name\":\"Edukacijos tyr\u0117j\u0173 emerit\u0173 tinklas\",\"description\":\"\",\"potentialAction\":[{\"@type\":\"SearchAction\",\"target\":{\"@type\":\"EntryPoint\",\"urlTemplate\":\"https:\/\/lera.lt\/edukacijos-tyreju-emeritu-tinklas\/?s={search_term_string}\"},\"query-input\":{\"@type\":\"PropertyValueSpecification\",\"valueRequired\":true,\"valueName\":\"search_term_string\"}}],\"inLanguage\":\"lt-LT\"}]}<\/script>\n<!-- \/ Yoast SEO plugin. -->","yoast_head_json":{"title":"Tinklo nariai - Edukacijos tyr\u0117j\u0173 emerit\u0173 tinklas","robots":{"index":"index","follow":"follow","max-snippet":"max-snippet:-1","max-image-preview":"max-image-preview:large","max-video-preview":"max-video-preview:-1"},"canonical":"https:\/\/lera.lt\/edukacijos-tyreju-emeritu-tinklas\/tinklo-nariai\/","og_locale":"lt_LT","og_type":"article","og_title":"Tinklo nariai - Edukacijos tyr\u0117j\u0173 emerit\u0173 tinklas","og_description":"Edukacijos tyr\u0117j\u0173 emerit\u0173 tinklo nariai 2024 Prof. dr. Aleknait\u0117-Bieliauskien\u0117 Rita Prof. dr. A\u017eubalis Algirdas Povilas Pof. dr. Barkauskait\u0117 Marjona Prof. dr. Grincevi\u010dien\u0117 \u00a0Vilija Prof. dr. Jucevi\u010dien\u0117 Palmira Prof. dr. Kiveris Antanas Prof. dr. Kvieskien\u0117 Giedr\u0117 Prof, dr. Leli\u016bgien\u0117 Irena Doc. dr. Akelaitien\u0117 Gra\u017eina Doc. dr. Augustas Vismantas Doc. dr. Dautaras Jonas Doc.dr.\u00a0 Glebuvien\u0117 Vitolda Doc.&hellip;","og_url":"https:\/\/lera.lt\/edukacijos-tyreju-emeritu-tinklas\/tinklo-nariai\/","og_site_name":"Edukacijos tyr\u0117j\u0173 emerit\u0173 tinklas","article_modified_time":"2025-09-11T09:56:56+00:00","twitter_card":"summary_large_image","schema":{"@context":"https:\/\/schema.org","@graph":[{"@type":"WebPage","@id":"https:\/\/lera.lt\/edukacijos-tyreju-emeritu-tinklas\/tinklo-nariai\/","url":"https:\/\/lera.lt\/edukacijos-tyreju-emeritu-tinklas\/tinklo-nariai\/","name":"Tinklo nariai - Edukacijos tyr\u0117j\u0173 emerit\u0173 tinklas","isPartOf":{"@id":"https:\/\/lera.lt\/edukacijos-tyreju-emeritu-tinklas\/#website"},"datePublished":"2025-09-11T07:58:50+00:00","dateModified":"2025-09-11T09:56:56+00:00","breadcrumb":{"@id":"https:\/\/lera.lt\/edukacijos-tyreju-emeritu-tinklas\/tinklo-nariai\/#breadcrumb"},"inLanguage":"lt-LT","potentialAction":[{"@type":"ReadAction","target":["https:\/\/lera.lt\/edukacijos-tyreju-emeritu-tinklas\/tinklo-nariai\/"]}]},{"@type":"BreadcrumbList","@id":"https:\/\/lera.lt\/edukacijos-tyreju-emeritu-tinklas\/tinklo-nariai\/#breadcrumb","itemListElement":[{"@type":"ListItem","position":1,"name":"Home","item":"https:\/\/lera.lt\/edukacijos-tyreju-emeritu-tinklas\/"},{"@type":"ListItem","position":2,"name":"Tinklo nariai"}]},{"@type":"WebSite","@id":"https:\/\/lera.lt\/edukacijos-tyreju-emeritu-tinklas\/#website","url":"https:\/\/lera.lt\/edukacijos-tyreju-emeritu-tinklas\/","name":"Edukacijos tyr\u0117j\u0173 emerit\u0173 tinklas","description":"","potentialAction":[{"@type":"SearchAction","target":{"@type":"EntryPoint","urlTemplate":"https:\/\/lera.lt\/edukacijos-tyreju-emeritu-tinklas\/?s={search_term_string}"},"query-input":{"@type":"PropertyValueSpecification","valueRequired":true,"valueName":"search_term_string"}}],"inLanguage":"lt-LT"}]}},"_links":{"self":[{"href":"https:\/\/lera.lt\/edukacijos-tyreju-emeritu-tinklas\/wp-json\/wp\/v2\/pages\/882","targetHints":{"allow":["GET"]}}],"collection":[{"href":"https:\/\/lera.lt\/edukacijos-tyreju-emeritu-tinklas\/wp-json\/wp\/v2\/pages"}],"about":[{"href":"https:\/\/lera.lt\/edukacijos-tyreju-emeritu-tinklas\/wp-json\/wp\/v2\/types\/page"}],"author":[{"embeddable":true,"href":"https:\/\/lera.lt\/edukacijos-tyreju-emeritu-tinklas\/wp-json\/wp\/v2\/users\/1"}],"replies":[{"embeddable":true,"href":"https:\/\/lera.lt\/edukacijos-tyreju-emeritu-tinklas\/wp-json\/wp\/v2\/comments?post=882"}],"version-history":[{"count":4,"href":"https:\/\/lera.lt\/edukacijos-tyreju-emeritu-tinklas\/wp-json\/wp\/v2\/pages\/882\/revisions"}],"predecessor-version":[{"id":909,"href":"https:\/\/lera.lt\/edukacijos-tyreju-emeritu-tinklas\/wp-json\/wp\/v2\/pages\/882\/revisions\/909"}],"wp:attachment":[{"href":"https:\/\/lera.lt\/edukacijos-tyreju-emeritu-tinklas\/wp-json\/wp\/v2\/media?parent=882"}],"curies":[{"name":"wp","href":"https:\/\/api.w.org\/{rel}","templated":true}]}}