{"id":584,"date":"2025-08-19T18:11:38","date_gmt":"2025-08-19T18:11:38","guid":{"rendered":"https:\/\/lera.lt\/edukacijos-tyreju-emeritu-tinklas\/?page_id=584"},"modified":"2025-09-11T07:37:47","modified_gmt":"2025-09-11T07:37:47","slug":"tinklo-siekiai","status":"publish","type":"page","link":"https:\/\/lera.lt\/edukacijos-tyreju-emeritu-tinklas\/tinklo-siekiai\/","title":{"rendered":"Tinklo siekiai"},"content":{"rendered":"\n\n\t<h3><strong>Edukacijos tyr\u0117j\u0173 emerit\u0173 tinklo siekiai 2023<\/strong><\/h3>\n<ol>\n<li>Diskusija \u201e\u017dini\u0173 brokerio&#8221; poreikis visuomen\u0117je&#8221;<\/li>\n<li>Aktyvinti Emerit\u0173 tinko facebook, rengti publikacijas.<\/li>\n<li>Aktyvinti personalinius istorinius tyrimus.<\/li>\n<li>\u012esipareigoti ir teikti publikacijas laikra\u0161\u010diams \u201eMokslo Lietuva&#8221; ir \u201eLietuvi\u0173 godos&#8221;.<\/li>\n<li>Parengti filmuotus LR Seimo nar\u0117s prof. habil. dr. Vilijos Targamadz\u0117s pokalbius apie \u0161vietim\u0105 ir kult\u016br\u0105.<\/li>\n<li>Nufilmuoti prof. habil. d. Marijos Barkauskait\u0117s ir prof. dr. Antano Kiverio portret\u0173 etiudus.<\/li>\n<li>Talkinti Medardo \u010coboto Tre\u010diojo am\u017eiaus universitetui.<\/li>\n<li>Talkinti Ukrainie\u010di\u0173 mokyklai Vilniuje.<\/li>\n<li>Parengti kelias publikacijas LETA e-puslapiui.<\/li>\n<li>Dalyvauti LETA forumuose, juos aptarti.<\/li>\n<li>Surengti rudens konferencijoje Emerit\u0173 tinklo sekcij\u0105.<\/li>\n<\/ol>\n<p><strong>2022 -2023 met\u0173 Edukacijos tyr\u0117j\u0173 emerit\u0173 tinklo tikslai ir u\u017edaviniai<\/strong><\/p>\n<p><strong>Edukacijos tyr\u0117j\u0173 emerit\u0173 tinklo 2022-2023 met\u0173 tikslas &#8211;\u00a0<\/strong>apjungti Lietuvos edukacini\u0173 tyrim\u0173 specialist\u0173 profesori\u0173 emerit\u0173 pastangas:<\/p>\n<ul>\n<li>\u012fvertinti paveld\u0105: patyrin\u0117ti, \u012fvertinti mokslini\u0173 tyrim\u0173, mokslin\u0117s minties palikimo, metodologij\u0173, didaktikos kryp\u010di\u0173 k\u016brimo, specialist\u0173 rengimo \u017eidinio pokario Lietuvoje (veikus\u012f \u012fvairiais pavadinimais: VPI, VPU, LEU) reik\u0161mingum\u0105 ir palikimo vert\u0119.<\/li>\n<li>Prisid\u0117ti prie jaun\u0173 mokslinink\u0173 (doktorant\u0173) tobul\u0117jimo.<\/li>\n<li>\u012evertinant, kad profesinis mokymasis yra b\u016btinas visais gyvenimo etapais, tvirtiname, kad jo nepakanka tvariems poky\u010diams net ir senstan\u010dioje visuomen\u0117je, pl\u0117toti \u0161vietimo ir mokymo \u00a0pakitusioje sud\u0117tingoje aplinkoje formas.<\/li>\n<li>Prisid\u0117ti prie pakitusioje niveliuot\u0173 vertybi\u0173 visuomen\u0117s b\u016btino bendrojo kult\u016brinio \u0161vietimo ir profesinio mokymo patir\u010di\u0173 \u012fprasminimo. Ta\u010diau to nepakanka tvariems poky\u010diams visuomen\u0117je: neformalus \u0161vietimas ir mokymas veikia sud\u0117tingame kult\u016bros kontekste, kuris, kaip ir pozityvus paveldas, turi b\u016bti nuolat artikuliuojamas.<\/li>\n<\/ul>\n<p><strong>Numatyti u\u017edaviniai:<\/strong><\/p>\n<ul>\n<li>Sudaryti ger\u0105 plan\u0105, analiz\u0117s ir sklaidos sistem\u0105, leisian\u010di\u0105 atskleisti \u012fvairiakryp\u010di\u0105 LEU (VPI, VPU) veikl\u0105 istoriniame kontekste;<\/li>\n<li>Parengti tyrim\u0105 atliepiant\u012f leidin\u012f ir bandyti j\u012f i\u0161leisti.<\/li>\n<li>Surengti 6 edukacinius forumus.<\/li>\n<li>T\u0119sti personalines tyrim\u0173 temas. Paskatinti kolegas \u012fsitraukti \u012f tolesnius tyrimus, platesn\u012f intelektin\u012f lauk\u0105, kritinius apm\u0105stymus.<\/li>\n<li>Dalyvauti diskusijose, forumuose aktualiais profesinio \u0161vietimo, jauno \u017emogaus ugdymo, kult\u016bros klausimais.<\/li>\n<li>Konsultuoti jaunus tyr\u0117jus, doktorantus, siekiant prisid\u0117ti prie j\u0173 profesinio mokymo bei tobul\u0117jimo.<\/li>\n<li>Palaikyti ry\u0161ius su region\u0173 kult\u016bros, \u0161vietimo bendruomen\u0117mis, suteikiant galimybi\u0173 profesiniai tobul\u0117ti.<\/li>\n<li>Dalyvauti LEU (VPI, VPU) alumnus vienijan\u010dioje veikloje, neprarasti ry\u0161i\u0173 su akademine ir pilietine visuomene.<\/li>\n<li>Pagerbti vyriausius.<\/li>\n<\/ul>\n<p>Prof. dr. Rita Aleknait\u0117-Bieliauskien\u0117<\/p>\n\n","protected":false},"excerpt":{"rendered":"<p>Edukacijos tyr\u0117j\u0173 emerit\u0173 tinklo siekiai 2023 Diskusija \u201e\u017dini\u0173 brokerio&#8221; poreikis visuomen\u0117je&#8221; Aktyvinti Emerit\u0173 tinko facebook, rengti publikacijas. Aktyvinti personalinius istorinius tyrimus. \u012esipareigoti ir teikti publikacijas laikra\u0161\u010diams \u201eMokslo Lietuva&#8221; ir \u201eLietuvi\u0173 godos&#8221;. Parengti filmuotus LR Seimo nar\u0117s prof. habil. dr. Vilijos Targamadz\u0117s pokalbius apie \u0161vietim\u0105 ir kult\u016br\u0105. Nufilmuoti prof. habil. d. Marijos Barkauskait\u0117s ir prof. dr.&hellip;<\/p>\n","protected":false},"author":1,"featured_media":0,"parent":0,"menu_order":0,"comment_status":"closed","ping_status":"closed","template":"","meta":{"footnotes":""},"class_list":["post-584","page","type-page","status-publish","hentry"],"yoast_head":"<!-- This site is optimized with the Yoast SEO plugin v25.7 - https:\/\/yoast.com\/wordpress\/plugins\/seo\/ -->\n<title>Tinklo siekiai - Edukacijos tyr\u0117j\u0173 emerit\u0173 tinklas<\/title>\n<meta name=\"robots\" content=\"index, follow, max-snippet:-1, max-image-preview:large, max-video-preview:-1\" \/>\n<link rel=\"canonical\" href=\"https:\/\/lera.lt\/edukacijos-tyreju-emeritu-tinklas\/tinklo-siekiai\/\" \/>\n<meta property=\"og:locale\" content=\"lt_LT\" \/>\n<meta property=\"og:type\" content=\"article\" \/>\n<meta property=\"og:title\" content=\"Tinklo siekiai - Edukacijos tyr\u0117j\u0173 emerit\u0173 tinklas\" \/>\n<meta property=\"og:description\" content=\"Edukacijos tyr\u0117j\u0173 emerit\u0173 tinklo siekiai 2023 Diskusija \u201e\u017dini\u0173 brokerio&#8221; poreikis visuomen\u0117je&#8221; Aktyvinti Emerit\u0173 tinko facebook, rengti publikacijas. Aktyvinti personalinius istorinius tyrimus. \u012esipareigoti ir teikti publikacijas laikra\u0161\u010diams \u201eMokslo Lietuva&#8221; ir \u201eLietuvi\u0173 godos&#8221;. Parengti filmuotus LR Seimo nar\u0117s prof. habil. dr. Vilijos Targamadz\u0117s pokalbius apie \u0161vietim\u0105 ir kult\u016br\u0105. Nufilmuoti prof. habil. d. Marijos Barkauskait\u0117s ir prof. dr.&hellip;\" \/>\n<meta property=\"og:url\" content=\"https:\/\/lera.lt\/edukacijos-tyreju-emeritu-tinklas\/tinklo-siekiai\/\" \/>\n<meta property=\"og:site_name\" content=\"Edukacijos tyr\u0117j\u0173 emerit\u0173 tinklas\" \/>\n<meta property=\"article:modified_time\" content=\"2025-09-11T07:37:47+00:00\" \/>\n<meta name=\"twitter:card\" content=\"summary_large_image\" \/>\n<script type=\"application\/ld+json\" class=\"yoast-schema-graph\">{\"@context\":\"https:\/\/schema.org\",\"@graph\":[{\"@type\":\"WebPage\",\"@id\":\"https:\/\/lera.lt\/edukacijos-tyreju-emeritu-tinklas\/tinklo-siekiai\/\",\"url\":\"https:\/\/lera.lt\/edukacijos-tyreju-emeritu-tinklas\/tinklo-siekiai\/\",\"name\":\"Tinklo siekiai - Edukacijos tyr\u0117j\u0173 emerit\u0173 tinklas\",\"isPartOf\":{\"@id\":\"https:\/\/lera.lt\/edukacijos-tyreju-emeritu-tinklas\/#website\"},\"datePublished\":\"2025-08-19T18:11:38+00:00\",\"dateModified\":\"2025-09-11T07:37:47+00:00\",\"breadcrumb\":{\"@id\":\"https:\/\/lera.lt\/edukacijos-tyreju-emeritu-tinklas\/tinklo-siekiai\/#breadcrumb\"},\"inLanguage\":\"lt-LT\",\"potentialAction\":[{\"@type\":\"ReadAction\",\"target\":[\"https:\/\/lera.lt\/edukacijos-tyreju-emeritu-tinklas\/tinklo-siekiai\/\"]}]},{\"@type\":\"BreadcrumbList\",\"@id\":\"https:\/\/lera.lt\/edukacijos-tyreju-emeritu-tinklas\/tinklo-siekiai\/#breadcrumb\",\"itemListElement\":[{\"@type\":\"ListItem\",\"position\":1,\"name\":\"Home\",\"item\":\"https:\/\/lera.lt\/edukacijos-tyreju-emeritu-tinklas\/\"},{\"@type\":\"ListItem\",\"position\":2,\"name\":\"Tinklo siekiai\"}]},{\"@type\":\"WebSite\",\"@id\":\"https:\/\/lera.lt\/edukacijos-tyreju-emeritu-tinklas\/#website\",\"url\":\"https:\/\/lera.lt\/edukacijos-tyreju-emeritu-tinklas\/\",\"name\":\"Edukacijos tyr\u0117j\u0173 emerit\u0173 tinklas\",\"description\":\"\",\"potentialAction\":[{\"@type\":\"SearchAction\",\"target\":{\"@type\":\"EntryPoint\",\"urlTemplate\":\"https:\/\/lera.lt\/edukacijos-tyreju-emeritu-tinklas\/?s={search_term_string}\"},\"query-input\":{\"@type\":\"PropertyValueSpecification\",\"valueRequired\":true,\"valueName\":\"search_term_string\"}}],\"inLanguage\":\"lt-LT\"}]}<\/script>\n<!-- \/ Yoast SEO plugin. -->","yoast_head_json":{"title":"Tinklo siekiai - Edukacijos tyr\u0117j\u0173 emerit\u0173 tinklas","robots":{"index":"index","follow":"follow","max-snippet":"max-snippet:-1","max-image-preview":"max-image-preview:large","max-video-preview":"max-video-preview:-1"},"canonical":"https:\/\/lera.lt\/edukacijos-tyreju-emeritu-tinklas\/tinklo-siekiai\/","og_locale":"lt_LT","og_type":"article","og_title":"Tinklo siekiai - Edukacijos tyr\u0117j\u0173 emerit\u0173 tinklas","og_description":"Edukacijos tyr\u0117j\u0173 emerit\u0173 tinklo siekiai 2023 Diskusija \u201e\u017dini\u0173 brokerio&#8221; poreikis visuomen\u0117je&#8221; Aktyvinti Emerit\u0173 tinko facebook, rengti publikacijas. Aktyvinti personalinius istorinius tyrimus. \u012esipareigoti ir teikti publikacijas laikra\u0161\u010diams \u201eMokslo Lietuva&#8221; ir \u201eLietuvi\u0173 godos&#8221;. Parengti filmuotus LR Seimo nar\u0117s prof. habil. dr. Vilijos Targamadz\u0117s pokalbius apie \u0161vietim\u0105 ir kult\u016br\u0105. Nufilmuoti prof. habil. d. Marijos Barkauskait\u0117s ir prof. dr.&hellip;","og_url":"https:\/\/lera.lt\/edukacijos-tyreju-emeritu-tinklas\/tinklo-siekiai\/","og_site_name":"Edukacijos tyr\u0117j\u0173 emerit\u0173 tinklas","article_modified_time":"2025-09-11T07:37:47+00:00","twitter_card":"summary_large_image","schema":{"@context":"https:\/\/schema.org","@graph":[{"@type":"WebPage","@id":"https:\/\/lera.lt\/edukacijos-tyreju-emeritu-tinklas\/tinklo-siekiai\/","url":"https:\/\/lera.lt\/edukacijos-tyreju-emeritu-tinklas\/tinklo-siekiai\/","name":"Tinklo siekiai - Edukacijos tyr\u0117j\u0173 emerit\u0173 tinklas","isPartOf":{"@id":"https:\/\/lera.lt\/edukacijos-tyreju-emeritu-tinklas\/#website"},"datePublished":"2025-08-19T18:11:38+00:00","dateModified":"2025-09-11T07:37:47+00:00","breadcrumb":{"@id":"https:\/\/lera.lt\/edukacijos-tyreju-emeritu-tinklas\/tinklo-siekiai\/#breadcrumb"},"inLanguage":"lt-LT","potentialAction":[{"@type":"ReadAction","target":["https:\/\/lera.lt\/edukacijos-tyreju-emeritu-tinklas\/tinklo-siekiai\/"]}]},{"@type":"BreadcrumbList","@id":"https:\/\/lera.lt\/edukacijos-tyreju-emeritu-tinklas\/tinklo-siekiai\/#breadcrumb","itemListElement":[{"@type":"ListItem","position":1,"name":"Home","item":"https:\/\/lera.lt\/edukacijos-tyreju-emeritu-tinklas\/"},{"@type":"ListItem","position":2,"name":"Tinklo siekiai"}]},{"@type":"WebSite","@id":"https:\/\/lera.lt\/edukacijos-tyreju-emeritu-tinklas\/#website","url":"https:\/\/lera.lt\/edukacijos-tyreju-emeritu-tinklas\/","name":"Edukacijos tyr\u0117j\u0173 emerit\u0173 tinklas","description":"","potentialAction":[{"@type":"SearchAction","target":{"@type":"EntryPoint","urlTemplate":"https:\/\/lera.lt\/edukacijos-tyreju-emeritu-tinklas\/?s={search_term_string}"},"query-input":{"@type":"PropertyValueSpecification","valueRequired":true,"valueName":"search_term_string"}}],"inLanguage":"lt-LT"}]}},"_links":{"self":[{"href":"https:\/\/lera.lt\/edukacijos-tyreju-emeritu-tinklas\/wp-json\/wp\/v2\/pages\/584","targetHints":{"allow":["GET"]}}],"collection":[{"href":"https:\/\/lera.lt\/edukacijos-tyreju-emeritu-tinklas\/wp-json\/wp\/v2\/pages"}],"about":[{"href":"https:\/\/lera.lt\/edukacijos-tyreju-emeritu-tinklas\/wp-json\/wp\/v2\/types\/page"}],"author":[{"embeddable":true,"href":"https:\/\/lera.lt\/edukacijos-tyreju-emeritu-tinklas\/wp-json\/wp\/v2\/users\/1"}],"replies":[{"embeddable":true,"href":"https:\/\/lera.lt\/edukacijos-tyreju-emeritu-tinklas\/wp-json\/wp\/v2\/comments?post=584"}],"version-history":[{"count":8,"href":"https:\/\/lera.lt\/edukacijos-tyreju-emeritu-tinklas\/wp-json\/wp\/v2\/pages\/584\/revisions"}],"predecessor-version":[{"id":838,"href":"https:\/\/lera.lt\/edukacijos-tyreju-emeritu-tinklas\/wp-json\/wp\/v2\/pages\/584\/revisions\/838"}],"wp:attachment":[{"href":"https:\/\/lera.lt\/edukacijos-tyreju-emeritu-tinklas\/wp-json\/wp\/v2\/media?parent=584"}],"curies":[{"name":"wp","href":"https:\/\/api.w.org\/{rel}","templated":true}]}}