{"id":591,"date":"2025-08-19T18:12:31","date_gmt":"2025-08-19T18:12:31","guid":{"rendered":"https:\/\/lera.lt\/aukstojo-mokslo-ir-profesinio-mokymo-tinklas\/?page_id=591"},"modified":"2025-09-14T12:40:59","modified_gmt":"2025-09-14T12:40:59","slug":"tinklo-veiklos","status":"publish","type":"page","link":"https:\/\/lera.lt\/aukstojo-mokslo-ir-profesinio-mokymo-tinklas\/tinklo-veiklos\/","title":{"rendered":"Tinklo veiklos"},"content":{"rendered":"\n\n\t\t\t\t\t<a href=\"#\"  id=\"fl-accordion--label-0\" tabindex=\"0\" aria-controls=\"fl-accordion--panel-0\">Tinklo veiklos 2025<\/a>\n\t\t\t\t\t\t\t\t\t\t\t<a href=\"#\" id=\"fl-accordion--icon-0\"  tabindex=\"0\"><i title=\"Collapse\">Collapse<\/i><\/a>\n\t\t\t\t\t<p><strong>2025 M. VEIKLOS GAIR\u0116S<\/strong><\/p>\n<ol>\n<li>Inicijuoti\u00a0bendr\u0105\u00a0\u00a0tinklo nari\u0173 tarpinstitucin\u012f tyrim\u0105.<\/li>\n<li>Aktyviai dalyvauti LETA 2025 m. konferencijoje, organizuoti\u00a0tinklo sekcij\u0105.<\/li>\n<li>Dalyvauti EERA veikloje, si\u016blyti prane\u0161imus\u00a0metinei konferencijai ir\u00a0\u00a0dalyvauti konferencijos darbe.<\/li>\n<li>Dalintis informacija apie\u00a0tinklo nari\u0173 institucij\u0173 veiklas; rengti\u00a0\u00a0tinklo susitikimus (ne re\u010diau kaip kart\u0105 per pusmet\u012f); nuolatos bendrauti el. pa\u0161tu; vystyti tinklo subsvetain\u0119.<\/li>\n<\/ol>\n\t\t\t\t\t<a href=\"#\"  id=\"fl-accordion--label-1\" tabindex=\"0\" aria-controls=\"fl-accordion--panel-1\">Tinklo veiklos 2024<\/a>\n\t\t\t\t\t\t\t\t\t\t\t<a href=\"#\" id=\"fl-accordion--icon-1\"  tabindex=\"0\"><i title=\"Expand\">Expand<\/i><\/a>\n\t<p><strong>2024 M. VEIKLOS GAIR\u0116S<\/strong><\/p>\n<ol>\n<li>Surengti diskusijas d\u0117l tinklo veiklos strategijos suformavimo.<\/li>\n<li>Inicijuoti\u00a0bendr\u0105\u00a0\u00a0tinklo nari\u0173 tarpinstitucin\u012f tyrim\u0105.<\/li>\n<li>Inicijuoti tyr\u0117j\u0173 grupi\u0173 projekto parengim\u0105 finansavimui gauti.<\/li>\n<li>Stiprinti formaliojo ir neformaliojo \u0161vietimo\u00a0bendradarbiavim\u0105.<\/li>\n<li>Aktyviai dalyvauti LETA 2024 m. konferencijoje, organizuoti\u00a0tinklo sekcij\u0105.<\/li>\n<li>Dalyvauti EERA veikloje, si\u016blyti prane\u0161imus\u00a0metinei konferencijai ir\u00a0\u00a0dalyvauti konferencijos darbe.<\/li>\n<li>Dalintis informacija apie\u00a0tinklo nari\u0173 institucij\u0173 veiklas; rengti\u00a0\u00a0tinklo susitikimus (ne re\u010diau kaip kart\u0105 per pusmet\u012f); nuolatos bendrauti el. pa\u0161tu; vystyti tinklo subsvetain\u0119.<\/li>\n<\/ol>\n\t\t\t<a href=\"https:\/\/lera.lt\/aukstojo-mokslo-ir-profesinio-mokymo-tinklas\/wp-content\/uploads\/sites\/2\/2025\/08\/DETALI_AUKSTOJO-MOKSLO-IR-PROFESINIO-MOKYMO-TINKLO_-2024-m._ATASKAITA.pdf\" target=\"_self\">\n\t\t\t\t\t\t\tVeiklos ataskaita u\u017e 2024 m.\n\t\t\t<\/a>\n\t\t\t\t\t<a href=\"#\"  id=\"fl-accordion--label-2\" tabindex=\"0\" aria-controls=\"fl-accordion--panel-2\">Tinklo veiklos 2023<\/a>\n\t\t\t\t\t\t\t\t\t\t\t<a href=\"#\" id=\"fl-accordion--icon-2\"  tabindex=\"0\"><i title=\"Expand\">Expand<\/i><\/a>\n\t<p><strong>2023 M. VEIKLOS GAIR\u0116S<\/strong><\/p>\n<ol type=\"1\">\n<li>Pla\u010diau dalyvauti projektuose; bendradarbiauti su kitais LETA tinklais.<\/li>\n<li>Dalintis informacija apie tinklo nari\u0173 institucij\u0173 veiklas; rengti tinklo susitikimus (ne re\u010diau kaip kart\u0105 per pusmet\u012f); nuolatos bendrauti el. pa\u0161tu.<\/li>\n<li>Aktyviai vykdyti tiriam\u0105j\u0105 veikl\u0105, rengti publikacijas, dalyvauti tarptautin\u0117se konferencijose; aktyviai dalyvauti LETA konferencijoje, rengti tinklo sekcij\u0105.<\/li>\n<li>Dalyvauti EERA veikloje, pateikti prane\u0161imus 2023 metinei konferencijai ir dalyvauti konferencijos darbe.<\/li>\n<li>Aktyvinti ir stiprinti koleginio auk\u0161tojo mokslo ir profesinio mokymo kryptis.<\/li>\n<li>Vystyti tinklo subsvetain\u0119, parengti bent vien\u0105 blykst\u0119 (trump\u0105 savo tyrimo pristatym\u0105).<\/li>\n<li>Suplanuoti ir parengti Edukacijos forum\u0105 profesinio mokymo klausimais.<\/li>\n<\/ol>\n\t\t\t<a href=\"https:\/\/lera.lt\/aukstojo-mokslo-ir-profesinio-mokymo-tinklas\/wp-content\/uploads\/sites\/2\/2025\/08\/Aukstojo-mokslo-ir-profesinio-m-okymo-tinklo_2023_Ataskaita.pdf\" target=\"_self\">\n\t\t\t\t\t\t\tVeiklos ataskaita u\u017e 2023 m.\n\t\t\t<\/a>\n\t<p><strong>LETA 2023 konferencijos prane\u0161im\u0173 med\u017eiaga pagal pavadinimus<\/strong><\/p>\n<p><strong>Student\u0173, atvykusi\u0173 i\u0161 u\u017esienio \u0161alies, l\u016bkes\u010diai mokymosi aplinkai universitete<\/strong><\/p>\n<p><a href=\"https:\/\/lera.lt\/aukstojo-mokslo-ir-profesinio-mokymo-tinklas\/wp-content\/uploads\/sites\/2\/2025\/08\/LETA-2023_-pranesimas.pdf\">LETA 2023 prane\u0161imas<\/a><\/p>\n<p><strong>Ko tik\u0117jom\u0117s i\u0161 Lietuvos auk\u0161tojo mokslo prie\u0161 20 met\u0173 &#8211; interviu su to meto akademin\u0117s bendruomen\u0117s nariais<\/strong><\/p>\n<p><a href=\"https:\/\/lera.lt\/aukstojo-mokslo-ir-profesinio-mokymo-tinklas\/wp-content\/uploads\/sites\/2\/2025\/08\/LETA-2023_D.Gudaitytes-pranesimas.pdf\">LETA 2023_D.Gudaityt\u0117s prane\u0161imas<\/a><\/p>\n<p><strong>KOLEGIJOS U\u017dSIENIO KALB\u0172 D\u0116STYTOJO &#8211; TYR\u0116JO DARBO \u012eVAIROV\u0116 IR I\u0160\u0160\u016aKIAI<\/strong><\/p>\n<p><a href=\"https:\/\/lera.lt\/aukstojo-mokslo-ir-profesinio-mokymo-tinklas\/wp-content\/uploads\/sites\/2\/2025\/08\/LETA-2023_J.Patackaites-V.Zemaitienes-ir-V.-Kardauskes-pranesimas.pdf\">LETA 2023_J.Patackait\u0117s, V.\u017demaitien\u0117s ir V. Kardausk\u0117s prane\u0161imas<\/a><\/p>\n<p><strong>\u012e student\u0105 orientuot\u0173 pedagogini\u0173 studij\u0173 organizavimas: student\u0173 mokymosi patirties analiz\u0117<\/strong><\/p>\n<p><a href=\"https:\/\/lera.lt\/aukstojo-mokslo-ir-profesinio-mokymo-tinklas\/wp-content\/uploads\/sites\/2\/2025\/08\/LETA2023_I.Bertasienes_R.Kondratavicienes-pranesimas.pdf\">LETA2023_I.Berta\u0161ien\u0117s_R.Kondratavi\u010dien\u0117s prane\u0161imas<\/a><\/p>\n<p><strong>\u0160IUOLAIKINIO PROFESINIO MOKYMO TURINIO \u012eVEIKLINIMO IMPLIKACIJOS PROFESIJOS MOKYTOJ\u0172 VEIKLAI IR KOMPETENCIJOMS<\/strong><\/p>\n<p><a href=\"https:\/\/lera.lt\/aukstojo-mokslo-ir-profesinio-mokymo-tinklas\/wp-content\/uploads\/sites\/2\/2025\/08\/LETA2023_L.Vaitkutes-pranesimas.pdf\">LETA2023_L.Vaitkut\u0117s prane\u0161imas<\/a><\/p>\n\t\t\t\t\t<a href=\"#\"  id=\"fl-accordion--label-3\" tabindex=\"0\" aria-controls=\"fl-accordion--panel-3\">Tinklo veiklos 2022<\/a>\n\t\t\t\t\t\t\t\t\t\t\t<a href=\"#\" id=\"fl-accordion--icon-3\"  tabindex=\"0\"><i title=\"Expand\">Expand<\/i><\/a>\n\t\t\t\t\t<p><strong><em>Planuotos veiklos:<\/em><\/strong><\/p>\n<p><strong><em>I veikla.<\/em><\/strong><em>\u00a0<\/em><em>Aktyviai vykdyti tiriam\u0105j\u0105 veikl\u0105, rengti publikacijas, dalyvauti tarptautin\u0117se konferencijose; aktyviai dalyvauti LETA konferencijoje, rengti tinklo sekcij\u0105.<\/em><\/p>\n<p>1. VI LETA metin\u0117 konferencija<em>:\u00a0<\/em>organizacinio ir mokslinio komiteto 1\u00a0 narys, 1 plenarinio pos\u0117d\u017eio moderatorius, tinklo sekcijoje 11 prane\u0161im\u0173, 18 dalyvi\u0173; diskusija su\u00a0\u00a0<em>Kauno Santaros gimnazijos atstove D. Karale\u00a0<\/em>\u201eVidurin\u0117s mokyklos mokini\u0173 tolesnio mokymosi l\u016bkes\u010diai\u00a0 ir perspektyvos&#8221;;<\/p>\n<p>2. EERA konferencija ECCER 2022, Jerevanas:\u00a0 2 prane\u0161imai gyvai (20 ir 2 tinklai),\u00a0 20 tinklo 1 pos\u0117d\u017eio moderatorius (gyvai), 3 dalyviai gyvai, 3 &#8211; virtualiai;<\/p>\n<p>3. ECER22 20 tinklo Research in Innovative Intercultural Learning Environments recenzuota 11 prane\u0161im\u0173;<\/p>\n<p>4. EERA 20 tinklo tarybos narys;<\/p>\n<p>5. 11 tinklo nari\u0173 dalyvavo 9 tarptautin\u0117se konferencijose, perskait\u0117 10 prane\u0161im\u0173; 6\u00a0 nariai moderavo 7 pos\u0117d\u017eius; 2 nariai buvo tarptautini\u0173 konferencij\u0173 organizacinio komiteto nariai;<\/p>\n<p><em><strong>II veikla.<\/strong>\u00a0Jungti\u00a0 profesin\u0117s kalbos tyr\u0117j\u0173 paj\u0117gas, LSMU ir VIKO konferencijoje \u201eKalb\u0173 studijos auk\u0161tojoje mokykloje&#8221; organizuoti sekcij\u0105.<\/em><\/p>\n<p>1. Tarptautin\u0117je konferencijoje ,,Kalb\u0173 studijos specializuotame universitete&#8217;22: tarpkult\u016briniai aspektai&#8221; 2022-11-25. Kaunas LSMU Kalb\u0173 ir edukacijos katedra; Vestminsterio tarptautinis universitetas, Ta\u0161kentas; Masaryko universitetas, Brno, \u010cekija; Vilniaus kolegija INICIUOTA SEKCIJA \u201eProfesin\u0117s u\u017esienio kalbos mokymo ir mokymosi ypatumai dirbant su skirting\u0173 kult\u016br\u0173 studentais&#8221;.<\/p>\n<p><strong><em>III veikla.<\/em><\/strong><em>\u00a0Aktyviau dalintis informacija apie\u00a0 tinklo nari\u0173 institucij\u0173 veiklas; rengti reguliarius tinklo susitikimus (ne re\u010diau kaip kart\u0105 per ketvirt\u012f).<\/em><\/p>\n<p>1. \u012fvyko du virtual\u016bs tinklo susirinkimai; tinklo nariai el. pa\u0161tu dalinasi informacija apie vykstan\u010dias konferencijas, seminarus ir kt. renginius.<\/p>\n<p><strong><em>IV veikla<\/em><\/strong><em>. Pl\u0117toti formaliojo ir neformaliojo \u0161vietimo ry\u0161ius; kurti TAU ir formali\u0173j\u0173 auk\u0161tojo bei profesinio mokymo institucij\u0173 ry\u0161ius.<\/em><\/p>\n<p>1. Kartu su Kauno Tre\u010diojo am\u017eiaus universiteto (TAU) rektore, Lietuvos TAU asociacijos projekt\u0173 edukologijos, gerontologijos ir socialinio darbo\u00a0\u00a0 sri\u010di\u0173 eksperte, atliktas\u00a0<em>Studij\u0173 turinio ir organizavimo formaliojo \u0161vietimo praktikos adaptavimo TAU<\/em>\u00a0tyrimas;\u00a0 tyrimo \u012f\u017evalg\u0173 sklaida\u00a0 vyko skaitant prane\u0161imus ECER22, VI LETA metin\u0117je konferencijoje ir\u00a0 Lietuvos\u00a0 TAU asociacijos nariams bei tarptautiniu mastu dalyvaujant\u00a0 Europos TAU projektuose.<\/p>\n<p><strong><em>V veikla.<\/em><\/strong><em>\u00a0Stiprinti koleginio auk\u0161tojo mokslo\u00a0 krypt\u012f<\/em><em>.<\/em><\/p>\n<p>1.VI LETA metin\u0117je konferencijoje Auk\u0161tojo mokslo ir profesinio mokymo tinklo sekcijoje perskaityti 2 prane\u0161imai koleginio auk\u0161tojo mokslo tematika.<\/p>\n<p><strong><em>VI veikla.\u00a0<\/em><\/strong><em>Pla\u010diau dalyvauti projektuose; ie\u0161koti galimybi\u0173, bendradarbiauti su LETA\u00a0 Projektin\u0117s veiklos tinklu.<\/em><\/p>\n<p>1.Bendradarbiaujant su\u00a0 LETA Pedagog\u0173 rengimo ir profesinio tobul\u0117jimo tinklu, INICIJUOTAS\u00a0 konferencijos ,,Kalb\u0173 studijos specializuotame universitete&#8217;22: tarpkult\u016briniai aspektai&#8221;\u00a0 PLENARINIS PRANE\u0160IMAS \u201eTowards Personalised Learning Concept Implementation in Higher Education&#8221; (L.Kaminskien\u0117 su bendraautoriais);<\/p>\n<p>2.\u00a0 Kauno TAU bendradarbiavimo su Lenkijos ir \u010cekijos kolegomis\u00a0 Erasmus+ projektas \u201eSeniors in the Education&#8221; (dalyvauja 1 tinklo narys);<\/p>\n<p><strong><em>VII veikla.<\/em><\/strong><em>\u00a0Profesinio mokymo kryptyje &#8211; dalyvauti Europos profesinio mokymo savait\u0117je.<\/em><\/p>\n<p>1. Tinklo \u00a0viena nar\u0117 yra \u0160vietimo main\u0173 paramos fondo Profesinio mokymo (PROMET) ekspert\u0173 tinklo nar\u0117, praktik\u0173 bendruomenei perskaityti 3 prane\u0161imai;<\/p>\n<p>2. Planuoti Europos profesinio mokymo savait\u0117s renginiai Lietuvoje nevyko.<\/p>\n<p><strong><em>Papildomos veiklos:<\/em><\/strong><\/p>\n<p><strong><em>I veikla.\u00a0<\/em><\/strong>\u201eERASMUS+&#8221; profesinio mokymo ir\u00a0 suaugusi\u0173j\u0173 \u0161vietimo sektori\u0173 atrankos nuolatin\u0117s komisijos\u00a0 nar\u0117 nuo LETA.<\/p>\n<p><strong><em>II veikla.<\/em><\/strong>\u00a0LETA ir \u0160MSM Edukacijos forumai: 6 forum\u0173 tiesiogin\u0117s transliacijos klausytojai;\u00a0 10\u00a0 forum\u0173 per\u017ei\u016br\u0117ta YouTube;\u00a0\u00a0 XX Edukacijos forumo IV sesijos moderavimas (2022 12 22);<\/p>\n<p><strong><em>III veikla.<\/em><\/strong>\u00a0Mokslin\u0117s ekspertiz\u0117s: 4 tinklo nariai recenzavo 18\u00a0 tarptautini\u0173 konferencij\u0173 prane\u0161im\u0173 ir 6\u00a0\u00a0 straipsnius\u00a0 tarptautiniams ir Lietuvos \u017eurnalams.<\/p>\n<p><strong><em>IV veikla.<\/em><\/strong>\u00a0Dokument\u0173 rengimas:<\/p>\n<p>1. LETA pad\u0117kos ra\u0161to, apdovanojimo, garb\u0117s naryst\u0117s suteikimo apra\u0161as (dokumento rengimo grup\u0117s\u00a0 narys);<\/p>\n<p>2. LETA\u00a0 kreipimasis \u012f EERA valdyb\u0105 d\u0117l Rusijos edukacini\u0173 tyrim\u0173 asociacijos dalyvavimo EERA veikloje po 2022m. vasario 24d. Rusijos invazijos \u012f Ukrain\u0105 (dokumento rengimo grup\u0117s koordinatorius);<\/p>\n<p>3. Teikimas apdovanoti prof. P. Jucevi\u010dien\u0119 ordinu \u201eU\u017e nuopelnus Lietuvai&#8221; (dokumento rengimo grup\u0117s\u00a0 narys). 4. LETA Auk\u0161tojo mokslo ir profesinio mokymo tinklo pastabos d\u0117l AUK\u0160TOJO MOKSLO SOCIALIN\u0116S DIMENSIJOS 2023-2027 MET\u0172\u00a0 PL\u0116TROS PRIORITET\u0172 projekto (dalyvavo 3 tinklo nariai; nuomon\u0117s apibendrinimas ir teksto parengimas).<\/p>\n\n","protected":false},"excerpt":{"rendered":"<p>Tinklo veiklos 2025 Collapse 2025 M. VEIKLOS GAIR\u0116S Inicijuoti\u00a0bendr\u0105\u00a0\u00a0tinklo nari\u0173 tarpinstitucin\u012f tyrim\u0105. Aktyviai dalyvauti LETA 2025 m. konferencijoje, organizuoti\u00a0tinklo sekcij\u0105. Dalyvauti EERA veikloje, si\u016blyti prane\u0161imus\u00a0metinei konferencijai ir\u00a0\u00a0dalyvauti konferencijos darbe. Dalintis informacija apie\u00a0tinklo nari\u0173 institucij\u0173 veiklas; rengti\u00a0\u00a0tinklo susitikimus (ne re\u010diau kaip kart\u0105 per pusmet\u012f); nuolatos bendrauti el. pa\u0161tu; vystyti tinklo subsvetain\u0119. Tinklo veiklos 2024 Expand 2024&hellip;<\/p>\n","protected":false},"author":1,"featured_media":0,"parent":0,"menu_order":0,"comment_status":"closed","ping_status":"closed","template":"","meta":{"footnotes":""},"class_list":["post-591","page","type-page","status-publish","hentry"],"yoast_head":"<!-- This site is optimized with the Yoast SEO plugin v25.7 - https:\/\/yoast.com\/wordpress\/plugins\/seo\/ -->\n<title>Tinklo veiklos - Auk\u0161tojo mokslo ir profesinio mokymo tinklas<\/title>\n<meta name=\"robots\" content=\"index, follow, max-snippet:-1, max-image-preview:large, max-video-preview:-1\" \/>\n<link rel=\"canonical\" href=\"https:\/\/lera.lt\/aukstojo-mokslo-ir-profesinio-mokymo-tinklas\/tinklo-veiklos\/\" \/>\n<meta property=\"og:locale\" content=\"lt_LT\" \/>\n<meta property=\"og:type\" content=\"article\" \/>\n<meta property=\"og:title\" content=\"Tinklo veiklos - Auk\u0161tojo mokslo ir profesinio mokymo tinklas\" \/>\n<meta property=\"og:description\" content=\"Tinklo veiklos 2025 Collapse 2025 M. VEIKLOS GAIR\u0116S Inicijuoti\u00a0bendr\u0105\u00a0\u00a0tinklo nari\u0173 tarpinstitucin\u012f tyrim\u0105. Aktyviai dalyvauti LETA 2025 m. konferencijoje, organizuoti\u00a0tinklo sekcij\u0105. Dalyvauti EERA veikloje, si\u016blyti prane\u0161imus\u00a0metinei konferencijai ir\u00a0\u00a0dalyvauti konferencijos darbe. Dalintis informacija apie\u00a0tinklo nari\u0173 institucij\u0173 veiklas; rengti\u00a0\u00a0tinklo susitikimus (ne re\u010diau kaip kart\u0105 per pusmet\u012f); nuolatos bendrauti el. pa\u0161tu; vystyti tinklo subsvetain\u0119. Tinklo veiklos 2024 Expand 2024&hellip;\" \/>\n<meta property=\"og:url\" content=\"https:\/\/lera.lt\/aukstojo-mokslo-ir-profesinio-mokymo-tinklas\/tinklo-veiklos\/\" \/>\n<meta property=\"og:site_name\" content=\"Auk\u0161tojo mokslo ir profesinio mokymo tinklas\" \/>\n<meta property=\"article:modified_time\" content=\"2025-09-14T12:40:59+00:00\" \/>\n<meta name=\"twitter:card\" content=\"summary_large_image\" \/>\n<script type=\"application\/ld+json\" class=\"yoast-schema-graph\">{\"@context\":\"https:\/\/schema.org\",\"@graph\":[{\"@type\":\"WebPage\",\"@id\":\"https:\/\/lera.lt\/aukstojo-mokslo-ir-profesinio-mokymo-tinklas\/tinklo-veiklos\/\",\"url\":\"https:\/\/lera.lt\/aukstojo-mokslo-ir-profesinio-mokymo-tinklas\/tinklo-veiklos\/\",\"name\":\"Tinklo veiklos - Auk\u0161tojo mokslo ir profesinio mokymo tinklas\",\"isPartOf\":{\"@id\":\"https:\/\/lera.lt\/aukstojo-mokslo-ir-profesinio-mokymo-tinklas\/#website\"},\"datePublished\":\"2025-08-19T18:12:31+00:00\",\"dateModified\":\"2025-09-14T12:40:59+00:00\",\"breadcrumb\":{\"@id\":\"https:\/\/lera.lt\/aukstojo-mokslo-ir-profesinio-mokymo-tinklas\/tinklo-veiklos\/#breadcrumb\"},\"inLanguage\":\"lt-LT\",\"potentialAction\":[{\"@type\":\"ReadAction\",\"target\":[\"https:\/\/lera.lt\/aukstojo-mokslo-ir-profesinio-mokymo-tinklas\/tinklo-veiklos\/\"]}]},{\"@type\":\"BreadcrumbList\",\"@id\":\"https:\/\/lera.lt\/aukstojo-mokslo-ir-profesinio-mokymo-tinklas\/tinklo-veiklos\/#breadcrumb\",\"itemListElement\":[{\"@type\":\"ListItem\",\"position\":1,\"name\":\"Home\",\"item\":\"https:\/\/lera.lt\/aukstojo-mokslo-ir-profesinio-mokymo-tinklas\/\"},{\"@type\":\"ListItem\",\"position\":2,\"name\":\"Tinklo veiklos\"}]},{\"@type\":\"WebSite\",\"@id\":\"https:\/\/lera.lt\/aukstojo-mokslo-ir-profesinio-mokymo-tinklas\/#website\",\"url\":\"https:\/\/lera.lt\/aukstojo-mokslo-ir-profesinio-mokymo-tinklas\/\",\"name\":\"Auk\u0161tojo mokslo ir profesinio mokymo tinklas\",\"description\":\"\",\"potentialAction\":[{\"@type\":\"SearchAction\",\"target\":{\"@type\":\"EntryPoint\",\"urlTemplate\":\"https:\/\/lera.lt\/aukstojo-mokslo-ir-profesinio-mokymo-tinklas\/?s={search_term_string}\"},\"query-input\":{\"@type\":\"PropertyValueSpecification\",\"valueRequired\":true,\"valueName\":\"search_term_string\"}}],\"inLanguage\":\"lt-LT\"}]}<\/script>\n<!-- \/ Yoast SEO plugin. -->","yoast_head_json":{"title":"Tinklo veiklos - Auk\u0161tojo mokslo ir profesinio mokymo tinklas","robots":{"index":"index","follow":"follow","max-snippet":"max-snippet:-1","max-image-preview":"max-image-preview:large","max-video-preview":"max-video-preview:-1"},"canonical":"https:\/\/lera.lt\/aukstojo-mokslo-ir-profesinio-mokymo-tinklas\/tinklo-veiklos\/","og_locale":"lt_LT","og_type":"article","og_title":"Tinklo veiklos - Auk\u0161tojo mokslo ir profesinio mokymo tinklas","og_description":"Tinklo veiklos 2025 Collapse 2025 M. VEIKLOS GAIR\u0116S Inicijuoti\u00a0bendr\u0105\u00a0\u00a0tinklo nari\u0173 tarpinstitucin\u012f tyrim\u0105. Aktyviai dalyvauti LETA 2025 m. konferencijoje, organizuoti\u00a0tinklo sekcij\u0105. Dalyvauti EERA veikloje, si\u016blyti prane\u0161imus\u00a0metinei konferencijai ir\u00a0\u00a0dalyvauti konferencijos darbe. Dalintis informacija apie\u00a0tinklo nari\u0173 institucij\u0173 veiklas; rengti\u00a0\u00a0tinklo susitikimus (ne re\u010diau kaip kart\u0105 per pusmet\u012f); nuolatos bendrauti el. pa\u0161tu; vystyti tinklo subsvetain\u0119. Tinklo veiklos 2024 Expand 2024&hellip;","og_url":"https:\/\/lera.lt\/aukstojo-mokslo-ir-profesinio-mokymo-tinklas\/tinklo-veiklos\/","og_site_name":"Auk\u0161tojo mokslo ir profesinio mokymo tinklas","article_modified_time":"2025-09-14T12:40:59+00:00","twitter_card":"summary_large_image","schema":{"@context":"https:\/\/schema.org","@graph":[{"@type":"WebPage","@id":"https:\/\/lera.lt\/aukstojo-mokslo-ir-profesinio-mokymo-tinklas\/tinklo-veiklos\/","url":"https:\/\/lera.lt\/aukstojo-mokslo-ir-profesinio-mokymo-tinklas\/tinklo-veiklos\/","name":"Tinklo veiklos - Auk\u0161tojo mokslo ir profesinio mokymo tinklas","isPartOf":{"@id":"https:\/\/lera.lt\/aukstojo-mokslo-ir-profesinio-mokymo-tinklas\/#website"},"datePublished":"2025-08-19T18:12:31+00:00","dateModified":"2025-09-14T12:40:59+00:00","breadcrumb":{"@id":"https:\/\/lera.lt\/aukstojo-mokslo-ir-profesinio-mokymo-tinklas\/tinklo-veiklos\/#breadcrumb"},"inLanguage":"lt-LT","potentialAction":[{"@type":"ReadAction","target":["https:\/\/lera.lt\/aukstojo-mokslo-ir-profesinio-mokymo-tinklas\/tinklo-veiklos\/"]}]},{"@type":"BreadcrumbList","@id":"https:\/\/lera.lt\/aukstojo-mokslo-ir-profesinio-mokymo-tinklas\/tinklo-veiklos\/#breadcrumb","itemListElement":[{"@type":"ListItem","position":1,"name":"Home","item":"https:\/\/lera.lt\/aukstojo-mokslo-ir-profesinio-mokymo-tinklas\/"},{"@type":"ListItem","position":2,"name":"Tinklo veiklos"}]},{"@type":"WebSite","@id":"https:\/\/lera.lt\/aukstojo-mokslo-ir-profesinio-mokymo-tinklas\/#website","url":"https:\/\/lera.lt\/aukstojo-mokslo-ir-profesinio-mokymo-tinklas\/","name":"Auk\u0161tojo mokslo ir profesinio mokymo tinklas","description":"","potentialAction":[{"@type":"SearchAction","target":{"@type":"EntryPoint","urlTemplate":"https:\/\/lera.lt\/aukstojo-mokslo-ir-profesinio-mokymo-tinklas\/?s={search_term_string}"},"query-input":{"@type":"PropertyValueSpecification","valueRequired":true,"valueName":"search_term_string"}}],"inLanguage":"lt-LT"}]}},"_links":{"self":[{"href":"https:\/\/lera.lt\/aukstojo-mokslo-ir-profesinio-mokymo-tinklas\/wp-json\/wp\/v2\/pages\/591","targetHints":{"allow":["GET"]}}],"collection":[{"href":"https:\/\/lera.lt\/aukstojo-mokslo-ir-profesinio-mokymo-tinklas\/wp-json\/wp\/v2\/pages"}],"about":[{"href":"https:\/\/lera.lt\/aukstojo-mokslo-ir-profesinio-mokymo-tinklas\/wp-json\/wp\/v2\/types\/page"}],"author":[{"embeddable":true,"href":"https:\/\/lera.lt\/aukstojo-mokslo-ir-profesinio-mokymo-tinklas\/wp-json\/wp\/v2\/users\/1"}],"replies":[{"embeddable":true,"href":"https:\/\/lera.lt\/aukstojo-mokslo-ir-profesinio-mokymo-tinklas\/wp-json\/wp\/v2\/comments?post=591"}],"version-history":[{"count":19,"href":"https:\/\/lera.lt\/aukstojo-mokslo-ir-profesinio-mokymo-tinklas\/wp-json\/wp\/v2\/pages\/591\/revisions"}],"predecessor-version":[{"id":774,"href":"https:\/\/lera.lt\/aukstojo-mokslo-ir-profesinio-mokymo-tinklas\/wp-json\/wp\/v2\/pages\/591\/revisions\/774"}],"wp:attachment":[{"href":"https:\/\/lera.lt\/aukstojo-mokslo-ir-profesinio-mokymo-tinklas\/wp-json\/wp\/v2\/media?parent=591"}],"curies":[{"name":"wp","href":"https:\/\/api.w.org\/{rel}","templated":true}]}}