{"id":577,"date":"2025-08-19T18:10:22","date_gmt":"2025-08-19T18:10:22","guid":{"rendered":"https:\/\/lera.lt\/aukstojo-mokslo-ir-profesinio-mokymo-tinklas\/?page_id=577"},"modified":"2025-09-20T14:16:30","modified_gmt":"2025-09-20T14:16:30","slug":"tinklo-komitetas","status":"publish","type":"page","link":"https:\/\/lera.lt\/aukstojo-mokslo-ir-profesinio-mokymo-tinklas\/tinklo-komitetas\/","title":{"rendered":"Tinklo komitetas"},"content":{"rendered":"\n\n\t<h2><strong>Auk\u0161tojo mokslo ir profesinio mokymo tinklo komitetas<\/strong><\/h2>\n\t\t\t\t<img decoding=\"async\" src=\"https:\/\/lera.lt\/aukstojo-mokslo-ir-profesinio-mokymo-tinklas\/wp-content\/uploads\/sites\/2\/2025\/08\/Raimonda.jpg\" alt=\"Raimonda\" itemprop=\"image\" height=\"225\" width=\"225\" title=\"Raimonda\" onerror=\"this.style.display='none'\" loading=\"lazy\" \/>\n\t<p><strong>Pirminink\u0117 &#8211; prof. dr. Brunevi\u010di\u016bt\u0117 Raimonda\u00a0<\/strong>(Lietuvos sveikatos\u00a0 moksl\u0173 universitetas).<\/p>\n\t<h2>\u00a0Nariai<\/h2>\n<ul>\n<li><strong>dokt. Berta\u0161ien\u0117 Inga<\/strong> (Vilniaus kolegija, Mykolo Romerio universitetas);<\/li>\n<li><strong>Jurgelionien\u0117\u00a0R\u016bta\u00a0<\/strong>(Utenos kolegija);<\/li>\n<li><strong>prof. dr. Petron\u0117l\u0117 Nijol\u0117 Ve\u010dkien\u0117<\/strong> (Kauno tre\u010diojo am\u017eiaus universitetas);<\/li>\n<li><strong>dr. Ramanauskait\u0117 Alicija<\/strong>\u00a0(Karaliaus Mindaugo profesinio mokymo centras).<\/li>\n<\/ul>\n\t\t\t<a href=\"https:\/\/lera.lt\/registracija\/leta-naryste-2025-metams\/\" target=\"_self\">\n\t\t\t\t\t\tTapti \u0161io tinklo nariu\n\t\t\t\t\t<\/a>\n\n","protected":false},"excerpt":{"rendered":"<p>Auk\u0161tojo mokslo ir profesinio mokymo tinklo komitetas Pirminink\u0117 &#8211; prof. dr. Brunevi\u010di\u016bt\u0117 Raimonda\u00a0(Lietuvos sveikatos\u00a0 moksl\u0173 universitetas). \u00a0Nariai dokt. Berta\u0161ien\u0117 Inga (Vilniaus kolegija, Mykolo Romerio universitetas); Jurgelionien\u0117\u00a0R\u016bta\u00a0(Utenos kolegija); prof. dr. Petron\u0117l\u0117 Nijol\u0117 Ve\u010dkien\u0117 (Kauno tre\u010diojo am\u017eiaus universitetas); dr. Ramanauskait\u0117 Alicija\u00a0(Karaliaus Mindaugo profesinio mokymo centras). Tapti \u0161io tinklo nariu<\/p>\n","protected":false},"author":1,"featured_media":0,"parent":0,"menu_order":0,"comment_status":"closed","ping_status":"closed","template":"","meta":{"footnotes":""},"class_list":["post-577","page","type-page","status-publish","hentry"],"yoast_head":"<!-- This site is optimized with the Yoast SEO plugin v25.7 - https:\/\/yoast.com\/wordpress\/plugins\/seo\/ -->\n<title>Tinklo komitetas - Auk\u0161tojo mokslo ir profesinio mokymo tinklas<\/title>\n<meta name=\"robots\" content=\"index, follow, max-snippet:-1, max-image-preview:large, max-video-preview:-1\" \/>\n<link rel=\"canonical\" href=\"https:\/\/lera.lt\/aukstojo-mokslo-ir-profesinio-mokymo-tinklas\/tinklo-komitetas\/\" \/>\n<meta property=\"og:locale\" content=\"lt_LT\" \/>\n<meta property=\"og:type\" content=\"article\" \/>\n<meta property=\"og:title\" content=\"Tinklo komitetas - Auk\u0161tojo mokslo ir profesinio mokymo tinklas\" \/>\n<meta property=\"og:description\" content=\"Auk\u0161tojo mokslo ir profesinio mokymo tinklo komitetas Pirminink\u0117 &#8211; prof. dr. Brunevi\u010di\u016bt\u0117 Raimonda\u00a0(Lietuvos sveikatos\u00a0 moksl\u0173 universitetas). \u00a0Nariai dokt. Berta\u0161ien\u0117 Inga (Vilniaus kolegija, Mykolo Romerio universitetas); Jurgelionien\u0117\u00a0R\u016bta\u00a0(Utenos kolegija); prof. dr. Petron\u0117l\u0117 Nijol\u0117 Ve\u010dkien\u0117 (Kauno tre\u010diojo am\u017eiaus universitetas); dr. Ramanauskait\u0117 Alicija\u00a0(Karaliaus Mindaugo profesinio mokymo centras). Tapti \u0161io tinklo nariu\" \/>\n<meta property=\"og:url\" content=\"https:\/\/lera.lt\/aukstojo-mokslo-ir-profesinio-mokymo-tinklas\/tinklo-komitetas\/\" \/>\n<meta property=\"og:site_name\" content=\"Auk\u0161tojo mokslo ir profesinio mokymo tinklas\" \/>\n<meta property=\"article:modified_time\" content=\"2025-09-20T14:16:30+00:00\" \/>\n<meta property=\"og:image\" content=\"https:\/\/lera.lt\/aukstojo-mokslo-ir-profesinio-mokymo-tinklas\/wp-content\/uploads\/sites\/2\/2025\/08\/Raimonda.jpg\" \/>\n<meta name=\"twitter:card\" content=\"summary_large_image\" \/>\n<meta name=\"twitter:label1\" content=\"Est. reading time\" \/>\n\t<meta name=\"twitter:data1\" content=\"1 minut\u0117\" \/>\n<script type=\"application\/ld+json\" class=\"yoast-schema-graph\">{\"@context\":\"https:\/\/schema.org\",\"@graph\":[{\"@type\":\"WebPage\",\"@id\":\"https:\/\/lera.lt\/aukstojo-mokslo-ir-profesinio-mokymo-tinklas\/tinklo-komitetas\/\",\"url\":\"https:\/\/lera.lt\/aukstojo-mokslo-ir-profesinio-mokymo-tinklas\/tinklo-komitetas\/\",\"name\":\"Tinklo komitetas - Auk\u0161tojo mokslo ir profesinio mokymo tinklas\",\"isPartOf\":{\"@id\":\"https:\/\/lera.lt\/aukstojo-mokslo-ir-profesinio-mokymo-tinklas\/#website\"},\"primaryImageOfPage\":{\"@id\":\"https:\/\/lera.lt\/aukstojo-mokslo-ir-profesinio-mokymo-tinklas\/tinklo-komitetas\/#primaryimage\"},\"image\":{\"@id\":\"https:\/\/lera.lt\/aukstojo-mokslo-ir-profesinio-mokymo-tinklas\/tinklo-komitetas\/#primaryimage\"},\"thumbnailUrl\":\"https:\/\/lera.lt\/aukstojo-mokslo-ir-profesinio-mokymo-tinklas\/wp-content\/uploads\/sites\/2\/2025\/08\/Raimonda.jpg\",\"datePublished\":\"2025-08-19T18:10:22+00:00\",\"dateModified\":\"2025-09-20T14:16:30+00:00\",\"breadcrumb\":{\"@id\":\"https:\/\/lera.lt\/aukstojo-mokslo-ir-profesinio-mokymo-tinklas\/tinklo-komitetas\/#breadcrumb\"},\"inLanguage\":\"lt-LT\",\"potentialAction\":[{\"@type\":\"ReadAction\",\"target\":[\"https:\/\/lera.lt\/aukstojo-mokslo-ir-profesinio-mokymo-tinklas\/tinklo-komitetas\/\"]}]},{\"@type\":\"ImageObject\",\"inLanguage\":\"lt-LT\",\"@id\":\"https:\/\/lera.lt\/aukstojo-mokslo-ir-profesinio-mokymo-tinklas\/tinklo-komitetas\/#primaryimage\",\"url\":\"https:\/\/lera.lt\/aukstojo-mokslo-ir-profesinio-mokymo-tinklas\/wp-content\/uploads\/sites\/2\/2025\/08\/Raimonda.jpg\",\"contentUrl\":\"https:\/\/lera.lt\/aukstojo-mokslo-ir-profesinio-mokymo-tinklas\/wp-content\/uploads\/sites\/2\/2025\/08\/Raimonda.jpg\",\"width\":225,\"height\":225},{\"@type\":\"BreadcrumbList\",\"@id\":\"https:\/\/lera.lt\/aukstojo-mokslo-ir-profesinio-mokymo-tinklas\/tinklo-komitetas\/#breadcrumb\",\"itemListElement\":[{\"@type\":\"ListItem\",\"position\":1,\"name\":\"Home\",\"item\":\"https:\/\/lera.lt\/aukstojo-mokslo-ir-profesinio-mokymo-tinklas\/\"},{\"@type\":\"ListItem\",\"position\":2,\"name\":\"Tinklo komitetas\"}]},{\"@type\":\"WebSite\",\"@id\":\"https:\/\/lera.lt\/aukstojo-mokslo-ir-profesinio-mokymo-tinklas\/#website\",\"url\":\"https:\/\/lera.lt\/aukstojo-mokslo-ir-profesinio-mokymo-tinklas\/\",\"name\":\"Auk\u0161tojo mokslo ir profesinio mokymo tinklas\",\"description\":\"\",\"potentialAction\":[{\"@type\":\"SearchAction\",\"target\":{\"@type\":\"EntryPoint\",\"urlTemplate\":\"https:\/\/lera.lt\/aukstojo-mokslo-ir-profesinio-mokymo-tinklas\/?s={search_term_string}\"},\"query-input\":{\"@type\":\"PropertyValueSpecification\",\"valueRequired\":true,\"valueName\":\"search_term_string\"}}],\"inLanguage\":\"lt-LT\"}]}<\/script>\n<!-- \/ Yoast SEO plugin. -->","yoast_head_json":{"title":"Tinklo komitetas - Auk\u0161tojo mokslo ir profesinio mokymo tinklas","robots":{"index":"index","follow":"follow","max-snippet":"max-snippet:-1","max-image-preview":"max-image-preview:large","max-video-preview":"max-video-preview:-1"},"canonical":"https:\/\/lera.lt\/aukstojo-mokslo-ir-profesinio-mokymo-tinklas\/tinklo-komitetas\/","og_locale":"lt_LT","og_type":"article","og_title":"Tinklo komitetas - Auk\u0161tojo mokslo ir profesinio mokymo tinklas","og_description":"Auk\u0161tojo mokslo ir profesinio mokymo tinklo komitetas Pirminink\u0117 &#8211; prof. dr. Brunevi\u010di\u016bt\u0117 Raimonda\u00a0(Lietuvos sveikatos\u00a0 moksl\u0173 universitetas). \u00a0Nariai dokt. Berta\u0161ien\u0117 Inga (Vilniaus kolegija, Mykolo Romerio universitetas); Jurgelionien\u0117\u00a0R\u016bta\u00a0(Utenos kolegija); prof. dr. Petron\u0117l\u0117 Nijol\u0117 Ve\u010dkien\u0117 (Kauno tre\u010diojo am\u017eiaus universitetas); dr. Ramanauskait\u0117 Alicija\u00a0(Karaliaus Mindaugo profesinio mokymo centras). Tapti \u0161io tinklo nariu","og_url":"https:\/\/lera.lt\/aukstojo-mokslo-ir-profesinio-mokymo-tinklas\/tinklo-komitetas\/","og_site_name":"Auk\u0161tojo mokslo ir profesinio mokymo tinklas","article_modified_time":"2025-09-20T14:16:30+00:00","og_image":[{"url":"https:\/\/lera.lt\/aukstojo-mokslo-ir-profesinio-mokymo-tinklas\/wp-content\/uploads\/sites\/2\/2025\/08\/Raimonda.jpg","type":"","width":"","height":""}],"twitter_card":"summary_large_image","twitter_misc":{"Est. reading time":"1 minut\u0117"},"schema":{"@context":"https:\/\/schema.org","@graph":[{"@type":"WebPage","@id":"https:\/\/lera.lt\/aukstojo-mokslo-ir-profesinio-mokymo-tinklas\/tinklo-komitetas\/","url":"https:\/\/lera.lt\/aukstojo-mokslo-ir-profesinio-mokymo-tinklas\/tinklo-komitetas\/","name":"Tinklo komitetas - Auk\u0161tojo mokslo ir profesinio mokymo tinklas","isPartOf":{"@id":"https:\/\/lera.lt\/aukstojo-mokslo-ir-profesinio-mokymo-tinklas\/#website"},"primaryImageOfPage":{"@id":"https:\/\/lera.lt\/aukstojo-mokslo-ir-profesinio-mokymo-tinklas\/tinklo-komitetas\/#primaryimage"},"image":{"@id":"https:\/\/lera.lt\/aukstojo-mokslo-ir-profesinio-mokymo-tinklas\/tinklo-komitetas\/#primaryimage"},"thumbnailUrl":"https:\/\/lera.lt\/aukstojo-mokslo-ir-profesinio-mokymo-tinklas\/wp-content\/uploads\/sites\/2\/2025\/08\/Raimonda.jpg","datePublished":"2025-08-19T18:10:22+00:00","dateModified":"2025-09-20T14:16:30+00:00","breadcrumb":{"@id":"https:\/\/lera.lt\/aukstojo-mokslo-ir-profesinio-mokymo-tinklas\/tinklo-komitetas\/#breadcrumb"},"inLanguage":"lt-LT","potentialAction":[{"@type":"ReadAction","target":["https:\/\/lera.lt\/aukstojo-mokslo-ir-profesinio-mokymo-tinklas\/tinklo-komitetas\/"]}]},{"@type":"ImageObject","inLanguage":"lt-LT","@id":"https:\/\/lera.lt\/aukstojo-mokslo-ir-profesinio-mokymo-tinklas\/tinklo-komitetas\/#primaryimage","url":"https:\/\/lera.lt\/aukstojo-mokslo-ir-profesinio-mokymo-tinklas\/wp-content\/uploads\/sites\/2\/2025\/08\/Raimonda.jpg","contentUrl":"https:\/\/lera.lt\/aukstojo-mokslo-ir-profesinio-mokymo-tinklas\/wp-content\/uploads\/sites\/2\/2025\/08\/Raimonda.jpg","width":225,"height":225},{"@type":"BreadcrumbList","@id":"https:\/\/lera.lt\/aukstojo-mokslo-ir-profesinio-mokymo-tinklas\/tinklo-komitetas\/#breadcrumb","itemListElement":[{"@type":"ListItem","position":1,"name":"Home","item":"https:\/\/lera.lt\/aukstojo-mokslo-ir-profesinio-mokymo-tinklas\/"},{"@type":"ListItem","position":2,"name":"Tinklo komitetas"}]},{"@type":"WebSite","@id":"https:\/\/lera.lt\/aukstojo-mokslo-ir-profesinio-mokymo-tinklas\/#website","url":"https:\/\/lera.lt\/aukstojo-mokslo-ir-profesinio-mokymo-tinklas\/","name":"Auk\u0161tojo mokslo ir profesinio mokymo tinklas","description":"","potentialAction":[{"@type":"SearchAction","target":{"@type":"EntryPoint","urlTemplate":"https:\/\/lera.lt\/aukstojo-mokslo-ir-profesinio-mokymo-tinklas\/?s={search_term_string}"},"query-input":{"@type":"PropertyValueSpecification","valueRequired":true,"valueName":"search_term_string"}}],"inLanguage":"lt-LT"}]}},"_links":{"self":[{"href":"https:\/\/lera.lt\/aukstojo-mokslo-ir-profesinio-mokymo-tinklas\/wp-json\/wp\/v2\/pages\/577","targetHints":{"allow":["GET"]}}],"collection":[{"href":"https:\/\/lera.lt\/aukstojo-mokslo-ir-profesinio-mokymo-tinklas\/wp-json\/wp\/v2\/pages"}],"about":[{"href":"https:\/\/lera.lt\/aukstojo-mokslo-ir-profesinio-mokymo-tinklas\/wp-json\/wp\/v2\/types\/page"}],"author":[{"embeddable":true,"href":"https:\/\/lera.lt\/aukstojo-mokslo-ir-profesinio-mokymo-tinklas\/wp-json\/wp\/v2\/users\/1"}],"replies":[{"embeddable":true,"href":"https:\/\/lera.lt\/aukstojo-mokslo-ir-profesinio-mokymo-tinklas\/wp-json\/wp\/v2\/comments?post=577"}],"version-history":[{"count":23,"href":"https:\/\/lera.lt\/aukstojo-mokslo-ir-profesinio-mokymo-tinklas\/wp-json\/wp\/v2\/pages\/577\/revisions"}],"predecessor-version":[{"id":850,"href":"https:\/\/lera.lt\/aukstojo-mokslo-ir-profesinio-mokymo-tinklas\/wp-json\/wp\/v2\/pages\/577\/revisions\/850"}],"wp:attachment":[{"href":"https:\/\/lera.lt\/aukstojo-mokslo-ir-profesinio-mokymo-tinklas\/wp-json\/wp\/v2\/media?parent=577"}],"curies":[{"name":"wp","href":"https:\/\/api.w.org\/{rel}","templated":true}]}}